*** The Vicarage Weather Feed ***

NOAA-Style Climate Reports


Select a Year or Month report
2018: Jan Feb Mar Apr May Jun Jul Aug Sep Oct Nov Dec
2017: Jan Feb Mar Apr May Jun Jul Aug Sep Oct Nov Dec
2016: Jan Feb Mar Apr May Jun Jul Aug Sep Oct Nov Dec
2015: Jan Feb Mar Apr May Jun Jul Aug Sep Oct Nov Dec
2014: Jan Feb Mar Apr May Jun Jul Aug Sep Oct Nov Dec
2013: Jan Feb Mar Apr May Jun Jul Aug Sep Oct Nov Dec

Report for 2018 June
                   Monthly Climatological Summary for Jun 2018

Name: DW7240   City: Oshawa   State: Ontario, Canada
Elevation: 390 ft  Lat: N 43 53 49   Lon: W 078 52 26

                  Temperature (°C), Rain (mm), Wind Speed (km/h)

                                      Heat  Cool        Avg
    Mean                              Deg   Deg         Wind                 Dom
Day Temp  High   Time   Low    Time   Days  Days  Rain  Speed High   Time    Dir
----------------------------------------------------------------------------------
01  23.0  28.7   16:07  18.5   02:26   0.0   4.7   0.2   2.2  27.4   18:10   NNW
02  17.1  20.8   15:36  13.4   07:01   1.6   0.4   0.0   1.9  29.0   01:13   SSE
03  16.8  18.9   16:18  14.2   02:01   1.6   0.0   0.0   2.2  25.7   12:00   ENE
04  16.8  21.9   14:37  13.8   23:53   1.7   0.3   0.2   6.1  49.9   17:55   WNW
05  13.2  15.8   16:00  11.3   04:13   5.1   0.0   0.0   4.3  33.8   17:45    NW
06  12.9  15.9   15:12   9.8   04:51   5.4   0.0   0.0   1.0  24.1   02:16   WSW
07  16.3  22.8   16:07  12.0   06:01   2.7   0.7   0.0   2.3  29.0   14:22   SSW
08  18.6  23.5   11:20  13.2   05:48   1.3   1.6   0.0   2.6  24.1   14:35   SSE
09  19.5  25.2   13:48  13.4   05:20   1.1   2.4   0.0   1.9  16.1   03:24   WNW
10  19.6  23.2   11:38  15.6   23:44   0.4   1.7   0.0   2.2  29.0   08:00     E
11  18.6  23.3   11:44  13.2   23:52   1.3   1.6   0.0   2.0  25.7   11:48   ESE
12  19.1  26.7   18:04  11.4   02:33   1.9   2.7   0.0   2.0  20.9   14:14   SSW
13  21.5  25.8   18:05  17.3   23:56   0.0   1.2   0.4   1.3  45.1   18:39   WNW
14  19.7  24.7   15:13  16.2   05:04   0.5   2.0   0.0  ----  48.3   09:05    NW
15  19.8  25.8   15:22  12.7   04:41   1.4   2.8   0.0  ----  22.5   13:33   SSW
16  20.9  28.2   16:01  12.8   05:30   1.4   3.9   0.0  ----  27.4   16:24   SSW
17  23.5  30.8   15:08  16.2   05:56   0.2   5.5   0.0  ----  22.5   13:28   SSW
18  23.9  30.8   11:00  20.9   03:45   0.0   5.6   5.2  ----  59.5   11:27   WNW
19  19.9  23.9   15:25  16.3   23:58   0.2   1.7   0.0  ----  27.4   20:52    SW
----------------------------------------------------------------------------------
    19.0  30.8    17     9.8     6    27.8  38.8   6.0   2.5  59.5    18       W

Max >=  27.0  4
Max <=   0.0  0
Min <=   0.0  0
Min <= -18.0  0
Max Rain: 5.2 on day 18
Days of Rain: 4 (>= 0.2 mm)  1 (>= 2.0 mm)  0 (>= 20.0 mm)
Heat Base: 18.3  Cool Base: 18.3  Method: Integration
This data is offered only as a general guide to local weather conditions. It should not be relied upon in lieu of officially disseminated weather information for determining possible risk to persons or property. This site, including all information contained therein, is made available as is without warranties of any kind, either express or implied. The Vicarage Weather Feed© includes links to other sites for user convenience only. The content of any linked third-party site is not controlled by The Vicarage Weather Feed©. Access to any third-party website through The Vicarage Weather Feed©, regardless of whether or not the third-party site is a linked site, is entirely at the users own risk. Externally sourced content or material is excluded from The Vicarage Weather Feed© copyright and is the copyright and property of the respective provider. Skywarn® and the Skywarn® logo are registered trademarks of the National Oceanic and Atmospheric Administration, used with permission.