*** The Vicarage Weather Feed ***

NOAA-Style Climate Reports


Select a Year or Month report
2017: Jan Feb Mar Apr May Jun Jul Aug Sep Oct Nov Dec
2016: Jan Feb Mar Apr May Jun Jul Aug Sep Oct Nov Dec
2015: Jan Feb Mar Apr May Jun Jul Aug Sep Oct Nov Dec
2014: Jan Feb Mar Apr May Jun Jul Aug Sep Oct Nov Dec
2013: Jan Feb Mar Apr May Jun Jul Aug Sep Oct Nov Dec

Report for 2017 December
                   Monthly Climatological Summary for Dec 2017

Name: DW7240   City: Oshawa   State: Ontario, Canada
Elevation: 358 ft  Lat: N 43 53 48   Lon: W 078 52 26

                  Temperature (°C), Rain (mm), Wind Speed (km/h)

                                      Heat  Cool        Avg
    Mean                              Deg   Deg         Wind                 Dom
Day Temp  High   Time   Low    Time   Days  Days  Rain  Speed High   Time    Dir
----------------------------------------------------------------------------------
01   4.3   7.1   13:59   0.7   23:02  14.0   0.0   0.0   1.0  19.3   00:19   WNW
02   3.4   7.2   13:08   0.5   06:24  14.8   0.0   0.0   0.2  16.1   14:47   SSE
03   3.1   7.3   13:14   0.1   23:54  15.2   0.0   0.0   0.7   9.7   09:58    SE
04   4.3   8.9   23:00  -1.4   02:59  13.6   0.0   0.2   0.5  22.4   08:35   ENE
05   6.9  10.3   12:55   1.6   23:59  11.2   0.0  10.6  10.7  62.5   08:52   SSE
06   1.3   3.4   13:54  -1.0   07:20  17.0   0.0   0.0  13.8  48.3   13:35     W
07  -0.4   1.6   14:30  -2.3   22:05  18.6   0.0   0.0  10.8  40.2   17:06   WNW
08  -0.9   0.9   15:05  -2.9   02:02  19.2   0.0   0.0  11.2  56.3   13:12     W
09   0.0   2.3   13:42  -2.5   23:40  18.2   0.0   0.0   1.5  25.7   08:58   SSW
10  -1.8  -0.7   15:06  -4.8   23:59  20.1   0.0   0.0   8.9  38.6   14:31   WNW
11  -6.0  -3.4   13:29  -9.4   08:02  24.3   0.0   1.2   4.3  25.7   04:19   NNE
12  -5.7  -2.3   10:56 -10.7   23:59  24.0   0.0   2.6   7.3  40.2   12:43    NW
13 -11.0  -7.7   14:10 -14.6   07:19  29.0   0.0   0.0   5.8  33.8   03:36   NNW
----------------------------------------------------------------------------------
    -0.2  10.3     5   -14.6    13   239.2   0.0  14.6   5.9  62.5     5       W

Max >=  27.0  0
Max <=   0.0  4
Min <=   0.0  9
Min <= -18.0  0
Max Rain: 10.6 on day 5
Days of Rain: 4 (>= 0.2 mm)  2 (>= 2.0 mm)  0 (>= 20.0 mm)
Heat Base: 18.3  Cool Base: 18.3  Method: Integration
This data is offered only as a general guide to local weather conditions. It should not be relied upon in lieu of officially disseminated weather information for determining possible risk to persons or property. This site, including all information contained therein, is made available as is without warranties of any kind, either express or implied. The Vicarage Weather Feed© includes links to other sites for user convenience only. The content of any linked third-party site is not controlled by The Vicarage Weather Feed©. Access to any third-party website through The Vicarage Weather Feed©, regardless of whether or not the third-party site is a linked site, is entirely at the users own risk. Externally sourced content or material is excluded from The Vicarage Weather Feed© copyright and is the copyright and property of the respective provider. Skywarn® and the Skywarn® logo are registered trademarks of the National Oceanic and Atmospheric Administration, used with permission.