*** The Vicarage Weather Feed ***

NOAA-Style Climate Reports



Report for 2020 September
                   Monthly Climatological Summary for Sep 2020

Name: DW7240   City: Oshawa   State: Ontario, Canada
Elevation: 390 ft  Lat: N 43° 53' 48"   Lon: W 078° 52' 26"

                  Temperature (°C), Rain (mm), Wind Speed (km/h)

                                      Heat  Cool        Avg
    Mean                              Deg   Deg         Wind                 Dom
Day Temp  High   Time   Low    Time   Days  Days  Rain  Speed High   Time    Dir
----------------------------------------------------------------------------------
01  24.1  28.4   14:17  21.0   05:55   0.0   5.8   0.2   0.0   0.0   00:00     N
02  23.7  27.8   14:21  19.4   23:59   0.0   5.4   6.6   0.0   0.0   00:00     N
03  21.6  27.4   15:07  16.3   06:37   0.3   3.6   4.8   0.0   0.0   00:00     N
04  20.0  24.1   14:59  14.3   06:55   1.0   2.7   0.0   0.0   0.0   00:00     N
05  21.9  23.7   14:39  14.6   23:59   0.2   3.8   0.0   0.0   0.0   00:00     N
06  17.4  23.6   13:17  10.4   06:26   2.2   1.3   0.0   0.0   0.0   00:00     N
07  20.2  23.0   14:28  17.1   23:56   0.0   1.9   7.4   0.0   0.0   00:00     N
08  16.3  17.3   14:52  15.6   10:30   2.0   0.0   1.8   0.0   0.0   00:00     N
09  17.5  20.4   16:20  15.4   01:58   1.2   0.4   0.0   0.0   0.0   00:00     N
10  17.8  22.9   12:55  14.6   23:58   1.1   0.7   0.0   0.0   0.0   00:00     N
11  14.7  18.5   13:23  11.2   23:33   3.6   0.0   0.0   0.0   0.0   00:00     N
12  17.1  22.1   17:42  10.3   01:54   2.5   1.3   0.0   0.0   1.6   12:30     N
13  20.6  25.8   14:57  15.9   23:58   0.1   2.4   7.1   0.0   0.0   00:00     N
14  14.2  17.7   16:20   9.6   23:53   4.1   0.0   0.0   0.0  17.7   18:15     N
15  13.6  18.3   15:35   7.2   06:54   4.7   0.0   0.0   3.0  27.4   18:17    SW
16  18.7  22.3   14:19  14.9   06:23   0.8   1.2   0.0   9.8  43.5   13:01   WSW
17  15.7  19.5   15:11   9.9   23:24   2.6   0.0   0.0   4.4  25.7   18:36     N
18  10.7  16.0   13:15   6.1   07:11   7.6   0.0   0.0   4.8  25.7   14:44   NNE
19   9.5  14.2   16:25   2.9   06:25   8.8   0.0   0.0   3.0  24.1   15:13   SSW
20  12.2  17.3   13:11   8.1   23:40   6.1   0.0   0.0   2.7  24.1   13:20   SSE
21  12.5  18.8   13:24   6.2   04:30   5.8   0.0   0.0   2.4  17.7   14:57    SE
22  14.0  20.1   16:02   7.2   04:46   4.6   0.3   0.0   2.8  22.5   14:31   WSW
23  17.9  26.1   14:55   9.4   04:56   2.6   2.1   0.0   3.5  25.7   14:30   WNW
24  17.4  25.0   15:00  10.0   07:02   2.4   1.5   0.0   1.2  14.5   12:22   SSW
25  18.4  22.7   16:52  14.9   06:24   0.9   1.1   0.0   1.5  16.1   14:07    SE
26  18.8  23.8   13:24  14.7   07:39   1.2   1.8   0.0   2.6  24.1   20:02     S
----------------------------------------------------------------------------------
    17.2  28.4     1     2.9    19    66.4  37.3  27.9   2.0  43.5    16      SW

Max >=  27.0  3
Max <=   0.0  0
Min <=   0.0  0
Min <= -18.0  0
Max Rain: 7.4 on day 7
Days of Rain: 6 (>= 0.2 mm)  4 (>= 2.0 mm)  0 (>= 20.0 mm)
Heat Base: 18.3  Cool Base: 18.3  Method: Integration
This data is offered only as a general guide to local weather conditions. It should not be relied upon in lieu of officially disseminated weather information for determining possible risk to persons or property. This site, including all information contained therein, is made available as is without warranties of any kind, either express or implied. The Vicarage Weather Feed© includes links to other sites for user convenience only. The content of any linked third-party site is not controlled by The Vicarage Weather Feed©. Access to any third-party website through The Vicarage Weather Feed©, regardless of whether or not the third-party site is a linked site, is entirely at the users own risk. Externally sourced content or material is excluded from The Vicarage Weather Feed© copyright and is the copyright and property of the respective provider. Skywarn® and the Skywarn® logo are registered trademarks of the National Oceanic and Atmospheric Administration, used with permission.