*** The Vicarage Weather Feed ***

NOAA-Style Climate Reports


Select a Year or Month report
2018: Jan Feb Mar Apr May Jun Jul Aug Sep Oct Nov Dec
2017: Jan Feb Mar Apr May Jun Jul Aug Sep Oct Nov Dec
2016: Jan Feb Mar Apr May Jun Jul Aug Sep Oct Nov Dec
2015: Jan Feb Mar Apr May Jun Jul Aug Sep Oct Nov Dec
2014: Jan Feb Mar Apr May Jun Jul Aug Sep Oct Nov Dec
2013: Jan Feb Mar Apr May Jun Jul Aug Sep Oct Nov Dec

Report for 2018 October
                   Monthly Climatological Summary for Oct 2018

Name: DW7240   City: Oshawa   State: Ontario, Canada
Elevation: 390 ft  Lat: N 43 53 48   Lon: W 078 52 26

                  Temperature (°C), Rain (mm), Wind Speed (km/h)

                                      Heat  Cool        Avg
    Mean                              Deg   Deg         Wind                 Dom
Day Temp  High   Time   Low    Time   Days  Days  Rain  Speed High   Time    Dir
----------------------------------------------------------------------------------
01   9.5  10.6   16:03   7.7   08:17   8.7   0.0   8.0   1.4  20.9   05:56   ENE
02  10.7  12.4   16:24   8.9   07:21   7.6   0.0   8.8   1.7  19.3   01:55    NE
03  13.0  16.1   23:59  10.5   00:12   5.3   0.0   0.0   1.4  20.9   19:43   ESE
04  16.0  20.7   09:01   8.4   23:08   2.7   0.5   6.0   5.1  46.7   09:13    NW
05  10.4  11.8   13:53   8.2   09:54   4.6   0.0   0.0   1.5  24.1   12:27   ENE
06  12.1  15.6   23:54   9.1   08:07   6.1   0.0   1.4   0.6  19.3   02:20   ENE
07  13.5  15.9   01:16  10.9   23:56   4.8   0.0   7.0   2.1  19.3   21:57    NE
08  11.9  14.9   17:13   9.5   07:19   6.4   0.0   1.8   2.5  20.9   08:14   ENE
09  18.9  26.0   16:20  12.7   04:11   1.8   2.4   0.0   1.0  19.3   10:51   WSW
10  20.6  25.2   13:03  15.8   06:19   0.5   2.8   0.2   1.3  32.2   23:47     S
11  18.4  24.0   12:15  11.2   23:57   1.5   1.6   0.2   5.4  32.2   12:57   WNW
12   8.7  12.8   15:05   5.9   07:42   9.3   0.0   0.0   5.5  37.0   13:13   WNW
13   7.6  10.8   17:21   4.2   23:59  10.6   0.0   0.2   1.6  30.6   12:35   WNW
14   8.1  14.6   15:09   1.6   03:39  10.2   0.0   0.0   1.4  22.5   11:29    SW
15   9.6  13.4   15:04   4.6   23:49   8.6   0.0   1.6   5.4  53.1   20:42   WNW
16   6.9  11.3   16:37   0.3   07:10  11.4   0.0   0.0   3.3  29.0   11:28     W
17   6.5  10.1   00:00   0.8   23:50  11.8   0.0   1.2   4.6  56.3   16:35    NW
18   3.1   8.2   16:27  -1.1   05:45  15.2   0.0   0.2   1.1  29.0   22:47     W
19   8.3  15.3   13:56   0.6   05:48  10.0   0.0   0.2   2.9  33.8   12:18   WSW
20   9.5  13.7   13:53   4.4   23:49   8.9   0.0   0.0   3.7  32.2   00:16    NW
21   3.5   5.6   15:44   0.7   08:17  14.8   0.0   0.0   5.3  41.8   01:12   NNW
22   6.1   9.9   13:05   2.5   08:01  12.3   0.0   0.0   0.3  14.5   12:52     S
----------------------------------------------------------------------------------
    10.6  26.0     9    -1.1    18   173.1   7.3  36.8   2.7  56.3    17      NW

Max >=  27.0  0
Max <=   0.0  0
Min <=   0.0  1
Min <= -18.0  0
Max Rain: 8.8 on day 2
Days of Rain: 13 (>= 0.2 mm)  4 (>= 2.0 mm)  0 (>= 20.0 mm)
Heat Base: 18.3  Cool Base: 18.3  Method: Integration
This data is offered only as a general guide to local weather conditions. It should not be relied upon in lieu of officially disseminated weather information for determining possible risk to persons or property. This site, including all information contained therein, is made available as is without warranties of any kind, either express or implied. The Vicarage Weather Feed© includes links to other sites for user convenience only. The content of any linked third-party site is not controlled by The Vicarage Weather Feed©. Access to any third-party website through The Vicarage Weather Feed©, regardless of whether or not the third-party site is a linked site, is entirely at the users own risk. Externally sourced content or material is excluded from The Vicarage Weather Feed© copyright and is the copyright and property of the respective provider. Skywarn® and the Skywarn® logo are registered trademarks of the National Oceanic and Atmospheric Administration, used with permission.