*** The Vicarage Weather Feed ***

NOAA-Style Climate Reports



Report for 2018 December
                   Monthly Climatological Summary for Dec 2018

Name: DW7240   City: Oshawa   State: Ontario, Canada
Elevation: 390 ft  Lat: N 43 53 48   Lon: W 078 52 26

                  Temperature (°C), Rain (mm), Wind Speed (km/h)

                                      Heat  Cool        Avg
    Mean                              Deg   Deg         Wind                 Dom
Day Temp  High   Time   Low    Time   Days  Days  Rain  Speed High   Time    Dir
----------------------------------------------------------------------------------
01   2.6   3.8   18:25   1.4   00:20  15.7   0.0   0.8   4.3  41.8   22:57     E
02   6.2   8.6   15:25   3.6   00:00  12.1   0.0   7.4   3.6  32.2   02:25     E
03   2.7   6.9   00:28  -0.9   23:58  15.5   0.0   2.2   3.5  33.8   12:48    NW
04  -3.0  -0.5   15:15  -5.7   23:58  21.3   0.0   0.0   1.5  32.2   02:40   NNW
05  -2.4   2.2   12:43  -8.2   07:02  20.7   0.0   0.0   1.3  20.9   23:34     W
06  -0.2   1.9   13:10  -3.0   23:53  18.4   0.0   0.2   3.2  32.2   07:07   WNW
07  -6.4  -2.9   00:03 -10.1   07:52  24.7   0.0   0.0   1.4  25.7   02:59   NNW
08  -3.3   0.2   14:37  -6.7   08:30  21.3   0.0   0.6   1.8  29.0   12:12    NW
09  -1.4   1.5   13:54  -4.8   07:56  19.6   0.0   0.0   2.1  25.7   10:41   WNW
10  -0.1   1.4   20:16  -1.3   06:24  18.4   0.0   0.0   0.9  20.9   23:28   ESE
11  -0.7   0.7   00:00  -1.8   08:04  19.0   0.0   0.0   1.6  24.1   04:50   WNW
12  -1.2   0.7   13:12  -3.3   08:02  19.3   0.0   0.0   4.4  32.2   18:41   ENE
13   0.1   2.7   13:05  -2.6   03:49  18.2   0.0   0.0   3.0  25.7   00:05   ENE
14   2.4   4.2   19:27  -0.4   03:25  15.8   0.0   2.8   0.1  11.3   14:37    SE
----------------------------------------------------------------------------------
    -0.3   8.6     2   -10.1     7   260.0   0.0  14.0   2.3  41.8     1     NNE

Max >=  27.0  0
Max <=   0.0  2
Min <=   0.0 12
Min <= -18.0  0
Max Rain: 7.4 on day 2
Days of Rain: 6 (>= 0.2 mm)  3 (>= 2.0 mm)  0 (>= 20.0 mm)
Heat Base: 18.3  Cool Base: 18.3  Method: Integration
This data is offered only as a general guide to local weather conditions. It should not be relied upon in lieu of officially disseminated weather information for determining possible risk to persons or property. This site, including all information contained therein, is made available as is without warranties of any kind, either express or implied. The Vicarage Weather Feed© includes links to other sites for user convenience only. The content of any linked third-party site is not controlled by The Vicarage Weather Feed©. Access to any third-party website through The Vicarage Weather Feed©, regardless of whether or not the third-party site is a linked site, is entirely at the users own risk. Externally sourced content or material is excluded from The Vicarage Weather Feed© copyright and is the copyright and property of the respective provider. Skywarn® and the Skywarn® logo are registered trademarks of the National Oceanic and Atmospheric Administration, used with permission.