North Facing Camera Click On Play Button To View Live Image |
Sky Facing Camera Click On Image To View Full Screen In New Window |
NOAA-Style Climate Reports
Select a Year or Month report
2024: Jan Feb Mar Apr May Jun Jul Aug Sep Oct Nov Dec
2023: Jan Feb Mar Apr May Jun Jul Aug Sep Oct Nov Dec
2022: Jan Feb Mar Apr May Jun Jul Aug Sep Oct Nov Dec
2021: Jan Feb Mar Apr May Jun Jul Aug Sep Oct Nov Dec
2020: Jan Feb Mar Apr May Jun Jul Aug Sep Oct Nov Dec
2019: Jan Feb Mar Apr May Jun Jul Aug Sep Oct Nov Dec
2018: Jan Feb Mar Apr May Jun Jul Aug Sep Oct Nov Dec
2017: Jan Feb Mar Apr May Jun Jul Aug Sep Oct Nov Dec
2016: Jan Feb Mar Apr May Jun Jul Aug Sep Oct Nov Dec
2015: Jan Feb Mar Apr May Jun Jul Aug Sep Oct Nov Dec
2014: Jan Feb Mar Apr May Jun Jul Aug Sep Oct Nov Dec
2013: Jan Feb Mar Apr May Jun Jul Aug Sep Oct Nov Dec
2024: Jan Feb Mar Apr May Jun Jul Aug Sep Oct Nov Dec
2023: Jan Feb Mar Apr May Jun Jul Aug Sep Oct Nov Dec
2022: Jan Feb Mar Apr May Jun Jul Aug Sep Oct Nov Dec
2021: Jan Feb Mar Apr May Jun Jul Aug Sep Oct Nov Dec
2020: Jan Feb Mar Apr May Jun Jul Aug Sep Oct Nov Dec
2019: Jan Feb Mar Apr May Jun Jul Aug Sep Oct Nov Dec
2018: Jan Feb Mar Apr May Jun Jul Aug Sep Oct Nov Dec
2017: Jan Feb Mar Apr May Jun Jul Aug Sep Oct Nov Dec
2016: Jan Feb Mar Apr May Jun Jul Aug Sep Oct Nov Dec
2015: Jan Feb Mar Apr May Jun Jul Aug Sep Oct Nov Dec
2014: Jan Feb Mar Apr May Jun Jul Aug Sep Oct Nov Dec
2013: Jan Feb Mar Apr May Jun Jul Aug Sep Oct Nov Dec
Report for 2015
Annual Climatological Summary for 2015 Name: DW7240 City: Oshawa State: Ontario, Canada Elevation: 109 m Lat: N 43 53 48 Lon: W 078 52 26 Temperature (°C), Heat Base: 18.3 Cool Base: 18.3 Dep. Heat Cool Max Max Min Min Mean Mean From Deg Deg >= <= <= <= YR MO Max Min Mean Norm Days Days Hi Date Low Date 27.0 0.0 0.0 -18.0 ------------------------------------------------------------------------------------ 15 1 -2.4 -12.1 -7.0 0.0 761 0 5.4 18 -21.2 13 0 23 30 4 15 2 -6.8 -16.6 -11.5 0.0 827 0 0.0 13 -25.6 15 0 28 28 11 15 3 2.5 -6.0 -1.5 0.0 600 0 9.1 11 -18.8 6 0 9 27 1 15 4 12.3 2.3 7.2 0.0 312 0 19.5 28 -3.3 1 0 0 10 0 15 5 21.8 10.3 15.8 0.0 111 33 27.6 26 0.6 23 3 0 0 0 15 6 22.8 13.3 17.9 0.0 53 41 28.6 21 7.4 3 3 0 0 0 15 7 27.4 16.4 22.1 0.0 17 132 32.6 29 12.2 4 19 0 0 0 15 8 25.8 16.4 20.7 0.0 20 92 32.0 17 10.5 28 9 0 0 0 15 9 24.6 14.7 19.5 0.0 49 85 32.6 7 8.8 14 11 0 0 0 15 10 14.4 5.9 10.1 0.0 260 2 22.3 12 -3.0 19 0 0 4 0 15 11 10.8 1.7 6.5 0.0 341 0 20.8 5 -6.8 23 0 0 12 0 15 12 7.3 1.3 4.5 0.0 419 0 14.9 14 -7.2 28 0 2 10 0 ------------------------------------------------------------------------------------ 13.4 4.0 8.7 0.0 3769 384 32.6 Jul -25.6 Feb 0 51 58 15 Precipitation (mm) Dep. Max Days of Rain From Obs. >= YR MO Total Norm Day Date 0.2 2.0 20.0 --------------------------------------------- 15 1 18.8 0.0 8.6 4 6 2 0 15 2 0.0 0.0 0.0 0 0 0 0 15 3 31.5 0.0 10.4 9 9 4 0 15 4 55.6 0.0 22.1 20 12 10 1 15 5 49.3 0.0 19.8 30 10 3 0 15 6 144.3 0.0 26.7 8 16 11 3 15 7 26.6 0.0 8.9 25 9 4 0 15 8 90.9 0.0 33.3 10 8 7 2 15 9 55.4 0.0 21.0 12 10 6 1 15 10 75.0 0.0 29.4 28 17 9 1 15 11 19.2 0.0 4.0 1 12 4 0 15 12 27.8 0.0 9.2 29 14 4 0 --------------------------------------------- 594.4 0.0 33.3 Aug 123 64 8 Wind Speed (km/h) Dom YR MO Avg. Hi Date Dir ------------------------------ 15 1 8.9 56.3 8 W 15 2 3.6 54.7 15 NW 15 3 2.7 48.3 21 NW 15 4 5.0 48.3 21 NW 15 5 4.1 49.9 22 WSW 15 6 3.5 49.9 28 SSW 15 7 4.7 41.8 19 WSW 15 8 4.5 48.3 2 SW 15 9 4.2 43.5 19 S 15 10 6.3 64.4 29 W 15 11 6.3 57.9 12 WSW 15 12 6.8 53.1 28 WSW ------------------------------ 5.1 64.4 Oct WSW