North Facing Camera Click On Play Button To View Live Image |
Sky Facing Camera Click On Image To View Full Screen In New Window |
NOAA-Style Climate Reports
Select a Year or Month report
2024: Jan Feb Mar Apr May Jun Jul Aug Sep Oct Nov Dec
2023: Jan Feb Mar Apr May Jun Jul Aug Sep Oct Nov Dec
2022: Jan Feb Mar Apr May Jun Jul Aug Sep Oct Nov Dec
2021: Jan Feb Mar Apr May Jun Jul Aug Sep Oct Nov Dec
2020: Jan Feb Mar Apr May Jun Jul Aug Sep Oct Nov Dec
2019: Jan Feb Mar Apr May Jun Jul Aug Sep Oct Nov Dec
2018: Jan Feb Mar Apr May Jun Jul Aug Sep Oct Nov Dec
2017: Jan Feb Mar Apr May Jun Jul Aug Sep Oct Nov Dec
2016: Jan Feb Mar Apr May Jun Jul Aug Sep Oct Nov Dec
2015: Jan Feb Mar Apr May Jun Jul Aug Sep Oct Nov Dec
2014: Jan Feb Mar Apr May Jun Jul Aug Sep Oct Nov Dec
2013: Jan Feb Mar Apr May Jun Jul Aug Sep Oct Nov Dec
2024: Jan Feb Mar Apr May Jun Jul Aug Sep Oct Nov Dec
2023: Jan Feb Mar Apr May Jun Jul Aug Sep Oct Nov Dec
2022: Jan Feb Mar Apr May Jun Jul Aug Sep Oct Nov Dec
2021: Jan Feb Mar Apr May Jun Jul Aug Sep Oct Nov Dec
2020: Jan Feb Mar Apr May Jun Jul Aug Sep Oct Nov Dec
2019: Jan Feb Mar Apr May Jun Jul Aug Sep Oct Nov Dec
2018: Jan Feb Mar Apr May Jun Jul Aug Sep Oct Nov Dec
2017: Jan Feb Mar Apr May Jun Jul Aug Sep Oct Nov Dec
2016: Jan Feb Mar Apr May Jun Jul Aug Sep Oct Nov Dec
2015: Jan Feb Mar Apr May Jun Jul Aug Sep Oct Nov Dec
2014: Jan Feb Mar Apr May Jun Jul Aug Sep Oct Nov Dec
2013: Jan Feb Mar Apr May Jun Jul Aug Sep Oct Nov Dec
Report for 2018
Annual Climatological Summary for 2018 Name: DW7240 City: Oshawa State: Ontario, Canada Elevation: 390 ft Lat: N 43 53 48 Lon: W 078 52 26 Temperature (°C), Heat Base: 18.3 Cool Base: 18.3 Dep. Heat Cool Max Max Min Min Mean Mean From Deg Deg >= <= <= <= YR MO Max Min Mean Norm Days Days Hi Date Low Date 27.0 0.0 0.0 -18.0 ------------------------------------------------------------------------------------ 18 1 -1.6 -10.1 -5.5 0.0 735 0 11.2 12 -25.4 6 0 17 28 5 18 2 2.7 -5.7 -1.2 0.0 583 0 12.2 28 -16.2 2 0 11 24 0 18 3 4.1 -2.8 0.5 0.0 533 0 8.7 28 -7.6 19 0 2 27 0 18 4 8.0 -0.3 3.8 0.0 420 0 19.0 30 -7.0 5 0 0 14 0 18 5 22.4 10.7 16.4 0.0 97 40 32.1 28 4.1 1 6 0 0 0 18 6 24.6 14.9 19.5 0.0 35 70 33.1 30 9.8 6 8 0 0 0 18 7 28.8 17.8 23.4 0.0 6 164 34.8 1 0.0 19 20 0 1 0 18 8 28.0 19.0 23.3 0.0 5 156 33.7 15 12.8 23 22 0 0 0 18 9 23.3 14.7 18.9 0.0 58 73 32.8 3 7.7 23 11 0 0 0 18 10 12.6 5.0 9.0 0.0 293 7 26.0 9 -1.9 30 0 0 2 0 18 11 4.5 -1.0 2.0 0.0 482 0 14.1 6 -13.8 22 0 2 17 0 18 12 2.8 -3.3 -0.1 0.0 570 0 9.8 28 -10.1 7 0 5 27 0 ------------------------------------------------------------------------------------ 13.3 4.9 9.2 0.0 3816 509 34.8 Jul -25.4 Jan 67 37 140 5 Precipitation (mm) Dep. Max Days of Rain From Obs. >= YR MO Total Norm Day Date 0.2 2.0 20.0 --------------------------------------------- 18 1 44.0 0.0 11.8 12 14 5 0 18 2 39.0 0.0 8.6 20 12 8 0 18 3 19.0 0.0 10.0 29 8 3 0 18 4 104.8 0.0 32.6 16 16 9 1 18 5 49.2 0.0 22.0 15 8 6 1 18 6 24.2 0.0 11.4 24 8 3 0 18 7 71.2 0.0 19.4 22 13 7 0 18 8 101.8 0.0 28.8 8 11 5 3 18 9 43.4 0.0 19.4 25 8 4 0 18 10 53.6 0.0 9.2 31 17 7 0 18 11 73.8 0.0 19.6 26 18 8 0 18 12 46.4 0.0 13.6 21 14 6 0 --------------------------------------------- 670.4 0.0 32.6 Apr 147 71 5 Wind Speed (km/h) Dom YR MO Avg. Hi Date Dir ------------------------------ 18 1 6.4 65.5 12 WNW 18 2 2.7 22.1 23 WNW 18 3 2.4 45.1 15 N 18 4 1.6 53.1 16 ENE 18 5 1.3 74.0 4 SSW 18 6 2.3 59.5 18 WNW 18 7 1.7 43.5 22 WNW 18 8 1.8 56.3 6 W 18 9 2.3 67.6 21 N 18 10 2.5 56.3 17 NW 18 11 3.8 59.5 6 NW 18 12 3.0 24.4 31 N ------------------------------ 2.6 74.0 Dec NW