North Facing Camera Click On Play Button To View Live Image |
Sky Facing Camera Click On Image To View Full Screen In New Window |
NOAA-Style Climate Reports
Select a Year or Month report
2024: Jan Feb Mar Apr May Jun Jul Aug Sep Oct Nov Dec
2023: Jan Feb Mar Apr May Jun Jul Aug Sep Oct Nov Dec
2022: Jan Feb Mar Apr May Jun Jul Aug Sep Oct Nov Dec
2021: Jan Feb Mar Apr May Jun Jul Aug Sep Oct Nov Dec
2020: Jan Feb Mar Apr May Jun Jul Aug Sep Oct Nov Dec
2019: Jan Feb Mar Apr May Jun Jul Aug Sep Oct Nov Dec
2018: Jan Feb Mar Apr May Jun Jul Aug Sep Oct Nov Dec
2017: Jan Feb Mar Apr May Jun Jul Aug Sep Oct Nov Dec
2016: Jan Feb Mar Apr May Jun Jul Aug Sep Oct Nov Dec
2015: Jan Feb Mar Apr May Jun Jul Aug Sep Oct Nov Dec
2014: Jan Feb Mar Apr May Jun Jul Aug Sep Oct Nov Dec
2013: Jan Feb Mar Apr May Jun Jul Aug Sep Oct Nov Dec
2024: Jan Feb Mar Apr May Jun Jul Aug Sep Oct Nov Dec
2023: Jan Feb Mar Apr May Jun Jul Aug Sep Oct Nov Dec
2022: Jan Feb Mar Apr May Jun Jul Aug Sep Oct Nov Dec
2021: Jan Feb Mar Apr May Jun Jul Aug Sep Oct Nov Dec
2020: Jan Feb Mar Apr May Jun Jul Aug Sep Oct Nov Dec
2019: Jan Feb Mar Apr May Jun Jul Aug Sep Oct Nov Dec
2018: Jan Feb Mar Apr May Jun Jul Aug Sep Oct Nov Dec
2017: Jan Feb Mar Apr May Jun Jul Aug Sep Oct Nov Dec
2016: Jan Feb Mar Apr May Jun Jul Aug Sep Oct Nov Dec
2015: Jan Feb Mar Apr May Jun Jul Aug Sep Oct Nov Dec
2014: Jan Feb Mar Apr May Jun Jul Aug Sep Oct Nov Dec
2013: Jan Feb Mar Apr May Jun Jul Aug Sep Oct Nov Dec
Report for 2014
Annual Climatological Summary for 2014 Name: DW7240 City: Oshawa State: Ontario, Canada Elevation: 109 m Lat: N 43° 53' 49" Lon: W 078° 52' 26" Temperature (°C), Heat Base: 18.3 Cool Base: 18.3 Dep. Heat Cool Max Max Min Min Mean Mean From Deg Deg >= <= <= <= YR MO Max Min Mean Norm Days Days Hi Date Low Date 27.0 0.0 0.0 -18.0 ------------------------------------------------------------------------------------ 14 1 -3.8 -12.2 -7.7 0.0 806 0 6.4 13 -25.3 3 0 21 28 8 14 2 -3.4 -11.3 -6.9 0.0 705 0 5.8 19 -19.7 28 0 19 27 1 14 3 1.0 -8.4 -3.4 0.0 671 0 11.4 31 -19.8 4 0 12 28 2 14 4 10.8 1.7 6.2 0.0 363 0 19.9 21 -6.3 16 0 0 7 0 14 5 19.6 9.1 14.2 0.0 147 21 30.5 26 2.3 17 1 0 0 0 14 6 25.0 14.7 19.7 0.0 33 74 29.7 30 9.5 7 7 0 0 0 14 7 25.8 15.2 20.3 0.0 26 86 30.8 1 10.7 10 9 0 0 0 14 8 25.3 15.5 20.1 0.0 27 83 29.2 26 11.1 16 9 0 0 0 14 9 21.9 11.8 16.8 0.0 89 43 29.1 5 4.8 19 4 0 0 0 14 10 15.0 7.1 10.9 0.0 229 2 23.8 14 0.8 12 0 0 0 0 14 11 5.7 -0.7 2.5 0.0 470 0 15.6 11 -8.8 21 0 5 17 0 14 12 2.5 -2.9 0.0 0.0 563 0 9.8 24 -10.0 2 0 6 22 0 ------------------------------------------------------------------------------------ 12.1 3.3 7.7 0.0 4135 311 30.8 Jul -25.3 Jan 30 63 129 11 Precipitation (mm) Dep. Max Days of Rain From Obs. >= YR MO Total Norm Day Date 0.2 2.0 20.0 --------------------------------------------- 14 1 33.3 0.0 10.7 11 13 5 0 14 2 36.3 0.0 11.9 1 8 5 0 14 3 20.6 0.0 6.6 28 10 3 0 14 4 97.5 0.0 16.7 29 15 11 0 14 5 32.0 0.0 17.3 6 6 3 0 14 6 1.3 0.0 1.3 25 1 0 0 14 7 0.0 0.0 0.0 0 0 0 0 14 8 0.0 0.0 0.0 0 0 0 0 14 9 21.8 0.0 16.0 21 3 2 0 14 10 80.8 0.0 16.7 7 15 8 0 14 11 44.4 0.0 14.0 24 18 6 0 14 12 19.6 0.0 7.4 16 7 4 0 --------------------------------------------- 387.6 0.0 17.3 May 96 47 0 Wind Speed (km/h) Dom YR MO Avg. Hi Date Dir ------------------------------ 14 1 9.6 70.8 24 WSW 14 2 7.6 61.2 22 W 14 3 7.9 49.9 20 NW 14 4 8.2 53.1 29 NNE 14 5 10.0 45.1 10 WNW 14 6 3.9 42.0 25 SSW 14 7 4.9 40.2 8 SW 14 8 4.0 78.9 23 WSW 14 9 3.4 45.1 11 SW 14 10 4.6 49.9 8 W 14 11 8.0 74.0 24 WSW 14 12 7.3 70.8 25 WNW ------------------------------ 6.6 78.9 Aug W