*** The Vicarage Weather Feed ***

NOAA-Style Climate Reports


Select a Year or Month report
2020: Jan Feb Mar Apr May Jun Jul Aug Sep Oct Nov Dec
2019: Jan Feb Mar Apr May Jun Jul Aug Sep Oct Nov Dec
2018: Jan Feb Mar Apr May Jun Jul Aug Sep Oct Nov Dec
2017: Jan Feb Mar Apr May Jun Jul Aug Sep Oct Nov Dec
2016: Jan Feb Mar Apr May Jun Jul Aug Sep Oct Nov Dec
2015: Jan Feb Mar Apr May Jun Jul Aug Sep Oct Nov Dec
2014: Jan Feb Mar Apr May Jun Jul Aug Sep Oct Nov Dec
2013: Jan Feb Mar Apr May Jun Jul Aug Sep Oct Nov Dec

Report for 2013 September
                   Monthly Climatological Summary for Sep 2013

Name: DW7240   City: Oshawa   State: Ontario, Canada
Elevation: 109 m  Lat: N 43° 53' 49"   Lon: W 078° 52' 26"

                  Temperature (°C), Rain (mm), Wind Speed (km/h)

                                      Heat  Cool        Avg
    Mean                              Deg   Deg         Wind                 Dom
Day Temp  High   Time   Low    Time   Days  Days  Rain  Speed High   Time    Dir
----------------------------------------------------------------------------------
13  10.3  10.5   20:34  10.2   23:04   1.1   0.0   0.0   2.7  17.7   20:36   NNW
14  11.8  18.0   13:31   5.3   07:24   6.3   0.0   0.0   4.3  27.4   16:32     W
15  13.3  19.2   15:56   8.1   06:14   5.0   0.1   3.8   4.4  24.1   18:20    SW
16  11.4  15.0   16:42   8.1   23:56   6.8   0.0   0.3   2.6  25.7   10:44   NNE
17  11.6  17.6   13:27   6.6   06:18   6.7   0.0   0.0   1.1  17.7   13:21   SSE
18  14.2  21.9   13:28   7.8   05:35   4.7   0.7   0.0   1.4  17.7   11:41     S
19  16.0  22.7   15:49   9.7   05:01   3.1   0.9   0.0   2.3  19.3   15:53   SSW
20  19.2  24.3   14:33  14.3   04:46   1.3   2.2   0.2   1.3  24.1   12:13   SSE
21  16.4  20.9   00:00  10.4   23:37   2.2   0.4  26.2   4.0  27.4   04:40   WSW
22  10.6  13.1   13:36   8.2   07:31   7.5   0.0   0.2   4.9  35.4   11:31    NW
23  10.3  16.3   16:04   4.8   07:11   7.9   0.0   0.0   3.1  20.9   10:29   NNW
24  12.1  19.9   15:03   5.4   06:14   6.3   0.1   0.0   3.3  19.3   14:03    NW
25  14.6  21.9   13:34   8.4   07:04   4.4   0.7   0.0   3.5  17.7   01:24   WNW
26  15.6  22.2   13:20   8.6   06:36   3.3   0.9   0.0   1.9  14.5   13:37   SSW
27  15.4  20.7   12:27  10.6   06:35   3.3   0.4   0.0   1.1  20.9   12:48   ESE
28  15.5  20.9   13:23  10.8   02:46   3.1   0.4   0.0   1.0  16.1   15:44     E
29  16.7  20.7   13:04  11.7   07:23   2.0   0.4   0.0   1.3  16.1   10:44   SSE
30  18.0  20.9   12:16  16.4   01:07   0.7   0.4   0.5   3.0  20.9   12:42   SSW
----------------------------------------------------------------------------------
    14.1  24.3    20     4.8    23    75.7   7.6  31.2   2.5  35.4    22       W

Max >=  27.0:  0
Max <=   0.0:  0
Min <=   0.0:  0
Min <= -18.0:  0
Max Rain: 26.2 on day 21
Days of Rain: 6 (>= 0.2 mm)  2 (>= 2.0 mm)  1 (>= 20.0 mm)
Heat Base: 18.3  Cool Base: 18.3  Method: Integration
This data is offered only as a general guide to local weather conditions. It should not be relied upon in lieu of officially disseminated weather information for determining possible risk to persons or property. This site, including all information contained therein, is made available as is without warranties of any kind, either express or implied. The Vicarage Weather Feed© includes links to other sites for user convenience only. The content of any linked third-party site is not controlled by The Vicarage Weather Feed©. Access to any third-party website through The Vicarage Weather Feed©, regardless of whether or not the third-party site is a linked site, is entirely at the users own risk. Externally sourced content or material is excluded from The Vicarage Weather Feed© copyright and is the copyright and property of the respective provider. Skywarn® and the Skywarn® logo are registered trademarks of the National Oceanic and Atmospheric Administration, used with permission.