North Facing Camera Click On Play Button To View Live Image |
Sky Facing Camera Click On Image To View Full Screen In New Window |
NOAA-Style Climate Reports
Select a Year or Month report
2024: Jan Feb Mar Apr May Jun Jul Aug Sep Oct Nov Dec
2023: Jan Feb Mar Apr May Jun Jul Aug Sep Oct Nov Dec
2022: Jan Feb Mar Apr May Jun Jul Aug Sep Oct Nov Dec
2021: Jan Feb Mar Apr May Jun Jul Aug Sep Oct Nov Dec
2020: Jan Feb Mar Apr May Jun Jul Aug Sep Oct Nov Dec
2019: Jan Feb Mar Apr May Jun Jul Aug Sep Oct Nov Dec
2018: Jan Feb Mar Apr May Jun Jul Aug Sep Oct Nov Dec
2017: Jan Feb Mar Apr May Jun Jul Aug Sep Oct Nov Dec
2016: Jan Feb Mar Apr May Jun Jul Aug Sep Oct Nov Dec
2015: Jan Feb Mar Apr May Jun Jul Aug Sep Oct Nov Dec
2014: Jan Feb Mar Apr May Jun Jul Aug Sep Oct Nov Dec
2013: Jan Feb Mar Apr May Jun Jul Aug Sep Oct Nov Dec
2024: Jan Feb Mar Apr May Jun Jul Aug Sep Oct Nov Dec
2023: Jan Feb Mar Apr May Jun Jul Aug Sep Oct Nov Dec
2022: Jan Feb Mar Apr May Jun Jul Aug Sep Oct Nov Dec
2021: Jan Feb Mar Apr May Jun Jul Aug Sep Oct Nov Dec
2020: Jan Feb Mar Apr May Jun Jul Aug Sep Oct Nov Dec
2019: Jan Feb Mar Apr May Jun Jul Aug Sep Oct Nov Dec
2018: Jan Feb Mar Apr May Jun Jul Aug Sep Oct Nov Dec
2017: Jan Feb Mar Apr May Jun Jul Aug Sep Oct Nov Dec
2016: Jan Feb Mar Apr May Jun Jul Aug Sep Oct Nov Dec
2015: Jan Feb Mar Apr May Jun Jul Aug Sep Oct Nov Dec
2014: Jan Feb Mar Apr May Jun Jul Aug Sep Oct Nov Dec
2013: Jan Feb Mar Apr May Jun Jul Aug Sep Oct Nov Dec
Report for 2014 January
Monthly Climatological Summary for Jan 2014 Name: DW7240 City: Oshawa State: Ontario, Canada Elevation: 109 m Lat: N 43° 53' 49" Lon: W 078° 52' 26" Temperature (°C), Rain (mm), Wind Speed (km/h) Heat Cool Avg Mean Deg Deg Wind Dom Day Temp High Time Low Time Days Days Rain Speed High Time Dir ---------------------------------------------------------------------------------- 1 -12.6 -9.6 00:00 -15.5 23:23 31.0 0.0 0.0 6.5 27.4 12:03 NNW 2 -18.3 -15.3 00:00 -20.4 23:54 36.6 0.0 0.0 8.1 29.0 20:17 NNE 3 -19.6 -9.6 23:59 -25.3 07:47 37.8 0.0 0.0 6.6 35.4 23:56 NNW 4 -2.7 0.0 18:05 -9.6 00:00 21.0 0.0 0.0 16.4 51.5 09:17 SW 5 -0.9 0.7 14:16 -2.2 08:10 19.2 0.0 8.6 3.3 25.7 21:34 E 6 -5.3 3.9 03:14 -13.9 21:21 23.6 0.0 4.9 15.7 51.5 04:57 W 7 -17.5 -13.3 00:00 -21.7 06:40 35.8 0.0 0.0 19.5 59.5 00:29 WSW 8 -11.7 -8.3 15:35 -16.2 00:00 30.0 0.0 0.0 9.4 38.6 01:04 W 9 -9.1 -5.5 14:07 -14.9 07:48 27.4 0.0 0.0 3.5 20.9 14:45 SW 10 -1.4 2.8 22:21 -8.1 00:07 19.7 0.0 2.0 1.8 17.7 21:06 SE 11 4.0 6.1 16:26 2.6 02:39 14.3 0.0 10.7 5.4 38.6 21:21 WSW 12 1.9 2.8 13:35 0.8 21:18 16.3 0.0 0.0 11.3 37.0 04:44 WSW 13 3.1 6.4 15:18 -1.0 06:25 15.2 0.0 0.2 4.6 24.1 23:16 SSW 14 2.7 4.8 00:15 1.1 23:49 15.6 0.0 0.3 3.5 24.1 00:26 WSW 15 -0.6 2.3 04:55 -5.2 23:59 18.9 0.0 0.0 12.4 46.7 07:36 WSW 16 -2.6 -0.2 20:45 -5.3 00:04 20.9 0.0 0.0 5.9 32.2 11:02 SSW 17 -0.4 1.8 15:23 -3.4 23:00 18.7 0.0 1.2 8.3 35.4 13:12 SSW 18 -3.3 -1.1 01:30 -6.6 22:34 21.6 0.0 0.5 8.0 27.4 16:15 W 19 -4.3 -2.2 18:31 -7.1 03:05 22.6 0.0 0.3 15.7 54.7 10:48 WSW 20 -9.8 -2.2 00:50 -17.6 23:55 28.1 0.0 0.8 8.8 35.4 07:44 NW 21 -19.4 -16.6 15:07 -21.6 23:54 37.5 0.0 0.0 5.0 22.5 17:08 N 22 -18.8 -15.0 15:39 -23.2 07:23 37.1 0.0 0.0 3.1 14.5 00:06 N 23 -16.4 -14.4 14:29 -19.6 23:56 34.7 0.0 0.0 6.6 29.0 18:32 NNW 24 -13.4 -7.1 23:25 -21.5 03:58 31.7 0.0 0.0 15.3 70.8 17:01 SW 25 -7.5 -2.2 13:22 -16.3 23:29 25.8 0.0 0.5 18.9 67.6 02:57 WSW 26 -12.3 -3.8 22:37 -20.4 07:09 30.4 0.0 2.3 8.8 37.0 17:04 SW 27 -9.8 -4.4 00:00 -15.6 23:58 28.1 0.0 1.0 13.5 45.1 12:54 W 28 -14.5 -11.3 15:09 -17.3 07:18 32.8 0.0 0.0 15.0 38.6 12:01 WSW 29 -12.8 -9.1 15:47 -16.4 04:33 31.1 0.0 0.0 13.3 45.1 09:34 W 30 -5.5 -0.2 20:34 -12.6 06:28 23.7 0.0 0.0 13.2 64.4 22:52 SW 31 -1.3 1.1 11:02 -3.8 22:05 19.4 0.0 0.0 9.5 49.9 00:51 W ---------------------------------------------------------------------------------- -7.7 6.4 13 -25.3 3 806.6 0.0 33.3 9.6 70.8 24 WSW Max >= 27.0: 0 Max <= 0.0: 21 Min <= 0.0: 28 Min <= -18.0: 8 Max Rain: 10.7 on day 11 Days of Rain: 13 (>= 0.2 mm) 5 (>= 2.0 mm) 0 (>= 20.0 mm) Heat Base: 18.3 Cool Base: 18.3 Method: Integration