North Facing Camera Click On Play Button To View Live Image |
Sky Facing Camera Click On Image To View Full Screen In New Window |
NOAA-Style Climate Reports
Select a Year or Month report
2024: Jan Feb Mar Apr May Jun Jul Aug Sep Oct Nov Dec
2023: Jan Feb Mar Apr May Jun Jul Aug Sep Oct Nov Dec
2022: Jan Feb Mar Apr May Jun Jul Aug Sep Oct Nov Dec
2021: Jan Feb Mar Apr May Jun Jul Aug Sep Oct Nov Dec
2020: Jan Feb Mar Apr May Jun Jul Aug Sep Oct Nov Dec
2019: Jan Feb Mar Apr May Jun Jul Aug Sep Oct Nov Dec
2018: Jan Feb Mar Apr May Jun Jul Aug Sep Oct Nov Dec
2017: Jan Feb Mar Apr May Jun Jul Aug Sep Oct Nov Dec
2016: Jan Feb Mar Apr May Jun Jul Aug Sep Oct Nov Dec
2015: Jan Feb Mar Apr May Jun Jul Aug Sep Oct Nov Dec
2014: Jan Feb Mar Apr May Jun Jul Aug Sep Oct Nov Dec
2013: Jan Feb Mar Apr May Jun Jul Aug Sep Oct Nov Dec
2024: Jan Feb Mar Apr May Jun Jul Aug Sep Oct Nov Dec
2023: Jan Feb Mar Apr May Jun Jul Aug Sep Oct Nov Dec
2022: Jan Feb Mar Apr May Jun Jul Aug Sep Oct Nov Dec
2021: Jan Feb Mar Apr May Jun Jul Aug Sep Oct Nov Dec
2020: Jan Feb Mar Apr May Jun Jul Aug Sep Oct Nov Dec
2019: Jan Feb Mar Apr May Jun Jul Aug Sep Oct Nov Dec
2018: Jan Feb Mar Apr May Jun Jul Aug Sep Oct Nov Dec
2017: Jan Feb Mar Apr May Jun Jul Aug Sep Oct Nov Dec
2016: Jan Feb Mar Apr May Jun Jul Aug Sep Oct Nov Dec
2015: Jan Feb Mar Apr May Jun Jul Aug Sep Oct Nov Dec
2014: Jan Feb Mar Apr May Jun Jul Aug Sep Oct Nov Dec
2013: Jan Feb Mar Apr May Jun Jul Aug Sep Oct Nov Dec
Report for 2014 May
Monthly Climatological Summary for May 2014 Name: DW7240 City: Oshawa State: Ontario, Canada Elevation: 109 m Lat: N 43° 53' 49" Lon: W 078° 52' 26" Temperature (°C), Rain (mm), Wind Speed (km/h) Heat Cool Avg Mean Deg Deg Wind Dom Day Temp High Time Low Time Days Days Rain Speed High Time Dir ---------------------------------------------------------------------------------- 1 9.0 15.0 14:03 5.4 09:02 9.3 0.0 1.8 5.7 37.0 13:38 WSW 2 8.5 12.0 11:10 6.1 03:40 9.7 0.0 0.2 13.0 35.0 20:00 WSW 3 8.0 11.4 14:21 7.8 17:35 10.2 0.0 6.4 2.5 20.0 17:21 WSW 4 8.8 13.5 14:22 4.8 03:27 9.4 0.0 0.5 8.5 21.0 06:15 WNW 5 9.8 16.6 16:28 3.4 05:57 8.5 0.0 0.0 7.0 27.4 13:05 NW 6 10.6 15.7 14:05 6.2 05:59 7.4 0.0 17.3 3.2 22.0 12:11 WNW 7 10.4 14.7 17:22 5.8 06:07 7.5 0.0 5.8 6.4 22.0 13:17 E 8 15.1 20.2 16:24 11.4 02:21 3.4 0.2 0.0 6.9 32.2 18:33 E 9 15.2 20.5 16:41 12.4 00:10 3.2 0.1 0.0 6.2 30.6 17:28 SE 10 16.2 22.2 15:11 10.5 06:13 2.9 0.8 0.0 9.0 45.1 15:34 W 11 14.7 21.2 15:13 7.4 06:26 4.1 0.5 0.0 6.9 32.2 17:01 SW 12 16.3 22.6 12:12 10.7 06:09 2.6 0.6 0.0 4.1 27.4 12:53 SE 13 15.9 20.9 16:46 10.3 08:19 2.7 0.3 0.0 5.1 37.0 20:04 ESE 14 17.0 22.5 16:01 12.8 00:10 2.1 0.8 0.0 3.9 33.8 19:27 N 15 16.2 20.7 11:57 10.7 23:56 2.5 0.4 0.0 4.1 27.4 17:33 SSE 16 9.5 12.0 15:27 5.0 23:54 8.8 0.0 0.0 5.6 25.7 21:42 WNW 17 7.3 12.1 17:39 2.3 05:48 11.0 0.0 0.0 6.8 29.0 09:42 WSW 18 9.5 15.7 16:48 2.7 06:08 8.8 0.0 0.0 3.9 25.7 17:30 SSW 19 12.4 20.1 17:34 5.3 03:39 5.7 0.1 0.0 3.3 24.1 14:20 SW 20 15.3 19.8 11:48 10.3 05:19 3.1 0.1 0.0 3.5 19.3 16:52 SW 21 15.2 20.1 12:11 12.1 03:01 3.2 0.1 0.0 3.5 22.5 09:42 SE 22 17.0 24.1 15:33 11.8 05:37 2.4 1.1 0.0 6.4 32.2 16:49 NW 23 14.5 18.8 13:56 10.4 06:05 3.8 0.0 0.0 6.9 29.0 15:50 NNW 24 17.7 25.0 17:21 11.1 04:05 2.3 1.8 0.0 6.9 29.0 16:01 WNW 25 18.7 24.8 14:12 13.2 05:49 1.3 1.8 0.0 6.1 32.2 18:45 SW 26 21.8 30.5 18:07 13.0 04:11 1.3 4.7 0.0 5.2 38.6 13:26 WSW 27 22.1 26.4 10:00 17.2 05:49 0.1 3.9 0.0 5.2 27.4 11:02 WSW 28 15.2 19.1 00:00 12.5 22:49 3.1 0.0 0.0 3.1 25.7 00:09 SE 29 15.1 19.2 13:24 11.8 23:52 3.3 0.0 0.0 3.0 25.7 14:32 SE 30 18.4 25.6 17:11 9.8 06:18 2.4 2.4 0.0 5.3 33.8 11:37 NNW 31 18.1 23.3 10:50 11.8 05:45 1.7 1.5 0.0 4.1 25.7 11:17 S ---------------------------------------------------------------------------------- 14.2 30.5 26 2.3 3 147.8 21.2 32.0 10.0 45.1 6 W Max >= 27.0: 1 Max <= 0.0: 0 Min <= 0.0: 1 Min <= -18.0: 1 Max Rain: 17.3 on day 6 Days of Rain: 6 (>= 0.2 mm) 3 (>= 2.0 mm) 0 (>= 20.0 mm) Heat Base: 18.3 Cool Base: 18.3 Method: Integration