North Facing Camera Click On Play Button To View Live Image |
Sky Facing Camera Click On Image To View Full Screen In New Window |
NOAA-Style Climate Reports
Select a Year or Month report
2024: Jan Feb Mar Apr May Jun Jul Aug Sep Oct Nov Dec
2023: Jan Feb Mar Apr May Jun Jul Aug Sep Oct Nov Dec
2022: Jan Feb Mar Apr May Jun Jul Aug Sep Oct Nov Dec
2021: Jan Feb Mar Apr May Jun Jul Aug Sep Oct Nov Dec
2020: Jan Feb Mar Apr May Jun Jul Aug Sep Oct Nov Dec
2019: Jan Feb Mar Apr May Jun Jul Aug Sep Oct Nov Dec
2018: Jan Feb Mar Apr May Jun Jul Aug Sep Oct Nov Dec
2017: Jan Feb Mar Apr May Jun Jul Aug Sep Oct Nov Dec
2016: Jan Feb Mar Apr May Jun Jul Aug Sep Oct Nov Dec
2015: Jan Feb Mar Apr May Jun Jul Aug Sep Oct Nov Dec
2014: Jan Feb Mar Apr May Jun Jul Aug Sep Oct Nov Dec
2013: Jan Feb Mar Apr May Jun Jul Aug Sep Oct Nov Dec
2024: Jan Feb Mar Apr May Jun Jul Aug Sep Oct Nov Dec
2023: Jan Feb Mar Apr May Jun Jul Aug Sep Oct Nov Dec
2022: Jan Feb Mar Apr May Jun Jul Aug Sep Oct Nov Dec
2021: Jan Feb Mar Apr May Jun Jul Aug Sep Oct Nov Dec
2020: Jan Feb Mar Apr May Jun Jul Aug Sep Oct Nov Dec
2019: Jan Feb Mar Apr May Jun Jul Aug Sep Oct Nov Dec
2018: Jan Feb Mar Apr May Jun Jul Aug Sep Oct Nov Dec
2017: Jan Feb Mar Apr May Jun Jul Aug Sep Oct Nov Dec
2016: Jan Feb Mar Apr May Jun Jul Aug Sep Oct Nov Dec
2015: Jan Feb Mar Apr May Jun Jul Aug Sep Oct Nov Dec
2014: Jan Feb Mar Apr May Jun Jul Aug Sep Oct Nov Dec
2013: Jan Feb Mar Apr May Jun Jul Aug Sep Oct Nov Dec
Report for 2014 July
Monthly Climatological Summary for Jul 2014 Name: DW7240 City: Oshawa State: Ontario, Canada Elevation: 109 m Lat: N 43° 53' 49" Lon: W 078° 52' 26" Temperature (°C), Rain (mm), Wind Speed (km/h) Heat Cool Avg Mean Deg Deg Wind Dom Day Temp High Time Low Time Days Days Rain Speed High Time Dir ---------------------------------------------------------------------------------- 1 25.7 30.8 14:12 22.3 05:56 0.0 7.4 0.0 8.1 37.0 08:51 SSW 2 23.8 30.2 14:10 20.1 23:59 0.0 5.5 0.0 5.7 38.6 15:48 SW 3 19.3 25.6 12:40 14.9 23:48 0.7 1.7 0.0 4.7 33.8 22:04 NW 4 18.4 24.3 14:54 12.1 05:56 1.7 1.8 0.0 6.1 38.6 16:28 NNW 5 20.8 27.6 12:40 14.3 05:14 0.9 3.4 0.0 7.4 32.2 17:19 W 6 20.7 27.6 14:12 13.9 06:15 0.9 3.2 0.0 7.4 38.6 15:16 SSW 7 21.3 26.9 17:52 17.6 06:08 0.0 3.0 0.0 6.6 37.0 14:10 SW 8 19.6 24.4 12:01 16.3 23:55 0.3 1.6 0.0 5.2 40.2 22:20 SW 9 18.3 23.4 17:34 14.2 03:53 1.4 1.4 0.0 6.1 29.0 09:10 W 10 17.6 23.1 16:33 10.7 05:54 2.2 1.5 0.0 3.6 17.7 12:26 SSW 11 19.4 25.1 14:26 12.3 05:35 1.6 2.7 0.0 3.2 19.3 12:08 SE 12 21.8 28.1 17:01 15.3 06:30 0.8 4.3 0.0 3.7 19.3 13:52 S 13 24.0 30.8 15:33 20.1 23:55 0.0 5.7 0.0 6.9 37.0 10:17 W 14 20.3 24.3 15:58 17.4 06:02 0.1 2.1 0.0 2.9 22.5 00:33 ESE 15 19.8 25.7 17:48 16.4 03:39 0.5 2.0 0.0 3.9 38.6 18:37 SW 16 17.9 21.4 12:17 13.8 05:53 1.2 0.8 0.0 5.1 25.7 14:02 WSW 17 17.9 23.6 14:35 10.7 05:11 2.1 1.8 0.0 5.0 27.4 13:28 SW 18 19.7 25.7 15:53 12.0 05:12 1.5 2.9 0.0 3.5 24.1 10:02 S 19 18.8 24.1 12:11 14.9 03:51 0.9 1.5 0.0 2.2 25.7 11:04 SE 20 20.2 25.1 14:57 17.4 03:41 0.2 2.1 0.0 2.6 19.3 01:25 SE 21 22.4 28.0 17:18 16.5 06:02 0.3 4.4 0.0 2.8 19.3 13:59 S 22 23.8 29.9 16:37 17.6 06:12 0.0 5.6 0.0 3.2 20.9 16:22 S 23 21.8 24.3 04:24 16.4 23:58 0.1 3.5 0.0 7.6 38.6 09:02 NW 24 18.9 24.8 15:40 12.7 06:20 1.3 1.8 0.0 4.8 25.7 16:47 NW 25 19.7 25.7 16:47 12.3 06:37 1.5 2.9 0.0 5.7 33.8 15:15 SW 26 20.6 26.2 16:55 15.3 04:53 0.6 2.9 0.0 4.1 33.8 17:12 SSW 27 22.6 28.9 16:14 18.7 22:33 0.0 4.1 0.0 4.4 27.4 10:44 SW 28 17.7 21.9 14:56 14.4 23:34 1.3 0.7 0.0 6.7 33.8 09:53 NNW 29 17.8 22.3 13:15 14.4 00:00 1.5 1.0 0.0 4.8 27.4 13:51 WSW 30 18.2 24.1 13:50 13.8 06:02 1.4 1.3 0.0 2.7 29.0 14:57 SSW 31 19.0 24.6 15:44 13.7 05:58 1.4 2.2 0.0 4.3 22.5 13:51 SSW ---------------------------------------------------------------------------------- 20.3 30.8 1 10.7 10 26.4 86.8 0.0 4.9 40.2 8 WSW Max >= 27.0: 9 Max <= 0.0: 0 Min <= 0.0: 0 Min <= -18.0: 0 Max Rain: 0.0 on day 0 Days of Rain: 0 (>= 0.2 mm) 0 (>= 2.0 mm) 0 (>= 20.0 mm) Heat Base: 18.3 Cool Base: 18.3 Method: Integration