North Facing Camera Click On Play Button To View Live Image |
Sky Facing Camera Click On Image To View Full Screen In New Window |
NOAA-Style Climate Reports
Select a Year or Month report
2024: Jan Feb Mar Apr May Jun Jul Aug Sep Oct Nov Dec
2023: Jan Feb Mar Apr May Jun Jul Aug Sep Oct Nov Dec
2022: Jan Feb Mar Apr May Jun Jul Aug Sep Oct Nov Dec
2021: Jan Feb Mar Apr May Jun Jul Aug Sep Oct Nov Dec
2020: Jan Feb Mar Apr May Jun Jul Aug Sep Oct Nov Dec
2019: Jan Feb Mar Apr May Jun Jul Aug Sep Oct Nov Dec
2018: Jan Feb Mar Apr May Jun Jul Aug Sep Oct Nov Dec
2017: Jan Feb Mar Apr May Jun Jul Aug Sep Oct Nov Dec
2016: Jan Feb Mar Apr May Jun Jul Aug Sep Oct Nov Dec
2015: Jan Feb Mar Apr May Jun Jul Aug Sep Oct Nov Dec
2014: Jan Feb Mar Apr May Jun Jul Aug Sep Oct Nov Dec
2013: Jan Feb Mar Apr May Jun Jul Aug Sep Oct Nov Dec
2024: Jan Feb Mar Apr May Jun Jul Aug Sep Oct Nov Dec
2023: Jan Feb Mar Apr May Jun Jul Aug Sep Oct Nov Dec
2022: Jan Feb Mar Apr May Jun Jul Aug Sep Oct Nov Dec
2021: Jan Feb Mar Apr May Jun Jul Aug Sep Oct Nov Dec
2020: Jan Feb Mar Apr May Jun Jul Aug Sep Oct Nov Dec
2019: Jan Feb Mar Apr May Jun Jul Aug Sep Oct Nov Dec
2018: Jan Feb Mar Apr May Jun Jul Aug Sep Oct Nov Dec
2017: Jan Feb Mar Apr May Jun Jul Aug Sep Oct Nov Dec
2016: Jan Feb Mar Apr May Jun Jul Aug Sep Oct Nov Dec
2015: Jan Feb Mar Apr May Jun Jul Aug Sep Oct Nov Dec
2014: Jan Feb Mar Apr May Jun Jul Aug Sep Oct Nov Dec
2013: Jan Feb Mar Apr May Jun Jul Aug Sep Oct Nov Dec
Report for 2014 November
Monthly Climatological Summary for Nov 2014 Name: DW7240 City: Oshawa State: Ontario, Canada Elevation: 109 m Lat: N 43° 53' 49" Lon: W 078° 52' 26" Temperature (°C), Rain (mm), Wind Speed (km/h) Heat Cool Avg Mean Deg Deg Wind Dom Day Temp High Time Low Time Days Days Rain Speed High Time Dir ---------------------------------------------------------------------------------- 1 2.3 3.7 13:20 1.1 23:43 16.0 0.0 1.0 8.2 35.4 12:36 N 2 2.4 7.1 15:36 -2.2 06:48 16.6 0.0 0.0 8.1 38.6 00:01 NNW 3 7.3 12.7 14:33 1.9 00:31 11.0 0.0 0.3 4.1 35.4 13:33 WSW 4 10.4 12.6 10:41 8.9 01:59 7.9 0.0 10.1 8.1 46.7 17:05 SW 5 8.2 11.1 12:02 5.7 05:16 10.1 0.0 0.0 7.4 38.6 10:15 W 6 6.8 9.7 12:40 4.1 01:55 11.5 0.0 2.1 1.9 17.7 11:55 E 7 2.3 4.9 00:00 -0.2 23:57 15.9 0.0 1.2 7.8 37.0 05:00 NNW 8 3.1 6.4 17:23 -1.9 01:50 15.2 0.0 3.3 7.1 40.2 13:15 SW 9 4.5 7.2 23:01 2.2 06:17 13.7 0.0 0.3 7.8 29.0 19:05 WSW 10 7.4 9.7 20:37 4.8 07:07 10.9 0.0 0.2 4.6 25.7 20:28 ESE 11 10.9 15.6 14:14 5.9 05:59 7.3 0.0 0.3 3.1 25.7 11:36 S 12 4.6 11.3 00:00 1.4 22:27 13.7 0.0 0.2 14.0 45.1 04:55 W 13 0.9 3.1 12:01 -2.7 23:57 17.2 0.0 0.0 7.3 25.7 13:28 WSW 14 -1.5 1.3 12:32 -4.3 06:20 19.7 0.0 0.0 5.2 30.6 16:15 WNW 15 -0.7 3.7 12:39 -4.6 06:47 19.0 0.0 0.0 5.0 29.0 13:40 W 16 0.1 0.3 07:14 -0.4 09:28 18.0 0.0 1.8 3.8 25.7 08:36 SW 17 -0.1 1.4 14:05 -4.2 23:55 18.2 0.0 4.3 4.5 43.5 21:33 W 18 -5.3 -3.4 13:23 -7.7 06:43 22.2 0.0 0.3 19.8 59.5 13:53 WSW 19 -4.7 0.0 00:08 -8.4 07:29 22.3 0.0 2.3 11.8 59.5 13:53 SW 20 -3.4 -1.0 14:34 -7.1 23:36 21.3 0.0 0.0 15.3 54.7 13:10 W 21 -5.2 -0.8 13:37 -8.8 07:20 23.5 0.0 0.0 6.8 30.6 15:17 W 22 1.9 5.7 23:22 -5.4 00:00 16.3 0.0 1.8 10.9 43.5 12:38 SW 23 6.7 8.9 23:55 4.7 07:52 11.6 0.0 0.7 3.6 25.7 12:19 SSE 24 9.5 14.9 12:57 5.7 23:46 8.7 0.0 14.0 17.5 74.0 18:21 SSW 25 3.0 5.7 00:00 1.2 20:43 15.3 0.0 0.0 15.7 54.7 01:20 WSW 26 0.8 1.6 12:01 -1.3 23:58 17.5 0.0 0.0 2.5 19.3 23:51 NE 27 -1.9 0.8 14:13 -4.1 05:19 20.2 0.0 0.0 4.2 24.1 14:14 NW 28 -3.8 -2.2 13:08 -5.9 07:11 22.1 0.0 0.0 8.1 32.2 09:09 WNW 29 0.6 4.7 23:42 -3.9 00:38 17.7 0.0 0.0 8.0 32.2 17:40 SE 30 8.1 12.9 13:11 4.6 23:56 9.9 0.0 0.2 8.2 37.0 12:44 SW ---------------------------------------------------------------------------------- 2.5 15.6 11 -8.8 21 470.5 0.0 44.4 8.0 74.0 24 WSW Max >= 27.0: 0 Max <= 0.0: 5 Min <= 0.0: 17 Min <= -18.0: 0 Max Rain: 14.0 on day 24 Days of Rain: 18 (>= 0.2 mm) 6 (>= 2.0 mm) 0 (>= 20.0 mm) Heat Base: 18.3 Cool Base: 18.3 Method: Integration