North Facing Camera Click On Play Button To View Live Image |
Sky Facing Camera Click On Image To View Full Screen In New Window |
NOAA-Style Climate Reports
Select a Year or Month report
2024: Jan Feb Mar Apr May Jun Jul Aug Sep Oct Nov Dec
2023: Jan Feb Mar Apr May Jun Jul Aug Sep Oct Nov Dec
2022: Jan Feb Mar Apr May Jun Jul Aug Sep Oct Nov Dec
2021: Jan Feb Mar Apr May Jun Jul Aug Sep Oct Nov Dec
2020: Jan Feb Mar Apr May Jun Jul Aug Sep Oct Nov Dec
2019: Jan Feb Mar Apr May Jun Jul Aug Sep Oct Nov Dec
2018: Jan Feb Mar Apr May Jun Jul Aug Sep Oct Nov Dec
2017: Jan Feb Mar Apr May Jun Jul Aug Sep Oct Nov Dec
2016: Jan Feb Mar Apr May Jun Jul Aug Sep Oct Nov Dec
2015: Jan Feb Mar Apr May Jun Jul Aug Sep Oct Nov Dec
2014: Jan Feb Mar Apr May Jun Jul Aug Sep Oct Nov Dec
2013: Jan Feb Mar Apr May Jun Jul Aug Sep Oct Nov Dec
2024: Jan Feb Mar Apr May Jun Jul Aug Sep Oct Nov Dec
2023: Jan Feb Mar Apr May Jun Jul Aug Sep Oct Nov Dec
2022: Jan Feb Mar Apr May Jun Jul Aug Sep Oct Nov Dec
2021: Jan Feb Mar Apr May Jun Jul Aug Sep Oct Nov Dec
2020: Jan Feb Mar Apr May Jun Jul Aug Sep Oct Nov Dec
2019: Jan Feb Mar Apr May Jun Jul Aug Sep Oct Nov Dec
2018: Jan Feb Mar Apr May Jun Jul Aug Sep Oct Nov Dec
2017: Jan Feb Mar Apr May Jun Jul Aug Sep Oct Nov Dec
2016: Jan Feb Mar Apr May Jun Jul Aug Sep Oct Nov Dec
2015: Jan Feb Mar Apr May Jun Jul Aug Sep Oct Nov Dec
2014: Jan Feb Mar Apr May Jun Jul Aug Sep Oct Nov Dec
2013: Jan Feb Mar Apr May Jun Jul Aug Sep Oct Nov Dec
Report for 2015 September
Monthly Climatological Summary for Sep 2015 Name: DW7240 City: Oshawa State: Ontario, Canada Elevation: 109 m Lat: N 43 53 49 Lon: W 078 52 26 Temperature (°C), Rain (mm), Wind Speed (km/h) Heat Cool Avg Mean Deg Deg Wind Dom Day Temp High Time Low Time Days Days Rain Speed High Time Dir ---------------------------------------------------------------------------------- 01 22.8 27.8 17:30 18.1 07:28 0.0 4.5 0.0 3.1 17.7 11:04 SSW 02 24.6 31.1 16:55 18.4 04:13 0.0 6.3 0.0 2.3 16.1 12:55 SSW 03 25.4 30.7 15:08 22.2 06:34 0.0 7.1 0.0 3.0 19.3 21:02 SW 04 23.9 28.1 13:01 20.3 07:09 0.0 5.6 0.0 6.2 29.0 13:11 E 05 24.0 30.3 15:04 18.9 06:32 0.0 5.7 0.0 4.1 22.5 14:03 ESE 06 25.1 30.4 16:46 20.3 06:42 0.0 6.6 0.0 3.6 24.1 14:16 SSW 07 26.5 32.6 15:00 21.8 06:57 0.0 8.2 0.0 6.1 37.0 14:11 SW 08 25.0 28.8 15:18 23.2 07:05 0.0 6.7 1.0 2.7 19.3 17:37 SSW 09 22.3 24.8 14:12 17.3 23:58 0.0 4.0 2.8 4.4 27.4 08:12 NW 10 19.0 24.6 11:45 13.4 07:17 1.4 2.1 0.0 3.7 24.1 13:28 E 11 18.3 24.3 15:54 13.7 04:22 1.5 1.5 0.8 4.1 29.0 20:09 N 12 13.4 15.0 12:08 10.5 23:56 4.9 0.0 21.0 5.7 35.4 22:13 NNE 13 12.1 13.3 13:08 10.5 00:16 6.1 0.0 12.4 7.5 33.8 01:08 NW 14 16.8 24.7 16:30 8.8 07:09 3.5 2.0 0.0 5.4 29.0 14:58 W 15 19.5 27.3 15:32 11.1 05:58 2.2 3.4 0.8 3.8 27.4 15:57 SW 16 21.2 28.2 15:21 14.2 06:59 0.9 3.8 0.0 2.8 20.9 14:56 SSW 17 21.2 28.4 16:29 14.6 07:09 0.7 3.6 0.0 2.7 17.7 15:16 S 18 20.7 26.8 14:04 14.7 06:36 0.8 3.2 0.0 2.8 20.9 11:31 SSW 19 19.5 24.9 12:28 13.1 23:59 0.6 1.9 4.6 7.2 43.5 15:46 WSW 20 14.1 19.4 15:36 9.3 07:17 4.3 0.1 0.0 3.5 20.9 05:14 SW 21 14.7 20.6 13:19 9.9 03:46 3.8 0.2 0.0 3.4 25.7 15:32 E 22 16.6 23.2 12:49 11.4 07:11 2.7 1.1 0.0 3.0 19.3 14:15 SE 23 17.5 24.3 12:42 11.5 06:31 2.4 1.7 0.2 2.6 16.1 14:32 S 24 18.7 24.2 12:12 13.9 04:15 1.3 1.6 0.0 3.8 24.1 13:19 ESE 25 17.3 21.9 14:47 13.6 23:59 1.7 0.7 0.0 5.5 24.1 15:50 E 26 15.6 20.7 15:29 10.8 06:50 3.2 0.5 0.0 4.7 24.1 17:33 E 27 17.3 20.9 12:04 12.8 07:24 1.7 0.6 0.0 3.2 24.1 12:00 SE 28 19.4 21.6 15:44 17.3 00:00 0.1 1.2 5.2 6.6 27.4 08:23 SSW 29 18.5 21.4 13:43 14.6 23:50 0.9 1.1 6.6 3.7 24.1 15:31 SW 30 13.8 17.6 14:40 9.3 23:57 4.6 0.0 0.0 5.8 30.6 13:01 NNE ---------------------------------------------------------------------------------- 19.5 32.6 7 8.8 14 49.3 85.0 55.4 4.2 43.5 19 S Max >= 27.0 11 Max <= 0.0 0 Min <= 0.0 0 Min <= -18.0 0 Max Rain: 21.0 on day 12 Days of Rain: 10 (>= 0.2 mm) 6 (>= 2.0 mm) 1 (>= 20.0 mm) Heat Base: 18.3 Cool Base: 18.3 Method: Integration