North Facing Camera Click On Play Button To View Live Image |
Sky Facing Camera Click On Image To View Full Screen In New Window |
NOAA-Style Climate Reports
Select a Year or Month report
2024: Jan Feb Mar Apr May Jun Jul Aug Sep Oct Nov Dec
2023: Jan Feb Mar Apr May Jun Jul Aug Sep Oct Nov Dec
2022: Jan Feb Mar Apr May Jun Jul Aug Sep Oct Nov Dec
2021: Jan Feb Mar Apr May Jun Jul Aug Sep Oct Nov Dec
2020: Jan Feb Mar Apr May Jun Jul Aug Sep Oct Nov Dec
2019: Jan Feb Mar Apr May Jun Jul Aug Sep Oct Nov Dec
2018: Jan Feb Mar Apr May Jun Jul Aug Sep Oct Nov Dec
2017: Jan Feb Mar Apr May Jun Jul Aug Sep Oct Nov Dec
2016: Jan Feb Mar Apr May Jun Jul Aug Sep Oct Nov Dec
2015: Jan Feb Mar Apr May Jun Jul Aug Sep Oct Nov Dec
2014: Jan Feb Mar Apr May Jun Jul Aug Sep Oct Nov Dec
2013: Jan Feb Mar Apr May Jun Jul Aug Sep Oct Nov Dec
2024: Jan Feb Mar Apr May Jun Jul Aug Sep Oct Nov Dec
2023: Jan Feb Mar Apr May Jun Jul Aug Sep Oct Nov Dec
2022: Jan Feb Mar Apr May Jun Jul Aug Sep Oct Nov Dec
2021: Jan Feb Mar Apr May Jun Jul Aug Sep Oct Nov Dec
2020: Jan Feb Mar Apr May Jun Jul Aug Sep Oct Nov Dec
2019: Jan Feb Mar Apr May Jun Jul Aug Sep Oct Nov Dec
2018: Jan Feb Mar Apr May Jun Jul Aug Sep Oct Nov Dec
2017: Jan Feb Mar Apr May Jun Jul Aug Sep Oct Nov Dec
2016: Jan Feb Mar Apr May Jun Jul Aug Sep Oct Nov Dec
2015: Jan Feb Mar Apr May Jun Jul Aug Sep Oct Nov Dec
2014: Jan Feb Mar Apr May Jun Jul Aug Sep Oct Nov Dec
2013: Jan Feb Mar Apr May Jun Jul Aug Sep Oct Nov Dec
Report for 2016 April
Monthly Climatological Summary for Apr 2016 Name: DW7240 City: Oshawa State: Ontario, Canada Elevation: 109 m Lat: N 43 53 48 Lon: W 078 52 26 Temperature (°C), Rain (mm), Wind Speed (km/h) Heat Cool Avg Mean Deg Deg Wind Dom Day Temp High Time Low Time Days Days Rain Speed High Time Dir ---------------------------------------------------------------------------------- 01 8.3 11.1 00:00 2.1 23:57 9.9 0.0 0.2 8.1 41.8 13:43 W 02 2.5 6.6 14:36 -0.1 03:15 15.8 0.0 0.2 8.1 40.2 23:15 WNW 03 -3.6 0.1 00:00 -6.6 07:36 21.9 0.0 2.2 12.9 54.7 04:12 NW 04 -3.8 -0.1 16:58 -6.6 07:42 22.1 0.0 1.0 9.5 33.8 08:50 NNE 05 -2.8 1.6 13:50 -8.5 07:09 21.0 0.0 0.0 6.8 37.0 16:57 WSW 06 0.5 4.3 23:20 -3.1 01:28 17.8 0.0 3.2 7.6 40.2 13:39 ESE 07 4.8 8.1 11:35 0.6 00:00 13.3 0.0 1.8 9.9 41.8 08:50 WSW 08 -0.4 3.5 15:59 -3.9 07:57 18.1 0.0 0.0 13.6 40.2 10:57 WNW 09 -2.4 0.8 15:13 -5.9 07:27 20.5 0.0 0.0 10.0 35.4 13:11 NNW 10 -0.1 0.4 23:07 -0.8 20:42 3.3 0.0 0.8 6.3 32.2 21:15 SE 11 7.1 9.2 16:36 3.5 00:00 6.2 0.0 0.4 6.7 33.8 20:44 WSW 12 3.3 7.8 15:42 -0.4 06:30 14.7 0.0 0.2 10.7 38.6 12:52 WNW 13 2.1 6.8 16:06 -3.2 06:53 16.1 0.0 0.0 4.2 22.5 10:20 SE 14 4.7 9.1 11:00 -1.4 04:20 13.6 0.0 0.0 5.7 29.0 11:29 ESE 15 9.5 15.2 14:56 3.8 04:33 8.8 0.0 0.0 6.6 27.4 13:16 E 16 11.3 15.6 16:14 6.4 05:48 7.0 0.0 0.0 5.4 25.7 14:35 ESE 17 13.9 20.8 11:14 5.2 06:25 5.1 0.6 0.0 3.9 17.7 14:06 SSW 18 16.7 23.0 10:30 8.3 02:25 3.1 1.4 0.0 7.1 32.2 23:09 WNW 19 11.6 17.4 16:01 6.9 07:00 6.7 0.0 0.0 8.2 32.2 00:05 NNW 20 9.6 14.1 18:00 3.6 06:33 8.6 0.0 0.0 1.9 22.5 00:02 NE 21 11.1 17.2 11:31 6.7 00:50 7.2 0.0 1.4 3.2 19.3 11:46 ESE 22 13.0 18.0 13:46 8.2 23:48 5.3 0.0 0.8 4.9 33.8 17:38 NNW 23 7.6 12.8 13:43 2.7 06:37 10.5 0.0 0.0 5.6 32.2 00:37 N 24 6.8 10.5 13:42 2.6 04:54 11.3 0.0 0.0 4.3 25.7 00:28 ESE 25 5.9 7.6 16:28 3.8 12:24 12.3 0.0 5.6 8.4 27.4 22:47 ENE 26 4.0 8.6 18:12 1.6 09:50 14.3 0.0 10.8 6.6 30.6 05:14 ENE 27 5.7 11.7 17:00 -0.1 06:19 12.3 0.0 0.0 4.8 33.8 18:00 NW 28 5.2 8.7 10:27 0.9 06:29 13.1 0.0 0.0 5.4 29.0 10:48 E 29 7.8 11.8 16:30 4.8 06:02 10.5 0.0 0.0 3.9 22.5 14:18 E 30 9.9 17.2 16:00 3.3 06:17 8.3 0.0 0.0 5.7 33.8 10:20 ESE ---------------------------------------------------------------------------------- 5.7 23.0 18 -8.5 5 358.7 2.0 28.6 6.8 54.7 3 NNW Max >= 27.0 0 Max <= 0.0 1 Min <= 0.0 12 Min <= -18.0 0 Max Rain: 10.8 on day 26 Days of Rain: 13 (>= 0.2 mm) 4 (>= 2.0 mm) 0 (>= 20.0 mm) Heat Base: 18.3 Cool Base: 18.3 Method: Integration