North Facing Camera Click On Play Button To View Live Image |
Sky Facing Camera Click On Image To View Full Screen In New Window |
NOAA-Style Climate Reports
Select a Year or Month report
2024: Jan Feb Mar Apr May Jun Jul Aug Sep Oct Nov Dec
2023: Jan Feb Mar Apr May Jun Jul Aug Sep Oct Nov Dec
2022: Jan Feb Mar Apr May Jun Jul Aug Sep Oct Nov Dec
2021: Jan Feb Mar Apr May Jun Jul Aug Sep Oct Nov Dec
2020: Jan Feb Mar Apr May Jun Jul Aug Sep Oct Nov Dec
2019: Jan Feb Mar Apr May Jun Jul Aug Sep Oct Nov Dec
2018: Jan Feb Mar Apr May Jun Jul Aug Sep Oct Nov Dec
2017: Jan Feb Mar Apr May Jun Jul Aug Sep Oct Nov Dec
2016: Jan Feb Mar Apr May Jun Jul Aug Sep Oct Nov Dec
2015: Jan Feb Mar Apr May Jun Jul Aug Sep Oct Nov Dec
2014: Jan Feb Mar Apr May Jun Jul Aug Sep Oct Nov Dec
2013: Jan Feb Mar Apr May Jun Jul Aug Sep Oct Nov Dec
2024: Jan Feb Mar Apr May Jun Jul Aug Sep Oct Nov Dec
2023: Jan Feb Mar Apr May Jun Jul Aug Sep Oct Nov Dec
2022: Jan Feb Mar Apr May Jun Jul Aug Sep Oct Nov Dec
2021: Jan Feb Mar Apr May Jun Jul Aug Sep Oct Nov Dec
2020: Jan Feb Mar Apr May Jun Jul Aug Sep Oct Nov Dec
2019: Jan Feb Mar Apr May Jun Jul Aug Sep Oct Nov Dec
2018: Jan Feb Mar Apr May Jun Jul Aug Sep Oct Nov Dec
2017: Jan Feb Mar Apr May Jun Jul Aug Sep Oct Nov Dec
2016: Jan Feb Mar Apr May Jun Jul Aug Sep Oct Nov Dec
2015: Jan Feb Mar Apr May Jun Jul Aug Sep Oct Nov Dec
2014: Jan Feb Mar Apr May Jun Jul Aug Sep Oct Nov Dec
2013: Jan Feb Mar Apr May Jun Jul Aug Sep Oct Nov Dec
Report for 2016 August
Monthly Climatological Summary for Aug 2016 Name: DW7240 City: Oshawa State: Ontario, Canada Elevation: 109 m Lat: N 43 53 48 Lon: W 078 52 26 Temperature (°C), Rain (mm), Wind Speed (km/h) Heat Cool Avg Mean Deg Deg Wind Dom Day Temp High Time Low Time Days Days Rain Speed High Time Dir ---------------------------------------------------------------------------------- 01 24.1 28.5 12:38 19.2 06:13 0.0 5.7 0.0 2.0 17.7 15:33 S 02 23.9 28.9 17:08 18.7 05:01 0.0 5.6 0.0 2.9 20.9 11:19 S 03 23.9 29.4 15:42 17.6 06:33 0.0 5.6 0.0 1.9 19.3 13:48 SSE 04 25.3 31.9 14:19 18.4 06:03 0.0 7.1 0.0 1.9 22.5 13:54 S 05 26.9 31.1 14:46 23.9 00:00 0.0 8.6 1.4 7.8 40.2 16:32 SW 06 24.3 29.6 16:35 19.2 06:26 0.0 6.0 0.0 6.3 32.2 15:38 NW 07 23.0 28.9 15:20 18.2 06:02 0.0 4.7 0.0 5.4 32.2 11:59 NNW 08 23.1 28.8 16:45 16.7 06:19 0.1 4.9 0.0 3.5 24.1 13:49 SSW 09 24.5 30.9 14:22 16.8 03:47 0.1 6.2 0.0 2.1 19.3 17:23 ESE 10 28.0 33.3 15:51 22.2 06:48 0.0 9.7 0.0 3.3 22.5 14:18 SW 11 27.6 33.7 16:32 21.7 06:38 0.0 9.3 0.0 2.8 20.9 11:28 S 12 28.3 33.7 12:25 25.1 05:17 0.0 10.0 0.0 7.2 41.8 16:09 SW 13 24.2 27.0 13:31 22.3 07:37 0.0 5.9 24.6 2.7 25.7 14:26 S 14 23.9 28.2 16:29 20.0 23:54 0.0 5.7 0.0 4.8 30.6 10:06 WNW 15 21.9 26.7 11:54 16.4 06:36 0.2 3.8 0.0 1.6 17.7 12:28 ESE 16 22.5 27.9 18:03 19.1 23:56 0.0 4.2 15.8 7.4 49.9 16:52 WSW 17 21.1 26.2 17:09 15.8 06:47 0.3 3.0 0.0 2.1 19.3 13:47 SSW 18 23.2 28.3 15:46 18.8 06:29 0.0 4.9 0.0 2.8 22.5 12:05 NNW 19 23.3 29.9 15:30 17.9 06:57 0.0 5.0 0.0 1.6 19.3 18:39 SE 20 24.9 31.3 15:49 21.3 01:57 0.0 6.6 2.0 3.2 32.2 23:40 S 21 23.9 28.0 15:45 17.8 23:57 0.0 5.6 2.4 10.4 41.8 14:53 WSW 22 18.5 24.2 16:11 12.6 06:12 1.5 1.7 0.0 3.5 30.6 15:04 WNW 23 20.9 27.7 14:38 13.4 04:06 1.4 4.0 0.0 5.8 40.2 14:40 SW 24 23.1 29.0 14:46 16.1 06:54 0.3 5.1 0.0 3.2 25.7 17:26 S 25 24.9 30.5 13:53 22.2 07:01 0.0 6.6 4.6 4.1 35.4 18:36 SW 26 24.1 29.2 14:09 19.4 07:01 0.0 5.8 0.2 4.4 29.0 15:48 WSW 27 22.5 27.7 13:33 17.3 05:09 0.1 4.3 0.0 2.2 19.3 11:57 SE 28 25.0 32.0 16:37 20.7 23:58 0.0 6.7 1.4 4.3 29.0 18:56 NW 29 22.5 27.6 13:44 18.1 06:53 0.0 4.2 0.0 2.9 24.1 15:34 WNW 30 22.5 29.1 17:06 16.1 06:48 0.3 4.5 0.0 4.0 32.2 18:27 SSW 31 23.6 28.6 13:01 18.6 23:58 0.0 5.3 0.0 4.3 30.6 14:47 WNW ---------------------------------------------------------------------------------- 23.9 33.7 11 12.6 22 4.3 176.3 52.4 4.0 49.9 16 SW Max >= 27.0 28 Max <= 0.0 0 Min <= 0.0 0 Min <= -18.0 0 Max Rain: 24.6 on day 13 Days of Rain: 8 (>= 0.2 mm) 5 (>= 2.0 mm) 1 (>= 20.0 mm) Heat Base: 18.3 Cool Base: 18.3 Method: Integration