North Facing Camera Click On Play Button To View Live Image |
Sky Facing Camera Click On Image To View Full Screen In New Window |
NOAA-Style Climate Reports
Select a Year or Month report
2024: Jan Feb Mar Apr May Jun Jul Aug Sep Oct Nov Dec
2023: Jan Feb Mar Apr May Jun Jul Aug Sep Oct Nov Dec
2022: Jan Feb Mar Apr May Jun Jul Aug Sep Oct Nov Dec
2021: Jan Feb Mar Apr May Jun Jul Aug Sep Oct Nov Dec
2020: Jan Feb Mar Apr May Jun Jul Aug Sep Oct Nov Dec
2019: Jan Feb Mar Apr May Jun Jul Aug Sep Oct Nov Dec
2018: Jan Feb Mar Apr May Jun Jul Aug Sep Oct Nov Dec
2017: Jan Feb Mar Apr May Jun Jul Aug Sep Oct Nov Dec
2016: Jan Feb Mar Apr May Jun Jul Aug Sep Oct Nov Dec
2015: Jan Feb Mar Apr May Jun Jul Aug Sep Oct Nov Dec
2014: Jan Feb Mar Apr May Jun Jul Aug Sep Oct Nov Dec
2013: Jan Feb Mar Apr May Jun Jul Aug Sep Oct Nov Dec
2024: Jan Feb Mar Apr May Jun Jul Aug Sep Oct Nov Dec
2023: Jan Feb Mar Apr May Jun Jul Aug Sep Oct Nov Dec
2022: Jan Feb Mar Apr May Jun Jul Aug Sep Oct Nov Dec
2021: Jan Feb Mar Apr May Jun Jul Aug Sep Oct Nov Dec
2020: Jan Feb Mar Apr May Jun Jul Aug Sep Oct Nov Dec
2019: Jan Feb Mar Apr May Jun Jul Aug Sep Oct Nov Dec
2018: Jan Feb Mar Apr May Jun Jul Aug Sep Oct Nov Dec
2017: Jan Feb Mar Apr May Jun Jul Aug Sep Oct Nov Dec
2016: Jan Feb Mar Apr May Jun Jul Aug Sep Oct Nov Dec
2015: Jan Feb Mar Apr May Jun Jul Aug Sep Oct Nov Dec
2014: Jan Feb Mar Apr May Jun Jul Aug Sep Oct Nov Dec
2013: Jan Feb Mar Apr May Jun Jul Aug Sep Oct Nov Dec
Report for 2017 January
Monthly Climatological Summary for Jan 2017 Name: DW7240 City: Oshawa State: Ontario, Canada Elevation: 358 ft Lat: N 43 53 48 Lon: W 078 52 26 Temperature (°C), Rain (mm), Wind Speed (km/h) Heat Cool Avg Mean Deg Deg Wind Dom Day Temp High Time Low Time Days Days Rain Speed High Time Dir ---------------------------------------------------------------------------------- 01 1.0 3.4 13:14 -2.3 23:58 17.3 0.0 0.0 7.8 37.0 01:48 W 02 1.6 4.3 12:53 -3.0 02:06 16.7 0.0 0.0 8.2 30.6 14:15 E 03 3.4 4.1 11:37 2.4 23:59 14.9 0.0 8.6 7.1 25.7 07:24 E 04 -1.4 2.8 09:53 -7.7 23:50 19.5 0.0 0.8 14.9 57.9 12:02 W 05 -7.0 -5.2 11:32 -10.1 23:52 25.3 0.0 0.0 14.3 48.3 07:03 W 06 -9.5 -5.7 13:39 -12.2 06:43 27.8 0.0 0.0 6.7 27.4 10:29 W 07 -10.3 -5.2 13:38 -15.0 07:22 28.6 0.0 0.0 5.7 32.2 17:44 W 08 -10.9 -9.4 14:09 -12.7 20:17 29.2 0.0 0.0 7.9 37.0 11:20 NW 09 -5.6 -1.6 23:58 -11.2 00:00 23.9 0.0 0.4 8.2 48.3 07:36 WSW 10 0.1 6.1 23:57 -2.1 08:27 18.2 0.0 14.4 10.1 45.1 23:54 SSE 11 4.4 7.3 01:14 1.8 08:13 13.8 0.0 1.6 12.3 69.2 02:28 WSW 12 3.2 7.3 06:22 -0.7 23:56 15.1 0.0 11.4 5.0 32.2 19:23 NW 13 -4.3 -0.7 00:00 -10.0 23:59 21.9 0.0 0.0 10.7 40.2 03:32 NW 14 -7.3 -2.9 16:13 -11.3 04:26 25.6 0.0 0.0 2.1 16.1 02:58 ENE 15 -2.9 0.1 13:11 -6.9 00:19 21.1 0.0 0.0 1.7 20.9 12:40 WNW 16 -1.6 3.6 13:18 -7.0 05:03 19.9 0.0 0.0 1.8 22.5 11:46 SW 17 0.4 1.7 22:18 -1.8 00:00 17.8 0.0 8.4 9.8 43.5 11:31 ENE 18 2.4 3.7 15:16 1.2 00:41 15.9 0.0 0.0 2.6 20.9 12:58 W 19 3.2 4.7 13:18 2.3 23:14 15.1 0.0 0.0 2.9 24.1 01:26 WSW 20 3.4 4.8 15:18 2.0 02:25 14.9 0.0 0.0 5.6 32.2 12:59 E 21 4.2 6.1 14:41 3.1 06:07 14.1 0.0 0.2 1.0 16.1 15:11 E 22 4.9 7.2 14:41 2.6 23:56 13.3 0.0 0.0 4.8 32.2 18:30 ENE 23 2.7 5.3 14:56 0.4 23:55 15.6 0.0 0.0 11.6 33.8 09:12 ENE 24 -0.4 0.4 00:00 -1.3 09:08 18.7 0.0 1.2 3.9 20.9 00:03 N 25 2.4 4.8 15:01 -0.8 00:16 15.8 0.0 0.4 3.3 24.1 13:44 WSW 26 2.8 3.6 09:17 1.9 18:44 15.5 0.0 1.2 6.5 37.0 23:12 WNW 27 1.0 3.2 13:13 -0.7 05:45 17.2 0.0 0.0 15.4 49.9 01:33 W 28 -0.7 -0.1 16:12 -1.2 05:47 18.6 0.0 0.2 11.9 33.8 10:19 WSW 29 -3.3 -1.0 00:00 -7.7 23:59 21.2 0.0 0.0 9.7 38.6 13:14 WNW 30 -8.7 -4.9 15:10 -12.3 07:53 27.0 0.0 0.0 3.8 25.7 14:01 NNW 31 -5.1 -3.3 15:38 -8.8 00:00 23.3 0.0 0.6 9.2 30.6 10:23 ENE ---------------------------------------------------------------------------------- -1.2 7.3 11 -15.0 7 602.8 0.0 49.4 7.3 69.2 11 W Max >= 27.0 0 Max <= 0.0 11 Min <= 0.0 22 Min <= -18.0 0 Max Rain: 14.4 on day 10 Days of Rain: 13 (>= 0.2 mm) 4 (>= 2.0 mm) 0 (>= 20.0 mm) Heat Base: 18.3 Cool Base: 18.3 Method: Integration