North Facing Camera Click On Play Button To View Live Image |
Sky Facing Camera Click On Image To View Full Screen In New Window |
NOAA-Style Climate Reports
Select a Year or Month report
2024: Jan Feb Mar Apr May Jun Jul Aug Sep Oct Nov Dec
2023: Jan Feb Mar Apr May Jun Jul Aug Sep Oct Nov Dec
2022: Jan Feb Mar Apr May Jun Jul Aug Sep Oct Nov Dec
2021: Jan Feb Mar Apr May Jun Jul Aug Sep Oct Nov Dec
2020: Jan Feb Mar Apr May Jun Jul Aug Sep Oct Nov Dec
2019: Jan Feb Mar Apr May Jun Jul Aug Sep Oct Nov Dec
2018: Jan Feb Mar Apr May Jun Jul Aug Sep Oct Nov Dec
2017: Jan Feb Mar Apr May Jun Jul Aug Sep Oct Nov Dec
2016: Jan Feb Mar Apr May Jun Jul Aug Sep Oct Nov Dec
2015: Jan Feb Mar Apr May Jun Jul Aug Sep Oct Nov Dec
2014: Jan Feb Mar Apr May Jun Jul Aug Sep Oct Nov Dec
2013: Jan Feb Mar Apr May Jun Jul Aug Sep Oct Nov Dec
2024: Jan Feb Mar Apr May Jun Jul Aug Sep Oct Nov Dec
2023: Jan Feb Mar Apr May Jun Jul Aug Sep Oct Nov Dec
2022: Jan Feb Mar Apr May Jun Jul Aug Sep Oct Nov Dec
2021: Jan Feb Mar Apr May Jun Jul Aug Sep Oct Nov Dec
2020: Jan Feb Mar Apr May Jun Jul Aug Sep Oct Nov Dec
2019: Jan Feb Mar Apr May Jun Jul Aug Sep Oct Nov Dec
2018: Jan Feb Mar Apr May Jun Jul Aug Sep Oct Nov Dec
2017: Jan Feb Mar Apr May Jun Jul Aug Sep Oct Nov Dec
2016: Jan Feb Mar Apr May Jun Jul Aug Sep Oct Nov Dec
2015: Jan Feb Mar Apr May Jun Jul Aug Sep Oct Nov Dec
2014: Jan Feb Mar Apr May Jun Jul Aug Sep Oct Nov Dec
2013: Jan Feb Mar Apr May Jun Jul Aug Sep Oct Nov Dec
Report for 2017 February
Monthly Climatological Summary for Feb 2017 Name: DW7240 City: Oshawa State: Ontario, Canada Elevation: 358 ft Lat: N 43 53 48 Lon: W 078 52 26 Temperature (°C), Rain (mm), Wind Speed (km/h) Heat Cool Avg Mean Deg Deg Wind Dom Day Temp High Time Low Time Days Days Rain Speed High Time Dir ---------------------------------------------------------------------------------- 01 -1.3 1.9 12:19 -5.2 05:08 19.6 0.0 0.4 6.8 35.4 11:20 W 02 -4.0 -2.1 00:00 -5.5 22:48 22.3 0.0 0.2 12.1 43.5 11:01 W 03 -6.1 -3.5 15:06 -8.4 07:07 24.4 0.0 0.0 12.9 38.6 11:18 W 04 -4.8 -2.3 23:58 -7.4 00:00 22.9 0.0 0.0 10.6 33.8 13:55 W 05 -0.8 0.7 17:48 -4.6 23:59 19.1 0.0 0.4 12.2 40.2 11:42 W 06 -3.2 0.6 16:23 -7.3 05:36 21.0 0.0 0.2 2.7 24.1 14:12 NW 07 -0.6 2.3 23:58 -2.1 13:56 18.9 0.0 7.6 9.0 33.8 10:46 ENE 08 -1.9 3.1 01:49 -8.5 23:57 20.1 0.0 0.4 11.7 45.1 08:28 NW 09 -8.6 -4.9 16:14 -13.3 07:30 26.6 0.0 0.0 7.6 33.8 19:41 NW 10 -5.7 -1.7 23:58 -9.3 07:35 23.8 0.0 4.4 6.0 32.2 19:26 SSW 11 0.6 3.7 13:14 -1.8 00:00 17.7 0.0 0.0 2.6 22.5 22:45 N 12 -3.2 0.3 21:19 -5.6 05:01 21.2 0.0 8.0 5.2 54.7 22:20 NNW 13 -2.6 -0.9 04:50 -7.7 23:59 20.9 0.0 0.4 9.5 49.9 00:05 NW 14 -0.6 4.4 13:48 -10.1 03:40 18.8 0.0 0.2 5.1 38.6 10:53 SW 15 -1.1 2.6 11:15 -5.9 23:57 19.4 0.0 0.0 8.3 41.8 15:57 NW 16 -7.1 -3.2 15:30 -11.9 08:17 25.4 0.0 0.0 9.8 33.8 04:39 NW 17 -3.1 0.2 14:27 -6.5 00:09 21.4 0.0 0.0 3.1 17.7 10:55 SSW 18 5.1 15.5 12:56 -2.5 07:18 12.7 0.0 0.0 5.4 32.2 14:22 W 19 6.9 12.8 13:34 2.6 23:58 11.3 0.0 0.0 6.2 35.4 17:00 NW 20 1.5 5.0 12:21 -1.2 06:57 16.9 0.0 0.0 3.0 17.7 23:58 ENE 21 3.3 6.3 13:55 -0.2 00:00 15.0 0.0 1.6 4.4 29.0 02:33 E 22 5.7 7.9 15:06 3.9 05:51 12.6 0.0 0.0 1.5 20.9 11:29 E 23 9.7 18.3 14:55 4.2 23:55 8.6 0.0 0.0 7.3 40.2 16:10 W 24 4.6 6.3 16:57 2.9 03:03 13.7 0.0 1.4 6.4 29.0 06:44 ENE 25 4.5 7.8 13:38 -1.1 23:55 13.7 0.0 6.6 9.9 56.3 16:15 W 26 0.2 2.5 23:58 -2.8 06:30 18.1 0.0 0.0 15.7 45.1 00:23 WSW 27 5.0 10.1 14:51 1.1 23:45 13.3 0.0 0.0 8.8 40.2 12:55 W 28 5.1 9.2 19:59 0.6 06:25 13.2 0.0 2.4 3.2 27.4 14:41 E ---------------------------------------------------------------------------------- -0.1 18.3 23 -13.3 9 512.6 0.0 34.2 7.3 56.3 25 WNW Max >= 27.0 0 Max <= 0.0 7 Min <= 0.0 22 Min <= -18.0 0 Max Rain: 8.0 on day 12 Days of Rain: 14 (>= 0.2 mm) 5 (>= 2.0 mm) 0 (>= 20.0 mm) Heat Base: 18.3 Cool Base: 18.3 Method: Integration