North Facing Camera Click On Play Button To View Live Image |
Sky Facing Camera Click On Image To View Full Screen In New Window |
NOAA-Style Climate Reports
Select a Year or Month report
2024: Jan Feb Mar Apr May Jun Jul Aug Sep Oct Nov Dec
2023: Jan Feb Mar Apr May Jun Jul Aug Sep Oct Nov Dec
2022: Jan Feb Mar Apr May Jun Jul Aug Sep Oct Nov Dec
2021: Jan Feb Mar Apr May Jun Jul Aug Sep Oct Nov Dec
2020: Jan Feb Mar Apr May Jun Jul Aug Sep Oct Nov Dec
2019: Jan Feb Mar Apr May Jun Jul Aug Sep Oct Nov Dec
2018: Jan Feb Mar Apr May Jun Jul Aug Sep Oct Nov Dec
2017: Jan Feb Mar Apr May Jun Jul Aug Sep Oct Nov Dec
2016: Jan Feb Mar Apr May Jun Jul Aug Sep Oct Nov Dec
2015: Jan Feb Mar Apr May Jun Jul Aug Sep Oct Nov Dec
2014: Jan Feb Mar Apr May Jun Jul Aug Sep Oct Nov Dec
2013: Jan Feb Mar Apr May Jun Jul Aug Sep Oct Nov Dec
2024: Jan Feb Mar Apr May Jun Jul Aug Sep Oct Nov Dec
2023: Jan Feb Mar Apr May Jun Jul Aug Sep Oct Nov Dec
2022: Jan Feb Mar Apr May Jun Jul Aug Sep Oct Nov Dec
2021: Jan Feb Mar Apr May Jun Jul Aug Sep Oct Nov Dec
2020: Jan Feb Mar Apr May Jun Jul Aug Sep Oct Nov Dec
2019: Jan Feb Mar Apr May Jun Jul Aug Sep Oct Nov Dec
2018: Jan Feb Mar Apr May Jun Jul Aug Sep Oct Nov Dec
2017: Jan Feb Mar Apr May Jun Jul Aug Sep Oct Nov Dec
2016: Jan Feb Mar Apr May Jun Jul Aug Sep Oct Nov Dec
2015: Jan Feb Mar Apr May Jun Jul Aug Sep Oct Nov Dec
2014: Jan Feb Mar Apr May Jun Jul Aug Sep Oct Nov Dec
2013: Jan Feb Mar Apr May Jun Jul Aug Sep Oct Nov Dec
Report for 2017 June
Monthly Climatological Summary for Jun 2017 Name: DW7240 City: Oshawa State: Ontario, Canada Elevation: 358 ft Lat: N 43 53 48 Lon: W 078 52 26 Temperature (°C), Rain (mm), Wind Speed (km/h) Heat Cool Avg Mean Deg Deg Wind Dom Day Temp High Time Low Time Days Days Rain Speed High Time Dir ---------------------------------------------------------------------------------- 01 14.0 19.1 16:49 10.2 22:26 4.3 0.0 0.0 5.5 40.2 13:35 WNW 02 14.2 20.0 15:03 6.6 05:59 4.3 0.2 0.0 4.8 46.7 12:35 NW 03 16.0 22.3 14:30 10.4 06:12 3.1 0.7 0.0 1.9 25.7 08:58 WNW 04 12.8 14.4 16:42 11.2 11:42 5.5 0.0 7.8 2.5 25.7 16:35 ENE 05 14.9 17.5 18:32 13.0 00:00 3.4 0.0 0.2 0.7 24.1 21:04 NNE 06 14.0 16.4 09:46 11.7 23:59 4.3 0.0 2.6 2.9 30.6 16:09 ENE 07 14.9 20.7 18:54 7.7 05:31 3.7 0.3 0.0 1.2 19.3 13:11 SSW 08 19.0 25.9 13:32 10.1 05:17 2.2 2.9 0.0 1.3 19.3 13:36 SW 09 18.5 26.0 15:20 11.2 04:51 1.6 1.8 2.0 2.0 29.0 15:35 SW 10 20.9 27.1 15:29 14.4 05:40 0.7 3.3 0.2 1.6 24.1 21:13 SSW 11 23.0 27.7 16:52 17.9 05:26 0.0 4.6 0.0 6.2 41.8 15:30 SW 12 23.3 29.0 17:34 17.2 05:54 0.1 5.0 0.0 2.5 29.0 13:12 SW 13 21.8 24.7 18:12 18.2 23:38 0.0 3.5 1.4 0.9 30.6 05:41 N 14 19.1 23.0 10:47 14.8 04:00 0.7 1.5 1.0 2.0 24.1 11:32 E 15 17.7 20.2 10:50 15.8 00:31 0.8 0.3 0.4 2.9 29.0 11:19 ENE 16 22.3 30.2 14:50 17.0 06:34 0.3 4.2 1.6 1.3 30.6 22:00 SSW 17 22.9 27.9 14:22 19.4 04:24 0.0 4.5 10.8 0.5 22.5 15:52 NW 18 23.1 28.6 15:16 20.1 23:43 0.0 4.7 2.2 4.6 46.7 12:25 SW 19 21.6 28.1 14:53 17.7 05:39 0.1 3.4 6.6 2.4 27.4 13:04 SW 20 18.3 23.1 15:19 14.2 23:57 0.9 0.9 19.2 2.2 41.8 15:43 W 21 18.3 24.6 18:33 12.8 05:28 1.8 1.8 0.0 2.4 30.6 12:51 WSW 22 17.8 22.0 14:52 12.1 05:52 1.4 0.9 0.6 0.6 16.1 14:31 SSE 23 20.6 23.7 18:41 18.5 00:00 0.0 2.3 50.6 0.6 25.7 00:17 SW 24 21.5 26.7 14:29 16.6 06:06 0.2 3.4 0.0 4.6 40.2 14:31 WNW 25 17.3 21.0 11:31 14.3 23:46 1.4 0.4 2.0 2.7 43.5 12:33 WSW 26 15.3 20.7 14:24 13.0 16:53 3.2 0.2 13.4 0.5 30.6 15:38 NNW 27 15.5 20.4 18:10 10.7 04:41 3.1 0.3 1.4 1.7 32.2 17:14 W 28 18.0 24.6 16:06 10.1 06:03 2.3 2.0 0.0 2.5 35.4 17:01 SSW 29 18.8 23.2 18:01 15.3 07:03 1.0 1.5 3.4 0.5 16.1 07:04 SSE 30 21.1 25.7 16:48 17.3 05:18 0.1 2.9 3.2 3.2 35.4 17:47 SW ---------------------------------------------------------------------------------- 18.6 30.2 16 6.6 2 50.5 57.5 130.6 2.3 46.7 2 WSW Max >= 27.0 7 Max <= 0.0 0 Min <= 0.0 0 Min <= -18.0 0 Max Rain: 50.6 on day 23 Days of Rain: 20 (>= 0.2 mm) 12 (>= 2.0 mm) 1 (>= 20.0 mm) Heat Base: 18.3 Cool Base: 18.3 Method: Integration