North Facing Camera Click On Play Button To View Live Image |
Sky Facing Camera Click On Image To View Full Screen In New Window |
NOAA-Style Climate Reports
Select a Year or Month report
2024: Jan Feb Mar Apr May Jun Jul Aug Sep Oct Nov Dec
2023: Jan Feb Mar Apr May Jun Jul Aug Sep Oct Nov Dec
2022: Jan Feb Mar Apr May Jun Jul Aug Sep Oct Nov Dec
2021: Jan Feb Mar Apr May Jun Jul Aug Sep Oct Nov Dec
2020: Jan Feb Mar Apr May Jun Jul Aug Sep Oct Nov Dec
2019: Jan Feb Mar Apr May Jun Jul Aug Sep Oct Nov Dec
2018: Jan Feb Mar Apr May Jun Jul Aug Sep Oct Nov Dec
2017: Jan Feb Mar Apr May Jun Jul Aug Sep Oct Nov Dec
2016: Jan Feb Mar Apr May Jun Jul Aug Sep Oct Nov Dec
2015: Jan Feb Mar Apr May Jun Jul Aug Sep Oct Nov Dec
2014: Jan Feb Mar Apr May Jun Jul Aug Sep Oct Nov Dec
2013: Jan Feb Mar Apr May Jun Jul Aug Sep Oct Nov Dec
2024: Jan Feb Mar Apr May Jun Jul Aug Sep Oct Nov Dec
2023: Jan Feb Mar Apr May Jun Jul Aug Sep Oct Nov Dec
2022: Jan Feb Mar Apr May Jun Jul Aug Sep Oct Nov Dec
2021: Jan Feb Mar Apr May Jun Jul Aug Sep Oct Nov Dec
2020: Jan Feb Mar Apr May Jun Jul Aug Sep Oct Nov Dec
2019: Jan Feb Mar Apr May Jun Jul Aug Sep Oct Nov Dec
2018: Jan Feb Mar Apr May Jun Jul Aug Sep Oct Nov Dec
2017: Jan Feb Mar Apr May Jun Jul Aug Sep Oct Nov Dec
2016: Jan Feb Mar Apr May Jun Jul Aug Sep Oct Nov Dec
2015: Jan Feb Mar Apr May Jun Jul Aug Sep Oct Nov Dec
2014: Jan Feb Mar Apr May Jun Jul Aug Sep Oct Nov Dec
2013: Jan Feb Mar Apr May Jun Jul Aug Sep Oct Nov Dec
Report for 2018 January
Monthly Climatological Summary for Jan 2018 Name: DW7240 City: Oshawa State: Ontario, Canada Elevation: 358 ft Lat: N 43 53 48 Lon: W 078 52 26 Temperature (°C), Rain (mm), Wind Speed (km/h) Heat Cool Avg Mean Deg Deg Wind Dom Day Temp High Time Low Time Days Days Rain Speed High Time Dir ---------------------------------------------------------------------------------- 01 -16.0 -7.9 13:49 -22.5 04:56 34.3 0.0 0.0 4.6 46.7 16:05 NW 02 -10.8 -6.4 14:50 -17.4 00:11 29.0 0.0 0.0 7.5 49.9 14:44 W 03 -7.8 -5.1 12:13 -11.7 03:44 26.1 0.0 0.2 7.7 43.5 07:32 W 04 -12.7 -7.7 00:14 -20.6 23:56 31.0 0.0 0.0 10.1 43.5 21:57 NNW 05 -20.3 -16.1 15:07 -23.8 08:11 38.6 0.0 0.0 10.6 43.5 01:08 NNW 06 -21.1 -16.4 15:35 -25.4 07:31 39.4 0.0 0.0 6.2 37.0 13:25 NW 07 -11.0 -2.7 23:32 -22.5 02:52 29.3 0.0 0.0 8.8 45.1 15:33 WSW 08 0.6 2.2 19:28 -2.7 00:00 17.3 0.0 8.4 43.9 35.4 20:37 W 09 -0.2 1.4 00:00 -1.6 23:08 18.4 0.0 0.0 4.6 32.2 02:43 WNW 10 0.5 3.2 23:59 -1.7 07:21 17.6 0.0 0.8 4.1 22.7 18:26 ENE 11 6.6 9.8 20:01 3.2 00:09 11.7 0.0 10.4 0.1 22.7 10:20 E 12 0.7 11.2 08:22 -10.6 23:56 17.5 0.0 11.8 8.2 65.5 14:01 N 13 -13.7 -10.6 00:00 -16.0 23:52 32.0 0.0 0.0 10.6 46.7 07:44 N 14 -11.8 -6.5 15:22 -17.4 04:40 30.1 0.0 0.6 1.3 27.4 23:55 E 15 -10.0 -7.4 00:00 -11.9 09:06 28.3 0.0 0.0 12.6 41.8 10:36 ENE 16 -6.6 -2.7 15:38 -9.9 06:41 24.9 0.0 0.6 1.2 17.7 00:08 ENE 17 -6.6 -4.4 15:30 -10.6 08:08 24.9 0.0 0.2 5.9 40.2 18:18 W 18 -5.5 -3.6 23:10 -7.6 04:53 23.6 0.0 0.0 6.8 30.6 01:41 W 19 -0.7 2.7 23:49 -4.4 01:53 19.0 0.0 0.0 7.6 45.1 21:14 WSW 20 2.8 4.9 12:32 0.6 23:59 15.5 0.0 0.0 4.9 41.8 02:19 W 21 1.3 4.1 11:06 -1.4 06:33 17.0 0.0 0.0 0.5 16.1 12:55 ESE 22 1.7 2.7 01:25 0.4 20:41 16.3 0.0 4.4 2.1 23.8 07:25 E 23 2.8 7.0 14:00 -4.8 23:59 15.4 0.0 3.8 0.8 38.6 23:49 NW 24 -8.4 -4.8 00:00 -12.1 08:40 26.7 0.0 0.0 9.4 43.5 05:45 NNW 25 -7.3 -3.9 16:54 -11.1 01:36 25.6 0.0 0.0 0.7 19.3 00:30 N 26 -0.5 2.3 15:00 -5.1 00:00 18.8 0.0 0.0 3.3 33.8 09:44 ESE 27 4.5 6.7 12:10 -0.8 00:00 13.8 0.0 0.8 3.8 59.5 21:49 WSW 28 0.6 5.5 11:48 -3.1 23:56 17.7 0.0 0.0 0.8 20.9 16:55 N 29 -3.6 -1.0 13:37 -7.6 23:58 21.7 0.0 0.2 2.4 25.7 23:41 NE 30 -10.2 -7.6 00:00 -15.1 23:56 28.5 0.0 0.2 6.9 40.2 16:24 NNW 31 -6.3 2.1 22:17 -16.6 02:19 24.6 0.0 1.6 2.4 32.2 11:44 S ---------------------------------------------------------------------------------- -5.5 11.2 12 -25.4 6 734.6 0.0 44.0 6.4 65.5 12 WNW Max >= 27.0 0 Max <= 0.0 17 Min <= 0.0 28 Min <= -18.0 5 Max Rain: 11.8 on day 12 Days of Rain: 14 (>= 0.2 mm) 5 (>= 2.0 mm) 0 (>= 20.0 mm) Heat Base: 18.3 Cool Base: 18.3 Method: Integration