North Facing Camera Click On Play Button To View Live Image |
Sky Facing Camera Click On Image To View Full Screen In New Window |
NOAA-Style Climate Reports
Select a Year or Month report
2024: Jan Feb Mar Apr May Jun Jul Aug Sep Oct Nov Dec
2023: Jan Feb Mar Apr May Jun Jul Aug Sep Oct Nov Dec
2022: Jan Feb Mar Apr May Jun Jul Aug Sep Oct Nov Dec
2021: Jan Feb Mar Apr May Jun Jul Aug Sep Oct Nov Dec
2020: Jan Feb Mar Apr May Jun Jul Aug Sep Oct Nov Dec
2019: Jan Feb Mar Apr May Jun Jul Aug Sep Oct Nov Dec
2018: Jan Feb Mar Apr May Jun Jul Aug Sep Oct Nov Dec
2017: Jan Feb Mar Apr May Jun Jul Aug Sep Oct Nov Dec
2016: Jan Feb Mar Apr May Jun Jul Aug Sep Oct Nov Dec
2015: Jan Feb Mar Apr May Jun Jul Aug Sep Oct Nov Dec
2014: Jan Feb Mar Apr May Jun Jul Aug Sep Oct Nov Dec
2013: Jan Feb Mar Apr May Jun Jul Aug Sep Oct Nov Dec
2024: Jan Feb Mar Apr May Jun Jul Aug Sep Oct Nov Dec
2023: Jan Feb Mar Apr May Jun Jul Aug Sep Oct Nov Dec
2022: Jan Feb Mar Apr May Jun Jul Aug Sep Oct Nov Dec
2021: Jan Feb Mar Apr May Jun Jul Aug Sep Oct Nov Dec
2020: Jan Feb Mar Apr May Jun Jul Aug Sep Oct Nov Dec
2019: Jan Feb Mar Apr May Jun Jul Aug Sep Oct Nov Dec
2018: Jan Feb Mar Apr May Jun Jul Aug Sep Oct Nov Dec
2017: Jan Feb Mar Apr May Jun Jul Aug Sep Oct Nov Dec
2016: Jan Feb Mar Apr May Jun Jul Aug Sep Oct Nov Dec
2015: Jan Feb Mar Apr May Jun Jul Aug Sep Oct Nov Dec
2014: Jan Feb Mar Apr May Jun Jul Aug Sep Oct Nov Dec
2013: Jan Feb Mar Apr May Jun Jul Aug Sep Oct Nov Dec
Report for 2018 April
Monthly Climatological Summary for Apr 2018 Name: DW7240 City: Oshawa State: Ontario, Canada Elevation: 390 ft Lat: N 43 53 49 Lon: W 078 52 26 Temperature (°C), Rain (mm), Wind Speed (km/h) Heat Cool Avg Mean Deg Deg Wind Dom Day Temp High Time Low Time Days Days Rain Speed High Time Dir ---------------------------------------------------------------------------------- 01 0.0 6.4 00:00 -2.6 07:16 8.7 0.0 0.4 7.1 48.3 03:08 WNW 02 3.6 6.2 15:26 1.1 00:00 11.3 0.0 0.0 0.0 1.6 10:35 N 03 2.9 5.3 13:34 1.2 05:43 15.4 0.0 9.4 0.0 11.3 04:15 ENE 04 1.8 6.3 11:47 -3.9 22:26 16.3 0.0 7.8 0.0 0.0 00:00 N 05 -2.0 2.4 16:13 -7.0 07:05 20.2 0.0 0.0 0.3 20.9 05:17 NNW 06 0.8 4.1 18:21 -1.2 07:02 17.3 0.0 1.0 0.0 9.7 03:53 S 07 -1.3 2.4 15:00 -4.4 06:35 19.3 0.0 0.0 1.0 41.8 04:25 WNW 08 -1.5 2.0 16:30 -4.0 06:17 19.8 0.0 0.0 1.8 29.0 17:16 NNW 09 -0.3 3.9 14:33 -5.3 03:55 18.6 0.0 0.0 0.2 14.5 11:50 SSW 10 2.0 6.0 14:09 -1.3 07:12 16.3 0.0 0.2 1.9 33.8 14:50 SW 11 2.8 5.8 12:04 -0.7 02:40 15.6 0.0 1.2 0.1 33.8 11:17 SW 12 3.6 10.8 17:33 -2.3 04:28 14.8 0.0 2.2 0.5 32.2 22:12 NNW 13 4.2 6.0 11:59 2.6 03:53 14.1 0.0 7.4 1.1 27.4 02:01 ENE 14 -0.4 4.2 00:12 -4.2 18:35 18.1 0.0 8.4 8.9 48.3 10:34 NE 15 -1.8 0.8 23:47 -3.8 00:00 20.1 0.0 12.0 16.0 45.1 11:49 ENE 16 1.7 3.3 16:39 0.6 23:41 16.6 0.0 32.6 8.5 53.1 06:58 E 17 1.0 2.6 11:35 -0.6 07:05 17.3 0.0 1.4 0.8 30.6 09:46 W 18 2.8 5.5 15:30 1.0 01:41 15.2 0.0 0.0 0.0 20.9 08:55 W 19 2.0 4.2 16:25 0.4 01:19 16.1 0.0 0.0 0.0 0.0 00:00 N 20 3.2 8.6 16:17 -1.2 06:05 14.8 0.0 0.0 0.0 0.0 00:00 N 21 7.3 14.5 17:35 0.3 06:49 10.9 0.0 0.0 0.0 6.4 09:30 N 22 9.2 15.4 16:31 1.5 06:42 9.1 0.0 0.0 0.0 0.0 00:00 N 23 11.6 18.2 16:47 2.4 02:31 6.7 0.0 0.0 0.0 0.0 00:00 N 24 11.2 16.6 12:38 6.1 05:26 7.1 0.0 1.4 0.0 0.0 00:00 N 25 8.8 11.3 16:19 4.9 23:57 9.5 0.0 15.2 0.0 0.0 00:00 N 26 8.6 15.4 16:40 3.7 05:41 9.7 0.0 2.4 0.0 0.0 00:00 N 27 8.5 13.8 12:15 2.2 05:32 9.7 0.0 0.0 0.0 0.0 00:00 N 28 6.3 9.2 00:00 2.3 21:34 12.0 0.0 1.8 0.0 0.0 00:00 N 29 5.7 10.9 15:21 1.1 06:00 12.6 0.0 0.0 0.0 0.0 00:00 N 30 11.2 19.0 15:44 2.8 05:23 7.0 0.1 0.0 0.0 1.6 10:29 N ---------------------------------------------------------------------------------- 3.8 19.0 30 -7.0 5 420.2 0.1 104.8 1.6 53.1 16 NE Max >= 27.0 0 Max <= 0.0 0 Min <= 0.0 14 Min <= -18.0 0 Max Rain: 32.6 on day 16 Days of Rain: 16 (>= 0.2 mm) 9 (>= 2.0 mm) 1 (>= 20.0 mm) Heat Base: 18.3 Cool Base: 18.3 Method: Integration