North Facing Camera Click On Play Button To View Live Image |
Sky Facing Camera Click On Image To View Full Screen In New Window |
NOAA-Style Climate Reports
Select a Year or Month report
2024: Jan Feb Mar Apr May Jun Jul Aug Sep Oct Nov Dec
2023: Jan Feb Mar Apr May Jun Jul Aug Sep Oct Nov Dec
2022: Jan Feb Mar Apr May Jun Jul Aug Sep Oct Nov Dec
2021: Jan Feb Mar Apr May Jun Jul Aug Sep Oct Nov Dec
2020: Jan Feb Mar Apr May Jun Jul Aug Sep Oct Nov Dec
2019: Jan Feb Mar Apr May Jun Jul Aug Sep Oct Nov Dec
2018: Jan Feb Mar Apr May Jun Jul Aug Sep Oct Nov Dec
2017: Jan Feb Mar Apr May Jun Jul Aug Sep Oct Nov Dec
2016: Jan Feb Mar Apr May Jun Jul Aug Sep Oct Nov Dec
2015: Jan Feb Mar Apr May Jun Jul Aug Sep Oct Nov Dec
2014: Jan Feb Mar Apr May Jun Jul Aug Sep Oct Nov Dec
2013: Jan Feb Mar Apr May Jun Jul Aug Sep Oct Nov Dec
2024: Jan Feb Mar Apr May Jun Jul Aug Sep Oct Nov Dec
2023: Jan Feb Mar Apr May Jun Jul Aug Sep Oct Nov Dec
2022: Jan Feb Mar Apr May Jun Jul Aug Sep Oct Nov Dec
2021: Jan Feb Mar Apr May Jun Jul Aug Sep Oct Nov Dec
2020: Jan Feb Mar Apr May Jun Jul Aug Sep Oct Nov Dec
2019: Jan Feb Mar Apr May Jun Jul Aug Sep Oct Nov Dec
2018: Jan Feb Mar Apr May Jun Jul Aug Sep Oct Nov Dec
2017: Jan Feb Mar Apr May Jun Jul Aug Sep Oct Nov Dec
2016: Jan Feb Mar Apr May Jun Jul Aug Sep Oct Nov Dec
2015: Jan Feb Mar Apr May Jun Jul Aug Sep Oct Nov Dec
2014: Jan Feb Mar Apr May Jun Jul Aug Sep Oct Nov Dec
2013: Jan Feb Mar Apr May Jun Jul Aug Sep Oct Nov Dec
Report for 2019 January
Monthly Climatological Summary for Jan 2019 Name: DW7240 City: Oshawa State: Ontario, Canada Elevation: 390 ft Lat: N 43 53 48 Lon: W 078 52 26 Temperature (°C), Rain (mm), Wind Speed (km/h) Heat Cool Avg Mean Deg Deg Wind Dom Day Temp High Time Low Time Days Days Rain Speed High Time Dir ---------------------------------------------------------------------------------- 01 -1.1 5.3 02:00 -7.9 23:29 18.9 0.0 0.8 28.6 29.0 16:37 NNW 02 -6.3 -2.7 23:58 -10.8 07:54 24.4 0.0 0.8 0.5 19.3 15:00 E 03 -0.5 1.2 23:47 -2.9 04:20 18.1 0.0 0.6 2.1 29.0 22:19 W 04 2.5 6.3 13:53 -0.1 21:27 15.7 0.0 0.0 1.7 30.6 00:06 WSW 05 1.5 3.2 15:28 -1.2 04:58 16.8 0.0 0.0 1.9 29.0 18:12 WNW 06 -5.9 -3.8 17:56 -8.0 23:58 6.1 0.0 0.0 6.7 20.9 18:03 NNE 07 -4.9 1.9 23:34 -10.0 04:23 22.8 0.0 1.6 ---- 48.3 16:22 E 08 4.6 7.0 11:31 1.7 00:00 13.7 0.0 2.8 ---- 27.4 03:31 W 09 -0.3 3.6 00:00 -4.7 23:58 18.7 0.0 0.4 ---- 45.1 20:30 NW 10 -7.8 -4.7 00:00 -11.5 23:47 26.1 0.0 0.0 ---- 51.5 14:11 NNW 11 -11.2 -7.9 23:49 -14.1 05:02 29.5 0.0 0.0 ---- 38.6 05:29 N 12 -7.2 -4.3 13:21 -8.7 23:37 25.1 0.0 0.0 ---- 14.5 09:07 NE 13 -9.2 -5.6 14:42 -12.8 08:05 27.5 0.0 0.0 ---- 19.3 02:50 ENE 14 -3.0 -1.7 14:11 -5.0 23:07 10.4 0.0 0.0 ---- 9.7 22:06 SW 15 -1.1 0.9 13:09 -4.2 00:00 19.4 0.0 0.0 ---- 45.1 22:40 W 16 -4.5 0.0 09:20 -12.3 23:48 22.8 0.0 0.2 ---- 48.3 10:39 NW 17 -8.5 -3.1 21:46 -13.8 04:27 26.8 0.0 0.2 ---- 27.4 15:27 E 18 -2.7 0.7 14:02 -8.6 23:59 20.6 0.0 0.8 ---- 29.0 14:23 NW 19 -14.0 -8.6 00:00 -16.2 23:24 32.3 0.0 21.2 ---- 29.0 00:26 NE 20 -17.6 -15.2 10:42 -22.6 23:59 35.9 0.0 0.2 ---- 48.3 14:18 N 21 -1.2 -2.4 00:01 -2.4 00:01 0.0 0.0 0.0 ---- 14.5 00:01 W 22 -5.6 -2.3 00:11 -10.1 23:59 22.6 0.0 1.2 ---- 43.5 09:41 WNW 23 -9.2 -4.9 23:30 -13.0 08:01 27.5 0.0 5.6 ---- 25.7 00:34 W 24 -1.2 -2.4 00:01 -2.4 00:01 0.0 0.0 0.0 ---- 14.5 00:01 W 25 -5.6 -2.3 00:11 -10.1 23:59 22.6 0.0 0.2 ---- 43.5 09:41 WNW 26 -9.2 -4.9 23:30 -13.0 08:01 27.5 0.0 0.0 ---- 25.7 00:34 W 27 -12.2 -14.3 23:54 -14.9 23:59 0.1 0.0 0.0 ---- 0.0 00:00 N 28 -15.7 -11.9 23:55 -19.3 07:18 32.7 0.0 0.0 ---- 41.8 21:06 ENE 29 -6.6 -0.9 05:31 -13.3 23:53 23.4 0.0 1.0 ---- 46.7 20:31 W 30 -16.1 -13.3 00:00 -20.1 23:56 33.7 0.0 0.0 ---- 45.1 14:18 WNW 31 -16.2 -11.9 13:48 -20.6 01:37 33.9 0.0 0.0 ---- 49.9 12:45 WNW ---------------------------------------------------------------------------------- -6.3 7.0 8 -22.6 20 655.6 0.0 37.6 5.4 51.5 10 NNW Max >= 27.0 0 Max <= 0.0 22 Min <= 0.0 30 Min <= -18.0 4 Max Rain: 21.2 on day 19 Days of Rain: 14 (>= 0.2 mm) 2 (>= 2.0 mm) 1 (>= 20.0 mm) Heat Base: 18.3 Cool Base: 18.3 Method: Integration