North Facing Camera Click On Play Button To View Live Image |
Sky Facing Camera Click On Image To View Full Screen In New Window |
NOAA-Style Climate Reports
Select a Year or Month report
2024: Jan Feb Mar Apr May Jun Jul Aug Sep Oct Nov Dec
2023: Jan Feb Mar Apr May Jun Jul Aug Sep Oct Nov Dec
2022: Jan Feb Mar Apr May Jun Jul Aug Sep Oct Nov Dec
2021: Jan Feb Mar Apr May Jun Jul Aug Sep Oct Nov Dec
2020: Jan Feb Mar Apr May Jun Jul Aug Sep Oct Nov Dec
2019: Jan Feb Mar Apr May Jun Jul Aug Sep Oct Nov Dec
2018: Jan Feb Mar Apr May Jun Jul Aug Sep Oct Nov Dec
2017: Jan Feb Mar Apr May Jun Jul Aug Sep Oct Nov Dec
2016: Jan Feb Mar Apr May Jun Jul Aug Sep Oct Nov Dec
2015: Jan Feb Mar Apr May Jun Jul Aug Sep Oct Nov Dec
2014: Jan Feb Mar Apr May Jun Jul Aug Sep Oct Nov Dec
2013: Jan Feb Mar Apr May Jun Jul Aug Sep Oct Nov Dec
2024: Jan Feb Mar Apr May Jun Jul Aug Sep Oct Nov Dec
2023: Jan Feb Mar Apr May Jun Jul Aug Sep Oct Nov Dec
2022: Jan Feb Mar Apr May Jun Jul Aug Sep Oct Nov Dec
2021: Jan Feb Mar Apr May Jun Jul Aug Sep Oct Nov Dec
2020: Jan Feb Mar Apr May Jun Jul Aug Sep Oct Nov Dec
2019: Jan Feb Mar Apr May Jun Jul Aug Sep Oct Nov Dec
2018: Jan Feb Mar Apr May Jun Jul Aug Sep Oct Nov Dec
2017: Jan Feb Mar Apr May Jun Jul Aug Sep Oct Nov Dec
2016: Jan Feb Mar Apr May Jun Jul Aug Sep Oct Nov Dec
2015: Jan Feb Mar Apr May Jun Jul Aug Sep Oct Nov Dec
2014: Jan Feb Mar Apr May Jun Jul Aug Sep Oct Nov Dec
2013: Jan Feb Mar Apr May Jun Jul Aug Sep Oct Nov Dec
Report for 2019 August
Monthly Climatological Summary for Aug 2019 Name: DW7240 City: Oshawa State: Ontario, Canada Elevation: 390 ft Lat: N 43 53 48 Lon: W 078 52 26 Temperature (°C), Rain (mm), Wind Speed (km/h) Heat Cool Avg Mean Deg Deg Wind Dom Day Temp High Time Low Time Days Days Rain Speed High Time Dir ---------------------------------------------------------------------------------- 01 21.8 27.0 18:07 15.8 05:42 0.4 3.9 0.0 1.5 22.5 14:00 SE 02 22.4 28.4 15:30 15.8 06:01 0.4 4.4 0.0 1.0 17.7 14:25 SE 03 23.7 29.3 14:50 17.5 06:09 0.1 5.6 0.0 1.3 20.9 11:42 SW 04 22.7 26.7 11:21 18.4 23:57 0.0 4.4 0.0 1.1 19.3 14:36 SSE 05 22.5 29.1 14:58 15.5 06:07 0.5 4.7 0.0 1.0 17.7 13:23 S 06 22.6 25.9 15:33 19.8 06:26 0.0 4.3 11.4 0.4 49.9 10:54 WNW 07 22.7 26.6 12:52 20.2 07:35 0.0 4.4 5.0 0.4 32.2 07:00 SW 08 20.8 25.6 15:06 16.2 06:20 0.3 2.7 6.4 5.4 22.7 19:07 NW 09 18.5 19.8 22:00 16.0 22:00 0.0 0.0 0.2 29.4 22.7 23:30 W 10 20.0 25.2 13:30 14.3 06:30 0.8 2.5 0.0 50.8 22.3 00:30 NW 11 21.0 27.4 15:29 12.4 06:27 1.4 4.0 0.0 3.0 20.5 09:42 W 12 22.6 29.0 14:41 18.3 02:50 0.0 4.3 0.2 1.1 24.1 12:09 WSW 13 24.0 28.9 14:22 18.8 05:59 0.0 5.7 0.0 1.1 17.7 13:34 SE 14 21.6 27.2 14:32 17.6 06:51 0.0 3.3 0.0 1.3 20.9 10:32 ENE 15 20.1 24.8 14:31 15.5 06:04 0.6 2.4 0.0 2.0 24.1 14:43 ENE 16 21.6 25.5 12:33 16.3 06:53 0.1 3.4 0.0 1.7 24.1 13:15 SE 17 21.2 25.1 18:21 18.9 02:27 0.0 2.9 5.0 0.3 16.1 11:37 SE 18 22.5 28.1 15:06 18.4 04:27 0.0 4.2 2.0 0.8 22.5 20:08 S 19 24.1 29.5 16:18 18.6 23:59 0.0 5.8 0.8 2.4 27.4 18:39 WNW 20 21.2 27.8 14:22 14.2 06:38 0.9 3.8 0.0 0.8 17.7 11:32 SE 21 24.7 29.5 16:28 21.2 05:09 0.0 6.4 3.4 2.9 29.0 15:22 SW 22 20.6 25.3 15:39 16.9 23:57 0.2 2.5 0.2 1.4 27.4 14:12 NNW 23 18.3 24.1 14:41 12.8 06:49 1.7 1.7 0.0 1.2 30.6 14:59 N 24 17.9 23.1 14:58 12.5 06:45 1.8 1.4 0.0 0.8 17.7 08:48 S 25 18.8 23.5 14:38 13.1 04:21 1.4 1.9 0.0 1.5 24.1 13:50 ESE 26 20.2 23.9 14:33 16.2 06:18 0.5 2.4 0.0 2.0 30.6 18:48 E 27 19.8 21.2 23:34 18.1 08:29 0.0 1.5 7.8 2.3 29.0 00:19 SSE 28 23.1 27.6 15:42 19.7 08:05 0.0 4.8 0.0 0.1 12.9 01:04 SSW 29 20.6 25.3 14:30 16.5 03:55 0.3 2.6 0.0 0.0 0.0 00:00 N 30 20.7 25.8 14:40 13.8 23:56 0.4 2.8 0.0 0.0 0.0 00:00 N 31 17.5 23.2 15:27 11.3 06:28 2.0 1.3 0.0 0.0 19.3 09:29 N ---------------------------------------------------------------------------------- 21.3 29.5 19 0.0 9 13.8 106.0 42.4 2.2 49.9 06 WNW Max >= 27.0 13 Max <= 0.0 0 Min <= 0.0 1 Min <= -18.0 0 Max Rain: 11.4 on day 6 Days of Rain: 11 (>= 0.2 mm) 7 (>= 2.0 mm) 0 (>= 20.0 mm) Heat Base: 18.3 Cool Base: 18.3 Method: Integration