North Facing Camera Click On Play Button To View Live Image |
Sky Facing Camera Click On Image To View Full Screen In New Window |
NOAA-Style Climate Reports
Select a Year or Month report
2024: Jan Feb Mar Apr May Jun Jul Aug Sep Oct Nov Dec
2023: Jan Feb Mar Apr May Jun Jul Aug Sep Oct Nov Dec
2022: Jan Feb Mar Apr May Jun Jul Aug Sep Oct Nov Dec
2021: Jan Feb Mar Apr May Jun Jul Aug Sep Oct Nov Dec
2020: Jan Feb Mar Apr May Jun Jul Aug Sep Oct Nov Dec
2019: Jan Feb Mar Apr May Jun Jul Aug Sep Oct Nov Dec
2018: Jan Feb Mar Apr May Jun Jul Aug Sep Oct Nov Dec
2017: Jan Feb Mar Apr May Jun Jul Aug Sep Oct Nov Dec
2016: Jan Feb Mar Apr May Jun Jul Aug Sep Oct Nov Dec
2015: Jan Feb Mar Apr May Jun Jul Aug Sep Oct Nov Dec
2014: Jan Feb Mar Apr May Jun Jul Aug Sep Oct Nov Dec
2013: Jan Feb Mar Apr May Jun Jul Aug Sep Oct Nov Dec
2024: Jan Feb Mar Apr May Jun Jul Aug Sep Oct Nov Dec
2023: Jan Feb Mar Apr May Jun Jul Aug Sep Oct Nov Dec
2022: Jan Feb Mar Apr May Jun Jul Aug Sep Oct Nov Dec
2021: Jan Feb Mar Apr May Jun Jul Aug Sep Oct Nov Dec
2020: Jan Feb Mar Apr May Jun Jul Aug Sep Oct Nov Dec
2019: Jan Feb Mar Apr May Jun Jul Aug Sep Oct Nov Dec
2018: Jan Feb Mar Apr May Jun Jul Aug Sep Oct Nov Dec
2017: Jan Feb Mar Apr May Jun Jul Aug Sep Oct Nov Dec
2016: Jan Feb Mar Apr May Jun Jul Aug Sep Oct Nov Dec
2015: Jan Feb Mar Apr May Jun Jul Aug Sep Oct Nov Dec
2014: Jan Feb Mar Apr May Jun Jul Aug Sep Oct Nov Dec
2013: Jan Feb Mar Apr May Jun Jul Aug Sep Oct Nov Dec
Report for 2019 September
Monthly Climatological Summary for Sep 2019 Name: DW7240 City: Oshawa State: Ontario, Canada Elevation: 390 ft Lat: N 43 53 48 Lon: W 078 52 26 Temperature (°C), Rain (mm), Wind Speed (km/h) Heat Cool Avg Mean Deg Deg Wind Dom Day Temp High Time Low Time Days Days Rain Speed High Time Dir ---------------------------------------------------------------------------------- 01 16.9 20.1 10:08 13.7 05:14 1.6 0.2 1.2 0.0 0.0 00:00 N 02 19.4 24.5 14:36 15.9 06:52 0.7 1.8 1.4 0.0 38.6 19:34 N 03 20.2 20.6 23:14 20.1 22:11 0.0 0.2 7.2 0.2 37.0 21:55 SE 04 18.7 21.2 02:29 12.4 23:57 0.6 0.9 0.2 0.0 1.6 05:13 N 05 16.5 22.6 13:29 10.5 03:50 2.9 1.1 0.2 0.7 17.7 13:43 SSW 06 16.3 22.2 12:35 12.1 05:18 2.4 0.4 0.4 0.0 0.0 00:00 N 07 16.8 23.3 16:13 11.8 04:50 2.4 0.9 0.0 0.2 19.3 20:34 NNW 08 14.6 19.0 14:04 10.8 23:41 3.7 0.0 0.0 0.6 20.9 17:46 N 09 13.6 19.3 15:34 9.1 05:03 4.6 0.0 0.0 0.8 19.3 13:11 SE 10 16.2 19.9 15:24 10.9 01:12 2.4 0.3 4.4 1.0 27.4 23:06 ESE 11 22.6 27.9 13:49 18.9 07:28 0.0 4.2 5.2 1.1 25.7 23:13 SW 12 16.6 20.9 14:00 13.3 04:51 2.1 0.4 0.2 0.9 24.1 00:30 E 13 16.7 19.8 16:29 12.1 02:41 2.0 0.4 3.4 2.5 32.2 10:10 E 14 19.6 24.0 15:12 13.9 23:53 0.4 1.7 0.8 3.4 30.6 14:15 W 15 15.2 18.8 10:36 12.5 06:52 3.1 0.0 1.0 0.0 9.7 16:24 N 16 16.5 19.8 12:32 13.6 23:34 1.9 0.2 0.2 0.5 20.9 11:45 ESE 17 17.4 23.8 11:10 10.8 04:54 2.7 1.7 0.0 0.6 14.5 15:31 S 18 17.0 22.2 14:01 11.3 06:53 2.4 1.1 0.0 0.8 19.3 16:52 SE 19 17.4 22.6 14:31 13.4 07:09 1.8 1.0 0.0 0.4 14.5 10:51 SSE 20 18.5 24.1 13:25 12.9 05:33 1.6 1.8 0.0 0.3 12.9 11:53 SSW 21 20.8 26.0 14:18 15.7 06:14 0.4 2.8 0.0 0.5 14.5 13:15 SSE 22 23.0 28.9 15:31 18.2 03:41 0.0 4.7 0.0 2.9 33.8 14:40 SW 23 21.7 26.0 11:11 16.3 23:55 0.1 3.5 1.0 2.7 40.2 17:28 NW 24 16.3 20.3 14:40 11.8 23:59 2.2 0.2 0.0 1.0 25.7 02:54 NNW 25 18.4 25.2 14:13 10.4 03:35 2.3 2.4 0.0 3.1 35.4 14:46 SW 26 17.2 21.8 12:52 10.3 23:56 1.6 0.5 3.2 1.2 41.8 15:09 NW 27 15.4 21.9 16:17 8.0 07:09 3.6 0.7 0.2 1.2 25.7 14:01 S 28 17.8 20.4 10:46 13.5 23:59 0.9 0.4 2.0 0.8 20.9 10:20 W 29 12.3 14.9 12:53 9.2 07:28 6.0 0.0 0.2 0.9 24.1 10:13 NE 30 14.3 17.9 15:09 11.3 06:29 4.0 0.0 0.2 2.0 24.1 16:42 NE ---------------------------------------------------------------------------------- 17.5 28.9 22 8.0 27 60.4 33.5 32.6 1.0 41.8 26 SW Max >= 27.0 2 Max <= 0.0 0 Min <= 0.0 0 Min <= -18.0 0 Max Rain: 7.2 on day 3 Days of Rain: 19 (>= 0.2 mm) 6 (>= 2.0 mm) 0 (>= 20.0 mm) Heat Base: 18.3 Cool Base: 18.3 Method: Integration