North Facing Camera Click On Play Button To View Live Image |
Sky Facing Camera Click On Image To View Full Screen In New Window |
NOAA-Style Climate Reports
Select a Year or Month report
2024: Jan Feb Mar Apr May Jun Jul Aug Sep Oct Nov Dec
2023: Jan Feb Mar Apr May Jun Jul Aug Sep Oct Nov Dec
2022: Jan Feb Mar Apr May Jun Jul Aug Sep Oct Nov Dec
2021: Jan Feb Mar Apr May Jun Jul Aug Sep Oct Nov Dec
2020: Jan Feb Mar Apr May Jun Jul Aug Sep Oct Nov Dec
2019: Jan Feb Mar Apr May Jun Jul Aug Sep Oct Nov Dec
2018: Jan Feb Mar Apr May Jun Jul Aug Sep Oct Nov Dec
2017: Jan Feb Mar Apr May Jun Jul Aug Sep Oct Nov Dec
2016: Jan Feb Mar Apr May Jun Jul Aug Sep Oct Nov Dec
2015: Jan Feb Mar Apr May Jun Jul Aug Sep Oct Nov Dec
2014: Jan Feb Mar Apr May Jun Jul Aug Sep Oct Nov Dec
2013: Jan Feb Mar Apr May Jun Jul Aug Sep Oct Nov Dec
2024: Jan Feb Mar Apr May Jun Jul Aug Sep Oct Nov Dec
2023: Jan Feb Mar Apr May Jun Jul Aug Sep Oct Nov Dec
2022: Jan Feb Mar Apr May Jun Jul Aug Sep Oct Nov Dec
2021: Jan Feb Mar Apr May Jun Jul Aug Sep Oct Nov Dec
2020: Jan Feb Mar Apr May Jun Jul Aug Sep Oct Nov Dec
2019: Jan Feb Mar Apr May Jun Jul Aug Sep Oct Nov Dec
2018: Jan Feb Mar Apr May Jun Jul Aug Sep Oct Nov Dec
2017: Jan Feb Mar Apr May Jun Jul Aug Sep Oct Nov Dec
2016: Jan Feb Mar Apr May Jun Jul Aug Sep Oct Nov Dec
2015: Jan Feb Mar Apr May Jun Jul Aug Sep Oct Nov Dec
2014: Jan Feb Mar Apr May Jun Jul Aug Sep Oct Nov Dec
2013: Jan Feb Mar Apr May Jun Jul Aug Sep Oct Nov Dec
Report for 2019 December
Monthly Climatological Summary for Dec 2019 Name: DW7240 City: Oshawa State: Ontario, Canada Elevation: 390 ft Lat: N 43 53 48 Lon: W 078 52 26 Temperature (°C), Rain (mm), Wind Speed (km/h) Heat Cool Avg Mean Deg Deg Wind Dom Day Temp High Time Low Time Days Days Rain Speed High Time Dir ---------------------------------------------------------------------------------- 01 -4.4 -2.6 17:44 -6.8 06:40 22.7 0.0 2.6 14.6 45.1 10:31 E 02 -2.7 -1.3 15:55 -4.8 23:59 21.0 0.0 2.2 4.6 29.0 00:05 ENE 03 -3.0 0.8 15:23 -8.7 07:27 21.3 0.0 0.2 0.1 14.5 04:18 NNW 04 1.5 3.4 13:05 0.0 01:51 16.8 0.0 1.2 31.8 25.3 07:46 WNW 05 -1.1 0.9 00:10 -2.3 08:35 19.4 0.0 0.4 6.9 25.3 10:48 NNW 06 -1.8 0.2 13:49 -3.9 23:57 20.1 0.0 3.2 11.4 22.7 07:45 NNE 07 -5.2 -2.4 14:33 -8.7 07:26 23.5 0.0 0.0 0.0 11.3 02:01 N 08 2.5 5.6 23:57 -6.1 00:54 15.8 0.0 0.0 1.8 20.9 06:40 SSW 09 5.7 7.4 21:57 4.1 06:59 12.6 0.0 8.8 32.7 52.7 14:43 S 10 1.1 8.4 03:04 -7.1 23:58 17.1 0.0 0.0 31.7 29.0 18:31 NW 11 -4.9 -1.5 12:39 -7.7 01:16 23.2 0.0 0.0 7.3 48.3 15:43 WNW 12 -3.5 1.7 23:47 -9.1 07:46 21.8 0.0 0.0 1.5 22.5 23:10 S 13 3.1 4.4 11:11 1.6 00:00 15.2 0.0 0.0 2.2 19.3 01:38 SSE 14 2.8 3.5 00:10 2.0 14:49 15.5 0.0 12.2 15.8 23.7 13:27 N 15 -0.4 2.7 00:48 -3.5 23:59 18.7 0.0 0.0 16.3 25.3 06:06 NW 16 -1.8 2.4 13:57 -5.1 04:13 20.1 0.0 0.0 12.9 52.7 13:34 WNW 17 -0.8 0.9 15:54 -2.8 01:42 19.1 0.0 0.2 16.6 25.3 23:47 N 18 -7.4 -1.4 01:50 -15.9 23:50 25.2 0.0 0.0 35.3 38.6 16:15 NW 19 -11.8 -7.1 23:06 -17.2 03:51 30.1 0.0 0.4 0.2 17.7 00:16 N 20 -7.7 -3.6 13:50 -11.8 07:58 25.7 0.0 0.0 0.3 22.1 10:59 ENE 21 -3.2 0.3 14:59 -7.7 00:00 21.5 0.0 0.0 1.4 20.9 03:59 E 22 1.2 5.5 13:54 -4.5 06:42 16.9 0.0 0.0 6.6 25.3 19:38 W 23 4.5 9.7 15:20 -1.3 01:27 13.7 0.0 0.0 8.9 30.1 09:37 W 24 -0.1 2.1 12:41 -2.5 08:04 18.4 0.0 0.0 2.1 22.5 03:22 ESE 25 0.3 1.9 15:00 -1.6 04:30 17.7 0.0 0.0 1.3 20.9 01:56 E 26 2.5 5.3 23:54 0.8 08:38 15.8 0.0 0.0 3.2 32.2 14:42 E 27 5.6 9.2 12:09 3.8 23:37 12.7 0.0 0.0 1.2 30.6 12:19 NNW 28 3.2 5.6 13:18 1.1 19:16 15.1 0.0 0.0 0.8 20.9 14:00 W 29 1.4 2.7 11:24 0.3 06:06 16.9 0.0 1.4 15.1 22.1 21:22 E 30 4.0 8.4 13:48 1.3 00:00 14.3 0.0 4.6 10.5 47.8 16:35 E 31 1.6 3.6 02:15 -0.2 23:46 16.8 0.0 2.6 8.1 49.9 21:26 W ---------------------------------------------------------------------------------- -0.6 9.7 23 -17.2 19 584.7 0.0 40.0 7.0 52.7 9 NW Max >= 27.0 0 Max <= 0.0 7 Min <= 0.0 23 Min <= -18.0 0 Max Rain: 12.2 on day 14 Days of Rain: 13 (>= 0.2 mm) 7 (>= 2.0 mm) 0 (>= 20.0 mm) Heat Base: 18.3 Cool Base: 18.3 Method: Integration