North Facing Camera Click On Play Button To View Live Image |
Sky Facing Camera Click On Image To View Full Screen In New Window |
NOAA-Style Climate Reports
Select a Year or Month report
2024: Jan Feb Mar Apr May Jun Jul Aug Sep Oct Nov Dec
2023: Jan Feb Mar Apr May Jun Jul Aug Sep Oct Nov Dec
2022: Jan Feb Mar Apr May Jun Jul Aug Sep Oct Nov Dec
2021: Jan Feb Mar Apr May Jun Jul Aug Sep Oct Nov Dec
2020: Jan Feb Mar Apr May Jun Jul Aug Sep Oct Nov Dec
2019: Jan Feb Mar Apr May Jun Jul Aug Sep Oct Nov Dec
2018: Jan Feb Mar Apr May Jun Jul Aug Sep Oct Nov Dec
2017: Jan Feb Mar Apr May Jun Jul Aug Sep Oct Nov Dec
2016: Jan Feb Mar Apr May Jun Jul Aug Sep Oct Nov Dec
2015: Jan Feb Mar Apr May Jun Jul Aug Sep Oct Nov Dec
2014: Jan Feb Mar Apr May Jun Jul Aug Sep Oct Nov Dec
2013: Jan Feb Mar Apr May Jun Jul Aug Sep Oct Nov Dec
2024: Jan Feb Mar Apr May Jun Jul Aug Sep Oct Nov Dec
2023: Jan Feb Mar Apr May Jun Jul Aug Sep Oct Nov Dec
2022: Jan Feb Mar Apr May Jun Jul Aug Sep Oct Nov Dec
2021: Jan Feb Mar Apr May Jun Jul Aug Sep Oct Nov Dec
2020: Jan Feb Mar Apr May Jun Jul Aug Sep Oct Nov Dec
2019: Jan Feb Mar Apr May Jun Jul Aug Sep Oct Nov Dec
2018: Jan Feb Mar Apr May Jun Jul Aug Sep Oct Nov Dec
2017: Jan Feb Mar Apr May Jun Jul Aug Sep Oct Nov Dec
2016: Jan Feb Mar Apr May Jun Jul Aug Sep Oct Nov Dec
2015: Jan Feb Mar Apr May Jun Jul Aug Sep Oct Nov Dec
2014: Jan Feb Mar Apr May Jun Jul Aug Sep Oct Nov Dec
2013: Jan Feb Mar Apr May Jun Jul Aug Sep Oct Nov Dec
Report for 2020 February
Monthly Climatological Summary for Feb 2020 Name: DW7240 City: Oshawa State: Ontario, Canada Elevation: 390 ft Lat: N 43 53 48 Lon: W 078 52 26 Temperature (°C), Rain (mm), Wind Speed (km/h) Heat Cool Avg Mean Deg Deg Wind Dom Day Temp High Time Low Time Days Days Rain Speed High Time Dir ---------------------------------------------------------------------------------- 01 -0.3 1.1 12:44 -2.9 00:25 18.6 0.0 1.6 13.8 225.3 22:53 W 02 1.3 2.2 21:50 -0.7 07:13 17.0 0.0 2.2 164.8 252.7 13:39 WSW 03 3.8 7.4 13:26 1.2 21:31 14.6 0.0 0.0 71.3 22.3 01:27 WNW 04 2.1 4.2 13:17 -2.1 23:59 16.2 0.0 0.0 4.1 41.8 23:53 N 05 -3.8 -2.1 00:00 -6.8 08:26 22.1 0.0 0.0 3.7 38.6 02:16 N 06 -3.5 -2.4 16:17 -4.5 04:55 21.7 0.0 1.0 5.2 27.4 13:48 ENE 07 -6.6 -4.2 17:17 -9.7 23:53 7.0 0.0 0.0 7.1 37.0 18:47 N 08 -11.1 -7.3 16:30 -15.4 07:10 29.2 0.0 0.0 ---- 27.4 04:27 NNE 09 -3.2 2.6 19:14 -10.4 00:40 21.5 0.0 2.6 ---- 252.7 20:48 SSW 10 2.2 4.6 12:24 0.8 23:14 16.0 0.0 2.6 ---- 25.7 00:09 WSW 11 1.6 4.6 14:00 0.1 23:57 16.7 0.0 0.0 ---- 29.0 23:03 N 12 0.8 2.9 14:13 -1.4 02:53 17.5 0.0 0.0 ---- 136.8 11:33 W 13 -3.5 1.8 00:00 -14.8 23:56 21.8 0.0 0.8 ---- 38.6 20:27 N 14 -13.4 -7.7 20:02 -21.1 07:24 31.6 0.0 0.0 ---- 29.0 01:18 N 15 -3.3 2.1 20:51 -8.4 01:48 21.6 0.0 0.0 ---- 49.9 21:14 WSW 16 2.1 5.8 14:42 -2.7 23:57 15.7 0.0 0.0 ---- 27.4 03:29 WNW 17 -2.1 1.6 13:14 -5.7 06:06 20.4 0.0 0.0 ---- 27.4 23:45 E 18 2.3 5.7 14:35 -2.1 02:44 16.0 0.0 3.4 ---- 223.7 08:43 NNW 19 -2.0 1.3 00:00 -4.9 23:58 20.3 0.0 0.0 ---- 37.0 00:01 NNW 20 -6.9 -4.2 16:17 -10.4 23:57 25.2 0.0 0.0 ---- 25.7 10:59 N 21 -4.4 2.1 15:51 -11.9 04:50 22.4 0.0 0.0 ---- 41.8 18:18 W 22 1.1 5.4 15:47 -3.0 06:52 17.2 0.0 0.0 ---- 32.2 13:53 W 23 3.5 8.3 15:24 -2.7 05:47 14.9 0.0 0.0 ---- 27.4 12:13 WSW 24 4.9 9.2 12:22 -1.2 07:14 13.4 0.0 0.0 ---- 40.2 23:29 W 25 4.5 6.3 14:30 2.2 07:50 13.8 0.0 0.6 ---- 223.7 12:22 ENE 26 0.7 4.3 00:00 -2.1 23:49 17.7 0.0 3.4 ---- 223.7 15:36 NE 27 -3.4 -2.0 00:00 -4.9 08:47 21.7 0.0 3.8 ---- 222.1 03:29 NNW 28 -4.8 -1.8 12:16 -9.9 23:59 23.1 0.0 1.8 ---- 49.9 12:23 WNW 29 -9.3 -4.8 16:36 -14.0 06:55 27.5 0.0 0.0 ---- 30.6 14:42 NNW ---------------------------------------------------------------------------------- -1.7 9.2 24 -21.1 14 562.4 0.0 23.8 40.0 252.7 2 W Max >= 27.0 0 Max <= 0.0 9 Min <= 0.0 25 Min <= -18.0 1 Max Rain: 3.8 on day 27 Days of Rain: 11 (>= 0.2 mm) 6 (>= 2.0 mm) 0 (>= 20.0 mm) Heat Base: 18.3 Cool Base: 18.3 Method: Integration