North Facing Camera Click On Play Button To View Live Image |
Sky Facing Camera Click On Image To View Full Screen In New Window |
NOAA-Style Climate Reports
Select a Year or Month report
2024: Jan Feb Mar Apr May Jun Jul Aug Sep Oct Nov Dec
2023: Jan Feb Mar Apr May Jun Jul Aug Sep Oct Nov Dec
2022: Jan Feb Mar Apr May Jun Jul Aug Sep Oct Nov Dec
2021: Jan Feb Mar Apr May Jun Jul Aug Sep Oct Nov Dec
2020: Jan Feb Mar Apr May Jun Jul Aug Sep Oct Nov Dec
2019: Jan Feb Mar Apr May Jun Jul Aug Sep Oct Nov Dec
2018: Jan Feb Mar Apr May Jun Jul Aug Sep Oct Nov Dec
2017: Jan Feb Mar Apr May Jun Jul Aug Sep Oct Nov Dec
2016: Jan Feb Mar Apr May Jun Jul Aug Sep Oct Nov Dec
2015: Jan Feb Mar Apr May Jun Jul Aug Sep Oct Nov Dec
2014: Jan Feb Mar Apr May Jun Jul Aug Sep Oct Nov Dec
2013: Jan Feb Mar Apr May Jun Jul Aug Sep Oct Nov Dec
2024: Jan Feb Mar Apr May Jun Jul Aug Sep Oct Nov Dec
2023: Jan Feb Mar Apr May Jun Jul Aug Sep Oct Nov Dec
2022: Jan Feb Mar Apr May Jun Jul Aug Sep Oct Nov Dec
2021: Jan Feb Mar Apr May Jun Jul Aug Sep Oct Nov Dec
2020: Jan Feb Mar Apr May Jun Jul Aug Sep Oct Nov Dec
2019: Jan Feb Mar Apr May Jun Jul Aug Sep Oct Nov Dec
2018: Jan Feb Mar Apr May Jun Jul Aug Sep Oct Nov Dec
2017: Jan Feb Mar Apr May Jun Jul Aug Sep Oct Nov Dec
2016: Jan Feb Mar Apr May Jun Jul Aug Sep Oct Nov Dec
2015: Jan Feb Mar Apr May Jun Jul Aug Sep Oct Nov Dec
2014: Jan Feb Mar Apr May Jun Jul Aug Sep Oct Nov Dec
2013: Jan Feb Mar Apr May Jun Jul Aug Sep Oct Nov Dec
Report for 2020 March
Monthly Climatological Summary for Mar 2020 Name: DW7240 City: Oshawa State: Ontario, Canada Elevation: 390 ft Lat: N 43 53 48 Lon: W 078 52 26 Temperature (°C), Rain (mm), Wind Speed (km/h) Heat Cool Avg Mean Deg Deg Wind Dom Day Temp High Time Low Time Days Days Rain Speed High Time Dir ---------------------------------------------------------------------------------- 01 -2.2 3.2 10:54 -11.4 02:29 20.4 0.0 0.0 4.2 231.7 21:43 SSE 02 4.2 6.2 14:36 0.6 23:39 14.1 0.0 4.8 57.2 225.3 01:25 WNW 03 2.8 4.8 14:40 0.6 00:00 15.5 0.0 7.8 142.0 225.3 13:38 NE 04 4.0 7.9 13:06 2.4 19:39 14.3 0.0 0.0 159.1 225.3 00:31 NW 05 3.0 6.4 14:35 -0.2 07:05 15.3 0.0 0.0 162.2 252.7 15:49 NW 06 2.5 4.5 12:38 -0.6 23:59 15.7 0.0 0.0 100.7 38.6 14:38 ENE 07 -0.2 3.3 15:37 -6.3 07:01 18.5 0.0 0.0 2.3 25.7 03:58 NW 08 6.1 10.5 16:16 1.3 00:15 11.7 0.0 0.0 3.2 51.5 14:48 WSW 09 10.8 15.3 15:32 6.9 05:42 7.5 0.0 0.2 3.2 37.0 15:17 W 10 6.6 12.1 00:00 0.5 23:47 11.7 0.0 5.0 126.8 252.7 07:37 NW 11 0.6 3.4 11:44 -2.8 06:36 17.5 0.0 0.0 87.2 247.8 10:08 NNW 12 3.8 9.1 22:27 0.3 07:10 14.5 0.0 0.0 2.7 86.9 23:27 E 13 6.9 9.1 01:49 3.9 23:56 11.3 0.0 5.6 47.1 66.0 11:28 WNW 14 2.9 5.0 13:57 0.8 23:56 15.4 0.0 0.0 8.1 45.1 04:49 NNW 15 1.0 5.2 15:01 -2.5 07:38 17.3 0.0 0.0 1.5 24.1 00:00 NE 16 0.9 4.1 22:28 -2.7 07:16 17.4 0.0 0.0 3.2 27.4 12:39 E 17 5.0 9.1 15:07 1.8 23:53 13.3 0.0 0.4 12.6 223.7 06:31 WNW 18 2.3 5.2 17:22 -3.0 06:39 16.0 0.0 0.2 2.7 29.0 21:48 E 19 6.7 9.1 13:15 4.4 00:00 11.6 0.0 0.0 8.9 223.7 23:11 E 20 7.6 15.5 13:00 -1.9 00:00 10.7 0.0 3.2 144.3 249.4 04:16 SW 21 -2.5 2.1 16:05 -7.4 08:00 20.5 0.0 0.0 3.2 45.1 00:00 NNE 22 -1.5 1.2 14:25 -5.0 07:18 19.8 0.0 0.0 6.5 125.5 21:29 E 23 2.2 3.3 15:20 0.9 00:00 16.1 0.0 7.2 147.3 252.7 10:05 E 24 3.5 6.6 15:13 1.3 23:47 14.8 0.0 0.0 189.3 252.7 13:10 NNW 25 4.7 8.5 16:21 1.2 01:08 13.6 0.0 0.0 90.2 225.3 05:59 E 26 6.5 12.6 16:33 2.2 04:36 11.8 0.0 0.0 2.5 223.7 07:07 NNE 27 5.3 10.7 13:08 0.6 06:26 12.9 0.0 0.0 0.9 29.0 01:47 N 28 6.4 10.4 17:05 2.3 01:18 11.9 0.0 0.2 33.0 233.4 23:15 ENE 29 9.7 17.1 16:37 6.7 06:23 8.6 0.0 5.2 154.4 252.7 02:02 E 30 7.3 8.9 00:00 5.2 21:40 11.0 0.0 4.2 135.1 236.6 15:17 NW 31 6.2 7.6 15:47 5.5 00:00 12.1 0.0 0.0 130.3 225.3 11:52 NE ---------------------------------------------------------------------------------- 4.0 17.1 29 -11.4 1 442.8 0.0 44.0 63.4 252.7 5 N Max >= 27.0 0 Max <= 0.0 0 Min <= 0.0 11 Min <= -18.0 0 Max Rain: 7.8 on day 3 Days of Rain: 12 (>= 0.2 mm) 8 (>= 2.0 mm) 0 (>= 20.0 mm) Heat Base: 18.3 Cool Base: 18.3 Method: Integration