North Facing Camera Click On Play Button To View Live Image |
Sky Facing Camera Click On Image To View Full Screen In New Window |
NOAA-Style Climate Reports
Select a Year or Month report
2024: Jan Feb Mar Apr May Jun Jul Aug Sep Oct Nov Dec
2023: Jan Feb Mar Apr May Jun Jul Aug Sep Oct Nov Dec
2022: Jan Feb Mar Apr May Jun Jul Aug Sep Oct Nov Dec
2021: Jan Feb Mar Apr May Jun Jul Aug Sep Oct Nov Dec
2020: Jan Feb Mar Apr May Jun Jul Aug Sep Oct Nov Dec
2019: Jan Feb Mar Apr May Jun Jul Aug Sep Oct Nov Dec
2018: Jan Feb Mar Apr May Jun Jul Aug Sep Oct Nov Dec
2017: Jan Feb Mar Apr May Jun Jul Aug Sep Oct Nov Dec
2016: Jan Feb Mar Apr May Jun Jul Aug Sep Oct Nov Dec
2015: Jan Feb Mar Apr May Jun Jul Aug Sep Oct Nov Dec
2014: Jan Feb Mar Apr May Jun Jul Aug Sep Oct Nov Dec
2013: Jan Feb Mar Apr May Jun Jul Aug Sep Oct Nov Dec
2024: Jan Feb Mar Apr May Jun Jul Aug Sep Oct Nov Dec
2023: Jan Feb Mar Apr May Jun Jul Aug Sep Oct Nov Dec
2022: Jan Feb Mar Apr May Jun Jul Aug Sep Oct Nov Dec
2021: Jan Feb Mar Apr May Jun Jul Aug Sep Oct Nov Dec
2020: Jan Feb Mar Apr May Jun Jul Aug Sep Oct Nov Dec
2019: Jan Feb Mar Apr May Jun Jul Aug Sep Oct Nov Dec
2018: Jan Feb Mar Apr May Jun Jul Aug Sep Oct Nov Dec
2017: Jan Feb Mar Apr May Jun Jul Aug Sep Oct Nov Dec
2016: Jan Feb Mar Apr May Jun Jul Aug Sep Oct Nov Dec
2015: Jan Feb Mar Apr May Jun Jul Aug Sep Oct Nov Dec
2014: Jan Feb Mar Apr May Jun Jul Aug Sep Oct Nov Dec
2013: Jan Feb Mar Apr May Jun Jul Aug Sep Oct Nov Dec
Report for 2020 May
Monthly Climatological Summary for May 2020 Name: DW7240 City: Oshawa State: Ontario, Canada Elevation: 390 ft Lat: N 43° 53' 48" Lon: W 078° 52' 26" Temperature (°C), Rain (mm), Wind Speed (km/h) Heat Cool Avg Mean Deg Deg Wind Dom Day Temp High Time Low Time Days Days Rain Speed High Time Dir ---------------------------------------------------------------------------------- 01 12.5 18.3 16:44 8.7 04:36 5.8 0.0 1.0 22.3 32.2 17:26 NNW 02 11.3 16.1 14:09 5.4 06:33 7.0 0.0 0.8 2.1 32.2 11:43 SW 03 14.9 23.3 14:59 8.3 03:14 4.3 0.9 0.0 4.0 48.3 15:35 NNW 04 9.3 12.9 15:45 4.5 23:58 9.0 0.0 0.0 6.2 43.5 17:55 N 05 6.4 11.6 15:00 1.4 06:40 11.9 0.0 0.0 1.1 22.5 13:10 W 06 9.1 13.5 14:21 3.6 02:34 9.2 0.0 0.0 2.0 19.3 08:43 WNW 07 8.1 13.7 12:42 4.2 23:59 10.1 0.0 2.0 3.0 33.8 14:04 NNW 08 3.7 7.4 15:09 0.1 23:56 14.6 0.0 0.0 6.0 40.2 15:46 NNW 09 2.2 6.4 16:37 -2.2 06:05 15.9 0.0 0.4 6.6 48.3 12:07 NW 10 5.4 8.1 16:11 1.7 06:23 12.9 0.0 0.2 1.4 24.1 08:30 NW 11 5.5 9.1 16:53 2.3 23:56 12.8 0.0 0.8 3.4 33.8 16:33 NNW 12 4.3 9.0 11:50 -1.0 06:13 14.0 0.0 0.0 3.7 43.5 11:19 NNW 13 7.3 13.1 17:37 0.0 05:11 10.8 0.0 0.0 2.8 29.0 14:03 W 14 9.3 13.1 14:31 4.3 03:03 9.0 0.0 0.6 2.2 22.5 14:33 ENE 15 12.3 16.9 15:23 9.3 00:00 6.0 0.0 2.4 0.8 30.6 19:24 N 16 13.5 17.1 10:03 10.1 02:10 4.8 0.0 0.0 2.4 29.0 02:20 N 17 15.0 18.9 15:16 9.6 03:33 3.4 0.0 0.0 3.2 29.0 11:27 NE 18 14.7 16.9 18:29 12.3 05:59 3.6 0.0 4.4 6.8 38.6 11:26 ENE 19 17.2 19.7 14:55 13.5 07:30 1.5 0.3 0.0 6.6 33.8 03:30 ENE 20 17.5 21.4 18:03 12.1 05:54 1.6 0.8 0.0 3.8 27.4 15:47 NE 21 15.6 20.8 17:29 8.8 05:57 3.1 0.4 0.0 1.9 25.7 12:12 SE 22 18.3 25.0 17:52 9.3 05:47 2.4 2.4 0.2 0.8 16.1 15:24 NE 23 20.7 27.8 11:58 13.6 03:35 1.1 3.6 0.0 1.0 19.3 15:43 S 24 21.9 26.5 15:04 18.1 05:00 0.0 3.6 0.0 2.3 27.4 15:25 ESE 25 23.1 31.0 18:07 16.6 06:26 0.2 5.0 12.2 1.7 29.0 02:49 SW 26 25.3 33.7 16:19 17.9 06:22 0.0 6.9 0.0 1.8 16.1 12:41 SW 27 25.9 31.7 16:00 20.1 04:53 0.0 7.6 0.0 2.2 19.3 09:58 SW 28 21.1 26.1 12:37 18.3 21:36 0.0 2.8 4.2 0.7 17.7 13:01 SSE 29 19.4 23.5 10:20 16.1 23:44 0.4 1.5 1.6 0.0 0.0 00:00 N 30 15.5 19.8 15:09 10.4 23:48 2.9 0.1 2.6 0.0 0.0 00:00 N 31 12.2 16.8 16:24 7.6 04:23 6.1 0.0 0.2 0.0 0.0 00:00 N ---------------------------------------------------------------------------------- 13.5 33.7 26 -2.2 9 184.4 35.9 33.6 3.3 48.3 3 N Max >= 27.0 4 Max <= 0.0 0 Min <= 0.0 3 Min <= -18.0 0 Max Rain: 12.2 on day 25 Days of Rain: 15 (>= 0.2 mm) 6 (>= 2.0 mm) 0 (>= 20.0 mm) Heat Base: 18.3 Cool Base: 18.3 Method: Integration