North Facing Camera Click On Play Button To View Live Image |
Sky Facing Camera Click On Image To View Full Screen In New Window |
NOAA-Style Climate Reports
Select a Year or Month report
2024: Jan Feb Mar Apr May Jun Jul Aug Sep Oct Nov Dec
2023: Jan Feb Mar Apr May Jun Jul Aug Sep Oct Nov Dec
2022: Jan Feb Mar Apr May Jun Jul Aug Sep Oct Nov Dec
2021: Jan Feb Mar Apr May Jun Jul Aug Sep Oct Nov Dec
2020: Jan Feb Mar Apr May Jun Jul Aug Sep Oct Nov Dec
2019: Jan Feb Mar Apr May Jun Jul Aug Sep Oct Nov Dec
2018: Jan Feb Mar Apr May Jun Jul Aug Sep Oct Nov Dec
2017: Jan Feb Mar Apr May Jun Jul Aug Sep Oct Nov Dec
2016: Jan Feb Mar Apr May Jun Jul Aug Sep Oct Nov Dec
2015: Jan Feb Mar Apr May Jun Jul Aug Sep Oct Nov Dec
2014: Jan Feb Mar Apr May Jun Jul Aug Sep Oct Nov Dec
2013: Jan Feb Mar Apr May Jun Jul Aug Sep Oct Nov Dec
2024: Jan Feb Mar Apr May Jun Jul Aug Sep Oct Nov Dec
2023: Jan Feb Mar Apr May Jun Jul Aug Sep Oct Nov Dec
2022: Jan Feb Mar Apr May Jun Jul Aug Sep Oct Nov Dec
2021: Jan Feb Mar Apr May Jun Jul Aug Sep Oct Nov Dec
2020: Jan Feb Mar Apr May Jun Jul Aug Sep Oct Nov Dec
2019: Jan Feb Mar Apr May Jun Jul Aug Sep Oct Nov Dec
2018: Jan Feb Mar Apr May Jun Jul Aug Sep Oct Nov Dec
2017: Jan Feb Mar Apr May Jun Jul Aug Sep Oct Nov Dec
2016: Jan Feb Mar Apr May Jun Jul Aug Sep Oct Nov Dec
2015: Jan Feb Mar Apr May Jun Jul Aug Sep Oct Nov Dec
2014: Jan Feb Mar Apr May Jun Jul Aug Sep Oct Nov Dec
2013: Jan Feb Mar Apr May Jun Jul Aug Sep Oct Nov Dec
Report for 2021 July
Monthly Climatological Summary for Jul 2021 Name: DW7240 City: Oshawa State: Ontario, Canada Elevation: 390 ft Lat: N 43° 53' 48" Lon: W 078° 52' 26" Temperature (°C), Rain (mm), Wind Speed (km/h) Heat Cool Avg Mean Deg Deg Wind Dom Day Temp High Time Low Time Days Days Rain Speed High Time Dir ---------------------------------------------------------------------------------- 01 21.8 27.4 15:14 17.4 23:59 0.0 3.5 1.6 1.9 23.0 15:56 WNW 02 18.7 24.1 14:14 16.2 05:17 0.7 1.1 9.2 2.1 26.0 13:48 N 03 19.9 25.1 17:42 15.1 05:40 0.8 2.3 0.0 2.0 16.0 14:14 SSW 04 20.3 24.1 14:10 16.4 05:47 0.3 2.3 0.0 2.8 19.0 07:23 ESE 05 22.3 28.6 14:41 18.1 01:20 0.0 4.0 2.4 1.6 27.0 19:49 SE 06 26.2 33.0 15:33 19.9 05:16 0.0 7.9 0.0 3.6 32.0 18:27 NW 07 19.4 23.7 00:00 15.6 23:57 0.3 1.4 3.6 2.4 21.0 03:11 ENE 08 16.5 19.4 18:46 14.2 10:58 1.9 0.2 24.6 1.8 23.0 00:45 ENE 09 18.4 20.2 17:37 17.5 05:28 0.3 0.4 1.0 1.2 23.0 19:12 N 10 20.3 25.3 15:06 14.4 05:31 0.9 2.9 0.2 2.3 19.0 17:24 SSW 11 19.6 23.1 18:15 15.7 04:16 0.6 1.9 0.0 1.2 21.0 11:24 ENE 12 21.8 25.2 12:54 19.1 06:10 0.0 3.5 0.0 1.4 21.0 11:01 E 13 23.0 28.8 15:38 20.2 02:10 0.0 4.7 7.6 2.0 27.0 22:09 S 14 24.4 29.2 16:28 20.4 06:47 0.0 6.1 1.0 4.5 26.0 00:07 SW 15 23.9 28.9 16:14 20.4 05:06 0.0 5.6 11.4 5.1 42.0 16:38 SW 16 21.5 25.5 14:40 18.3 06:29 0.0 3.2 0.0 1.9 21.0 02:27 WNW 17 19.9 21.4 19:08 18.6 11:00 0.0 1.6 2.4 0.9 19.0 13:42 ENE 18 23.5 29.1 18:03 19.2 06:50 0.0 5.2 0.0 2.0 27.0 19:47 W 19 25.0 30.4 14:03 20.4 06:15 0.0 6.7 0.0 3.8 27.0 14:33 NNW 20 22.9 28.2 13:54 19.1 23:40 0.0 4.6 1.2 2.8 35.0 16:27 WSW 21 20.8 26.3 15:41 14.7 05:54 0.7 3.2 0.0 3.1 29.0 12:25 NNW 22 21.0 26.8 15:20 15.2 06:26 0.7 3.4 0.0 1.7 24.0 13:45 NNW 23 21.5 26.7 11:47 15.4 06:23 0.6 3.8 0.0 2.6 24.0 13:58 SW 24 20.4 24.3 12:09 15.5 04:22 0.6 2.7 5.8 1.8 24.0 22:06 S 25 24.0 29.7 19:23 18.5 06:12 0.0 5.7 0.2 4.3 32.0 00:37 WSW 26 24.6 30.7 13:07 17.9 06:04 0.0 6.4 0.0 2.5 23.0 12:48 SW 27 20.7 25.4 18:24 16.8 06:00 0.2 2.6 1.8 0.6 18.0 09:11 NW 28 20.9 25.4 14:35 16.5 05:47 0.3 2.9 0.0 2.0 18.0 12:24 SE 29 19.1 21.5 16:59 16.9 03:13 0.2 1.0 7.8 0.8 18.0 10:46 E 30 18.0 21.3 17:33 13.6 23:56 1.0 0.7 0.0 5.3 34.0 14:35 NNW 31 16.4 22.5 10:53 11.3 04:48 2.6 0.7 1.2 1.8 24.0 13:51 SSW ---------------------------------------------------------------------------------- 21.2 33.0 6 11.3 31 12.7 102.2 83.0 2.4 42.0 15 WSW Max >= 27.0 11 Max <= 0.0 0 Min <= 0.0 0 Min <= -18.0 0 Max Rain: 24.6 on day 8 Days of Rain: 17 (>= 0.2 mm) 9 (>= 2.0 mm) 1 (>= 20.0 mm) Heat Base: 18.3 Cool Base: 18.3 Method: Integration