North Facing Camera Click On Play Button To View Live Image |
Sky Facing Camera Click On Image To View Full Screen In New Window |
NOAA-Style Climate Reports
Select a Year or Month report
2024: Jan Feb Mar Apr May Jun Jul Aug Sep Oct Nov Dec
2023: Jan Feb Mar Apr May Jun Jul Aug Sep Oct Nov Dec
2022: Jan Feb Mar Apr May Jun Jul Aug Sep Oct Nov Dec
2021: Jan Feb Mar Apr May Jun Jul Aug Sep Oct Nov Dec
2020: Jan Feb Mar Apr May Jun Jul Aug Sep Oct Nov Dec
2019: Jan Feb Mar Apr May Jun Jul Aug Sep Oct Nov Dec
2018: Jan Feb Mar Apr May Jun Jul Aug Sep Oct Nov Dec
2017: Jan Feb Mar Apr May Jun Jul Aug Sep Oct Nov Dec
2016: Jan Feb Mar Apr May Jun Jul Aug Sep Oct Nov Dec
2015: Jan Feb Mar Apr May Jun Jul Aug Sep Oct Nov Dec
2014: Jan Feb Mar Apr May Jun Jul Aug Sep Oct Nov Dec
2013: Jan Feb Mar Apr May Jun Jul Aug Sep Oct Nov Dec
2024: Jan Feb Mar Apr May Jun Jul Aug Sep Oct Nov Dec
2023: Jan Feb Mar Apr May Jun Jul Aug Sep Oct Nov Dec
2022: Jan Feb Mar Apr May Jun Jul Aug Sep Oct Nov Dec
2021: Jan Feb Mar Apr May Jun Jul Aug Sep Oct Nov Dec
2020: Jan Feb Mar Apr May Jun Jul Aug Sep Oct Nov Dec
2019: Jan Feb Mar Apr May Jun Jul Aug Sep Oct Nov Dec
2018: Jan Feb Mar Apr May Jun Jul Aug Sep Oct Nov Dec
2017: Jan Feb Mar Apr May Jun Jul Aug Sep Oct Nov Dec
2016: Jan Feb Mar Apr May Jun Jul Aug Sep Oct Nov Dec
2015: Jan Feb Mar Apr May Jun Jul Aug Sep Oct Nov Dec
2014: Jan Feb Mar Apr May Jun Jul Aug Sep Oct Nov Dec
2013: Jan Feb Mar Apr May Jun Jul Aug Sep Oct Nov Dec
Report for 2022 January
Monthly Climatological Summary for Jan 2022 Name: DW7240 City: Oshawa State: Ontario, Canada Elevation: 390 ft Lat: N 43° 53' 48" Lon: W 078° 52' 26" Temperature (°C), Rain (mm), Wind Speed (km/h) Heat Cool Avg Mean Deg Deg Wind Dom Day Temp High Time Low Time Days Days Rain Speed High Time Dir ---------------------------------------------------------------------------------- 01 20.8 24.9 23:34 19.4 06:05 0.0 2.5 0.0 0.0 0.0 00:00 N 02 19.5 23.8 00:24 17.7 21:31 0.1 1.4 0.0 0.0 0.0 00:00 N 03 17.7 18.4 23:29 17.3 08:50 0.6 0.0 0.0 0.0 0.0 00:00 N 04 18.0 18.8 23:52 17.8 04:41 0.3 0.0 0.0 0.0 0.0 00:00 N 05 18.4 18.8 00:00 18.2 23:37 0.0 0.1 0.0 0.0 0.0 00:00 N 06 18.2 18.5 21:57 17.9 09:02 0.2 0.0 0.0 0.0 0.0 00:00 N 07 18.0 18.6 00:51 17.6 13:01 0.4 0.0 0.0 0.0 0.0 00:00 N 08 17.7 18.4 23:40 17.2 11:10 0.6 0.0 0.0 0.0 0.0 00:00 N 09 18.4 18.7 01:34 18.2 08:57 0.0 0.2 0.0 0.0 0.0 00:00 N 10 10.3 18.7 17:58 -18.4 23:58 8.0 0.0 0.2 0.0 2.0 17:25 N 11 -15.6 -2.6 23:55 -22.9 07:32 33.9 0.0 0.0 0.0 0.0 00:00 N 12 0.4 1.8 12:30 -2.6 00:00 17.9 0.0 0.0 0.0 0.0 00:00 N 13 0.0 1.1 15:46 -0.9 22:08 18.3 0.0 0.0 0.0 0.0 00:00 N 14 -8.9 -0.9 00:00 -18.5 23:56 27.2 0.0 0.0 0.0 0.0 00:00 N 15 -17.5 -12.7 15:02 -21.6 07:39 35.5 0.0 0.0 0.0 0.0 00:00 N 16 -6.4 0.6 20:32 -14.7 00:00 24.7 0.0 0.0 0.0 0.0 00:00 N 17 -4.1 -2.1 00:00 -5.9 23:01 22.4 0.0 0.0 0.0 0.0 00:00 N 18 -9.5 -3.7 23:59 -13.2 10:28 27.7 0.0 0.0 0.0 0.0 00:00 N 19 0.7 4.4 13:48 -6.5 23:59 17.6 0.0 0.0 0.0 0.0 00:00 N 20 -15.5 -6.5 00:00 -19.0 23:52 33.8 0.0 0.0 0.0 0.0 00:00 N 21 -15.8 -9.9 15:00 -21.7 06:12 34.1 0.0 0.0 0.0 0.0 00:00 N 22 -8.0 -3.9 13:59 -13.5 07:45 25.8 0.0 0.0 0.0 0.0 00:00 N 23 -6.3 -4.7 03:00 -17.2 23:56 12.2 0.0 0.0 0.0 0.0 00:00 N 24 -10.6 -5.3 18:34 -19.1 02:55 28.9 0.0 0.0 0.0 0.0 00:00 N 25 -10.0 -5.8 00:00 -17.7 23:58 28.3 0.0 0.0 0.0 0.0 00:00 N 26 -14.4 -10.5 23:58 -18.6 01:24 32.7 0.0 0.0 0.0 0.0 00:00 N 27 -5.4 -3.2 17:18 -10.5 00:00 23.7 0.0 0.0 0.0 0.0 00:00 N 28 -13.6 -3.9 01:21 -18.0 23:33 31.9 0.0 0.0 0.0 0.0 00:00 N 29 -16.6 -10.7 15:23 -22.2 07:33 34.9 0.0 0.0 0.0 0.0 00:00 N 30 -9.5 -4.6 15:40 -17.4 00:00 27.8 0.0 0.0 0.0 0.0 00:00 N 31 -4.9 -0.3 14:49 -8.2 00:00 23.2 0.0 0.0 0.0 0.0 00:00 N ---------------------------------------------------------------------------------- -0.5 24.9 1 -22.9 11 572.7 4.2 0.2 0.0 2.0 10 E Max >= 27.0 0 Max <= 0.0 17 Min <= 0.0 22 Min <= -18.0 10 Max Rain: 0.2 on day 10 Days of Rain: 1 (>= 0.2 mm) 0 (>= 2.0 mm) 0 (>= 20.0 mm) Heat Base: 18.3 Cool Base: 18.3 Method: Integration