North Facing Camera Click On Play Button To View Live Image |
Sky Facing Camera Click On Image To View Full Screen In New Window |
NOAA-Style Climate Reports
Select a Year or Month report
2024: Jan Feb Mar Apr May Jun Jul Aug Sep Oct Nov Dec
2023: Jan Feb Mar Apr May Jun Jul Aug Sep Oct Nov Dec
2022: Jan Feb Mar Apr May Jun Jul Aug Sep Oct Nov Dec
2021: Jan Feb Mar Apr May Jun Jul Aug Sep Oct Nov Dec
2020: Jan Feb Mar Apr May Jun Jul Aug Sep Oct Nov Dec
2019: Jan Feb Mar Apr May Jun Jul Aug Sep Oct Nov Dec
2018: Jan Feb Mar Apr May Jun Jul Aug Sep Oct Nov Dec
2017: Jan Feb Mar Apr May Jun Jul Aug Sep Oct Nov Dec
2016: Jan Feb Mar Apr May Jun Jul Aug Sep Oct Nov Dec
2015: Jan Feb Mar Apr May Jun Jul Aug Sep Oct Nov Dec
2014: Jan Feb Mar Apr May Jun Jul Aug Sep Oct Nov Dec
2013: Jan Feb Mar Apr May Jun Jul Aug Sep Oct Nov Dec
2024: Jan Feb Mar Apr May Jun Jul Aug Sep Oct Nov Dec
2023: Jan Feb Mar Apr May Jun Jul Aug Sep Oct Nov Dec
2022: Jan Feb Mar Apr May Jun Jul Aug Sep Oct Nov Dec
2021: Jan Feb Mar Apr May Jun Jul Aug Sep Oct Nov Dec
2020: Jan Feb Mar Apr May Jun Jul Aug Sep Oct Nov Dec
2019: Jan Feb Mar Apr May Jun Jul Aug Sep Oct Nov Dec
2018: Jan Feb Mar Apr May Jun Jul Aug Sep Oct Nov Dec
2017: Jan Feb Mar Apr May Jun Jul Aug Sep Oct Nov Dec
2016: Jan Feb Mar Apr May Jun Jul Aug Sep Oct Nov Dec
2015: Jan Feb Mar Apr May Jun Jul Aug Sep Oct Nov Dec
2014: Jan Feb Mar Apr May Jun Jul Aug Sep Oct Nov Dec
2013: Jan Feb Mar Apr May Jun Jul Aug Sep Oct Nov Dec
Report for 2023 April
Monthly Climatological Summary for Apr 2023 Name: DW7240 City: Oshawa State: Ontario, Canada Elevation: 390 ft Lat: N 43° 53' 48" Lon: W 078° 52' 25" Temperature (°C), Rain (mm), Wind Speed (km/h) Heat Cool Avg Mean Deg Deg Wind Dom Day Temp High Time Low Time Days Days Rain Speed High Time Dir ---------------------------------------------------------------------------------- 01 0.0 0.0 00:00 0.0 00:00 18.3 0.0 0.0 0.0 0.0 00:00 N 02 0.0 0.0 00:00 0.0 00:00 18.3 0.0 0.0 0.0 0.0 00:00 N 03 0.0 0.0 00:00 0.0 00:00 18.3 0.0 0.0 0.0 0.0 00:00 N 04 0.0 0.0 00:00 0.0 00:00 18.3 0.0 0.0 0.0 0.0 00:00 N 05 0.0 0.0 00:00 0.0 00:00 18.3 0.0 0.0 0.0 0.0 00:00 N 06 0.0 0.0 00:00 0.0 00:00 18.3 0.0 0.0 0.0 0.0 00:00 N 07 0.0 0.0 00:00 0.0 00:00 18.3 0.0 0.0 0.0 0.0 00:00 N 08 0.0 0.0 00:00 0.0 00:00 17.9 0.0 0.0 0.0 0.0 00:00 N 09 0.0 0.0 00:00 0.0 00:00 18.0 0.0 0.0 0.0 0.0 00:00 N 10 0.0 0.0 00:00 0.0 00:00 18.3 0.0 0.0 0.0 0.0 00:00 N 11 0.0 0.0 00:00 0.0 00:00 17.8 0.0 0.0 0.0 0.0 00:00 N 12 0.0 0.0 00:00 0.0 00:00 18.3 0.0 0.0 0.0 0.0 00:00 N 13 0.0 0.0 00:00 0.0 00:00 18.3 0.0 0.0 0.0 0.0 00:00 N 14 0.0 0.0 00:00 0.0 00:00 18.3 0.0 0.0 0.0 0.0 00:00 N 15 0.0 0.0 00:00 0.0 00:00 18.3 0.0 0.0 0.0 0.0 00:00 N 16 0.0 0.0 00:00 0.0 00:00 17.8 0.0 0.0 0.0 0.0 00:00 N 17 0.0 0.0 00:00 0.0 00:00 18.3 0.0 0.0 0.0 0.0 00:00 N 18 0.0 0.0 00:00 0.0 00:00 18.3 0.0 0.0 0.0 0.0 00:00 N 19 0.0 0.0 00:00 0.0 00:00 18.3 0.0 0.0 0.0 0.0 00:00 N 20 0.0 0.0 00:00 0.0 00:00 18.3 0.0 0.0 0.0 0.0 00:00 N 21 0.0 0.0 00:00 0.0 00:00 18.3 0.0 0.0 0.0 0.0 00:00 N 22 0.0 0.0 00:00 0.0 00:00 18.2 0.0 0.0 0.0 0.0 00:00 N 23 0.0 0.0 00:00 0.0 00:00 18.2 0.0 0.0 0.0 0.0 00:00 N 24 0.0 0.0 00:00 0.0 00:00 18.3 0.0 0.0 0.0 0.0 00:00 N 25 0.0 0.0 00:00 0.0 00:00 18.3 0.0 0.0 0.0 0.0 00:00 N 26 0.0 0.0 00:00 0.0 00:00 18.3 0.0 0.0 0.0 0.0 00:00 N 27 0.0 0.0 00:00 0.0 00:00 18.3 0.0 0.0 0.0 0.0 00:00 N 28 0.0 0.0 00:00 0.0 00:00 18.1 0.0 0.0 0.0 0.0 00:00 N 29 0.0 0.0 00:00 0.0 00:00 18.3 0.0 0.0 0.0 0.0 00:00 N 30 0.0 0.0 00:00 0.0 00:00 18.3 0.0 0.0 0.0 0.0 00:00 N ---------------------------------------------------------------------------------- 0.0 0.0 1 0.0 1 546.9 0.0 0.0 0.0 0.0 0 E Max >= 27.0 0 Max <= 0.0 30 Min <= 0.0 30 Min <= -18.0 0 Max Rain: 0.0 on day 0 Days of Rain: 0 (>= 0.2 mm) 0 (>= 2.0 mm) 0 (>= 20.0 mm) Heat Base: 18.3 Cool Base: 18.3 Method: Integration