North Facing Camera Click On Play Button To View Live Image |
Sky Facing Camera Click On Image To View Full Screen In New Window |
NOAA-Style Climate Reports
Select a Year or Month report
2024: Jan Feb Mar Apr May Jun Jul Aug Sep Oct Nov Dec
2023: Jan Feb Mar Apr May Jun Jul Aug Sep Oct Nov Dec
2022: Jan Feb Mar Apr May Jun Jul Aug Sep Oct Nov Dec
2021: Jan Feb Mar Apr May Jun Jul Aug Sep Oct Nov Dec
2020: Jan Feb Mar Apr May Jun Jul Aug Sep Oct Nov Dec
2019: Jan Feb Mar Apr May Jun Jul Aug Sep Oct Nov Dec
2018: Jan Feb Mar Apr May Jun Jul Aug Sep Oct Nov Dec
2017: Jan Feb Mar Apr May Jun Jul Aug Sep Oct Nov Dec
2016: Jan Feb Mar Apr May Jun Jul Aug Sep Oct Nov Dec
2015: Jan Feb Mar Apr May Jun Jul Aug Sep Oct Nov Dec
2014: Jan Feb Mar Apr May Jun Jul Aug Sep Oct Nov Dec
2013: Jan Feb Mar Apr May Jun Jul Aug Sep Oct Nov Dec
2024: Jan Feb Mar Apr May Jun Jul Aug Sep Oct Nov Dec
2023: Jan Feb Mar Apr May Jun Jul Aug Sep Oct Nov Dec
2022: Jan Feb Mar Apr May Jun Jul Aug Sep Oct Nov Dec
2021: Jan Feb Mar Apr May Jun Jul Aug Sep Oct Nov Dec
2020: Jan Feb Mar Apr May Jun Jul Aug Sep Oct Nov Dec
2019: Jan Feb Mar Apr May Jun Jul Aug Sep Oct Nov Dec
2018: Jan Feb Mar Apr May Jun Jul Aug Sep Oct Nov Dec
2017: Jan Feb Mar Apr May Jun Jul Aug Sep Oct Nov Dec
2016: Jan Feb Mar Apr May Jun Jul Aug Sep Oct Nov Dec
2015: Jan Feb Mar Apr May Jun Jul Aug Sep Oct Nov Dec
2014: Jan Feb Mar Apr May Jun Jul Aug Sep Oct Nov Dec
2013: Jan Feb Mar Apr May Jun Jul Aug Sep Oct Nov Dec
Report for 2023 November
Monthly Climatological Summary for Nov 2023 Name: DW7240 City: Oshawa State: Ontario, Canada Elevation: 109 m Lat: N 43° 53' 48" Lon: W 078° 52' 24" Temperature (°C), Rain (mm), Wind Speed (km/h) Heat Cool Avg Mean Deg Deg Wind Dom Day Temp High Time Low Time Days Days Rain Speed High Time Dir ---------------------------------------------------------------------------------- 01 0.0 0.0 00:00 0.0 00:00 18.3 0.0 0.0 0.0 0.0 00:00 N 02 0.0 0.0 00:00 0.0 00:00 18.3 0.0 0.0 0.0 0.0 00:00 N 03 0.0 0.0 00:00 0.0 00:00 18.3 0.0 0.0 0.0 0.0 00:00 N 04 0.0 0.0 00:00 0.0 00:00 18.3 0.0 0.0 0.0 0.0 00:00 N 05 0.0 0.0 00:00 0.0 00:00 19.1 0.0 0.0 0.0 0.0 00:00 N 06 0.0 0.0 00:00 0.0 00:00 18.1 0.0 0.0 0.0 0.0 00:00 N 07 0.0 0.0 00:00 0.0 00:00 18.3 0.0 0.0 0.0 0.0 00:00 N 08 0.0 0.0 00:00 0.0 00:00 18.3 0.0 0.0 0.0 0.0 00:00 N 09 0.0 0.0 00:00 0.0 00:00 18.3 0.0 0.0 0.0 0.0 00:00 N 10 0.0 0.0 00:00 0.0 00:00 18.3 0.0 0.0 0.0 0.0 00:00 N 11 0.0 0.0 00:00 0.0 00:00 18.2 0.0 0.0 0.0 0.0 00:00 N 12 0.0 0.0 00:00 0.0 00:00 18.3 0.0 0.0 0.0 0.0 00:00 N 13 0.0 0.0 00:00 0.0 00:00 18.2 0.0 0.0 0.0 0.0 00:00 N 14 0.0 0.0 00:00 0.0 00:00 18.3 0.0 0.0 0.0 0.0 00:00 N 15 0.0 0.0 00:00 0.0 00:00 11.1 0.0 0.0 0.0 0.0 00:00 N 16 0.0 0.0 00:00 0.0 00:00 18.3 0.0 0.0 0.0 0.0 00:00 N 17 0.0 0.0 00:00 0.0 00:00 18.3 0.0 0.0 0.0 0.0 00:00 N 18 0.0 0.0 00:00 0.0 00:00 18.3 0.0 0.0 0.0 0.0 00:00 N 19 20.3 20.6 19:58 0.0 00:00 12.5 0.6 0.0 0.0 0.0 00:00 N 20 20.0 20.9 23:11 19.4 05:20 0.0 1.7 0.0 0.0 0.0 00:00 N 21 20.0 21.0 22:01 19.1 09:35 0.0 1.7 0.0 0.0 0.0 00:00 N 22 20.0 20.7 00:00 19.5 10:29 0.0 1.7 0.0 0.0 0.0 00:00 N 23 20.2 21.1 17:46 19.4 09:14 0.0 1.9 0.0 0.0 0.0 00:00 N 24 20.4 20.9 12:02 19.9 17:14 0.0 2.1 0.0 0.0 0.0 00:00 N 25 20.2 21.1 17:36 19.3 09:01 0.0 1.9 0.0 0.0 0.0 00:00 N 26 19.9 20.7 00:46 19.3 08:48 0.0 1.6 0.0 0.0 0.0 00:00 N 27 20.0 21.1 21:40 19.4 06:20 0.0 1.7 0.0 0.0 0.0 00:00 N 28 19.9 21.0 00:00 18.9 08:40 0.0 1.6 0.0 0.0 0.0 00:00 N 29 19.8 20.8 20:48 18.9 11:50 0.0 1.5 0.0 0.0 0.0 00:00 N 30 19.4 20.6 00:19 18.6 12:29 0.0 1.1 0.0 0.0 0.0 00:00 N ---------------------------------------------------------------------------------- 8.0 21.1 23 0.0 1 335.1 19.1 0.0 0.0 0.0 0 E Max >= 27.0 0 Max <= 0.0 18 Min <= 0.0 19 Min <= -18.0 0 Max Rain: 0.0 on day 0 Days of Rain: 0 (>= 0.2 mm) 0 (>= 2.0 mm) 0 (>= 20.0 mm) Heat Base: 18.3 Cool Base: 18.3 Method: Integration