North Facing Camera Click On Play Button To View Live Image |
Sky Facing Camera Click On Image To View Full Screen In New Window |
NOAA-Style Climate Reports
Select a Year or Month report
2024: Jan Feb Mar Apr May Jun Jul Aug Sep Oct Nov Dec
2023: Jan Feb Mar Apr May Jun Jul Aug Sep Oct Nov Dec
2022: Jan Feb Mar Apr May Jun Jul Aug Sep Oct Nov Dec
2021: Jan Feb Mar Apr May Jun Jul Aug Sep Oct Nov Dec
2020: Jan Feb Mar Apr May Jun Jul Aug Sep Oct Nov Dec
2019: Jan Feb Mar Apr May Jun Jul Aug Sep Oct Nov Dec
2018: Jan Feb Mar Apr May Jun Jul Aug Sep Oct Nov Dec
2017: Jan Feb Mar Apr May Jun Jul Aug Sep Oct Nov Dec
2016: Jan Feb Mar Apr May Jun Jul Aug Sep Oct Nov Dec
2015: Jan Feb Mar Apr May Jun Jul Aug Sep Oct Nov Dec
2014: Jan Feb Mar Apr May Jun Jul Aug Sep Oct Nov Dec
2013: Jan Feb Mar Apr May Jun Jul Aug Sep Oct Nov Dec
2024: Jan Feb Mar Apr May Jun Jul Aug Sep Oct Nov Dec
2023: Jan Feb Mar Apr May Jun Jul Aug Sep Oct Nov Dec
2022: Jan Feb Mar Apr May Jun Jul Aug Sep Oct Nov Dec
2021: Jan Feb Mar Apr May Jun Jul Aug Sep Oct Nov Dec
2020: Jan Feb Mar Apr May Jun Jul Aug Sep Oct Nov Dec
2019: Jan Feb Mar Apr May Jun Jul Aug Sep Oct Nov Dec
2018: Jan Feb Mar Apr May Jun Jul Aug Sep Oct Nov Dec
2017: Jan Feb Mar Apr May Jun Jul Aug Sep Oct Nov Dec
2016: Jan Feb Mar Apr May Jun Jul Aug Sep Oct Nov Dec
2015: Jan Feb Mar Apr May Jun Jul Aug Sep Oct Nov Dec
2014: Jan Feb Mar Apr May Jun Jul Aug Sep Oct Nov Dec
2013: Jan Feb Mar Apr May Jun Jul Aug Sep Oct Nov Dec
Report for 2023 December
Monthly Climatological Summary for Dec 2023 Name: DW7240 City: Oshawa State: Ontario, Canada Elevation: 109 m Lat: N 43° 53' 48" Lon: W 078° 52' 24" Temperature (°C), Rain (mm), Wind Speed (km/h) Heat Cool Avg Mean Deg Deg Wind Dom Day Temp High Time Low Time Days Days Rain Speed High Time Dir ---------------------------------------------------------------------------------- 01 19.5 20.1 16:25 19.1 08:38 0.0 1.2 0.0 0.0 0.0 00:00 N 02 19.8 21.0 19:45 19.0 09:06 0.0 1.5 0.0 0.0 0.0 00:00 N 03 19.9 20.7 00:55 19.3 09:58 0.0 1.6 0.0 0.0 0.0 00:00 N 04 19.7 20.7 00:21 19.2 16:15 0.0 1.4 0.0 0.0 0.0 00:00 N 05 19.5 21.1 23:54 18.3 10:54 0.0 1.2 0.0 0.0 0.0 00:00 N 06 20.0 22.1 22:08 19.0 09:44 0.0 1.7 0.0 0.0 0.0 00:00 N 07 19.9 21.2 00:00 19.0 09:43 0.0 1.6 0.0 0.0 0.0 00:00 N 08 19.7 20.4 21:17 19.1 08:13 0.0 1.4 0.0 0.0 0.0 00:00 N 09 20.0 20.7 01:19 19.4 08:39 0.0 1.7 0.0 0.0 0.0 00:00 N 10 20.2 20.9 21:22 19.6 09:03 0.0 1.9 0.0 0.0 0.0 00:00 N 11 19.9 20.9 20:37 19.4 08:56 0.0 1.6 0.0 0.0 0.0 00:00 N 12 20.0 21.1 20:36 19.2 08:41 0.0 1.7 0.0 0.0 0.0 00:00 N 13 19.8 20.9 20:58 19.2 07:10 0.0 1.5 0.0 0.0 0.0 00:00 N 14 19.7 20.7 00:16 19.0 08:52 0.0 1.4 0.0 0.0 0.0 00:00 N 15 19.8 20.9 19:31 19.1 08:47 0.0 1.5 0.0 0.0 0.0 00:00 N 16 19.8 20.7 00:00 19.1 13:37 0.0 1.5 0.0 0.0 0.0 00:00 N 17 20.2 21.5 23:30 19.3 10:00 0.0 1.9 0.0 0.0 0.0 00:00 N 18 20.3 21.4 00:00 19.7 12:24 0.0 2.0 0.0 0.0 0.0 00:00 N 19 19.8 21.0 22:12 18.8 14:30 0.0 1.5 0.0 0.0 0.0 00:00 N 20 19.6 20.9 00:00 18.9 09:39 0.0 1.3 0.0 0.0 0.0 00:00 N 21 19.7 20.7 20:49 18.8 08:48 0.0 1.4 0.0 0.0 0.0 00:00 N 22 19.6 20.7 19:38 18.9 08:14 0.0 1.3 0.0 0.0 0.0 00:00 N 23 19.5 20.9 21:10 18.8 06:57 0.0 1.2 0.0 0.0 0.0 00:00 N 24 19.9 20.7 00:23 19.1 08:09 0.0 1.6 0.0 0.0 0.0 00:00 N 25 20.5 21.7 17:05 19.3 08:00 0.0 2.2 0.0 0.0 0.0 00:00 N 26 20.3 21.2 00:00 19.7 09:51 0.0 2.0 0.0 0.0 0.0 00:00 N 27 20.2 20.8 19:17 19.8 08:18 0.0 1.9 0.0 0.0 0.0 00:00 N 28 20.3 20.9 17:06 19.8 09:19 0.0 2.0 0.0 0.0 0.0 00:00 N 29 20.1 20.7 21:43 19.8 08:39 0.0 1.8 0.0 0.0 0.0 00:00 N 30 20.1 21.2 14:20 19.4 09:12 0.0 1.8 0.0 0.0 0.0 00:00 N 31 20.0 20.8 00:46 19.2 09:53 0.0 1.7 0.0 0.0 0.0 00:00 N ---------------------------------------------------------------------------------- 19.9 22.1 6 18.3 5 0.0 50.0 0.0 0.0 0.0 0 E Max >= 27.0 0 Max <= 0.0 0 Min <= 0.0 0 Min <= -18.0 0 Max Rain: 0.0 on day 0 Days of Rain: 0 (>= 0.2 mm) 0 (>= 2.0 mm) 0 (>= 20.0 mm) Heat Base: 18.3 Cool Base: 18.3 Method: Integration