NOAA-Style Climate Reports


Report for 2021 September
                   Monthly Climatological Summary for Sep 2021

Name: DW7240   City: Oshawa   State: Ontario, Canada
Elevation: 390 ft  Lat: N 43° 53' 48"   Lon: W 078° 52' 26"

                  Temperature (°C), Rain (mm), Wind Speed (km/h)

                                      Heat  Cool        Avg
    Mean                              Deg   Deg         Wind                 Dom
Day Temp  High   Time   Low    Time   Days  Days  Rain  Speed High   Time    Dir
----------------------------------------------------------------------------------
01  19.7  24.5   16:44  16.3   04:42   0.6   2.0   0.0   3.9  26.0   10:14   NNE
02  15.9  20.1   15:23  10.8   06:27   2.5   0.1   0.0   5.2  32.0   13:58   NNW
03  17.4  24.3   14:50  11.5   05:10   2.1   1.2   0.0   2.4  21.0   17:00     N
04  19.1  24.2   13:29  12.8   06:29   1.5   2.3   0.0   2.2  18.0   23:53    SE
05  22.3  27.6   15:01  18.2   23:59   0.0   4.0   7.4   4.7  27.0   14:52    SE
06  18.9  23.5   13:34  15.1   07:34   0.9   1.5   0.8   5.7  37.0   17:06     W
07  18.0  23.8   15:55  11.8   07:00   2.0   1.7  19.2   2.7  43.0   19:18     S
08  20.5  26.2   17:06  16.3   03:43   0.4   2.6  16.6   5.4  37.0   17:27    SW
09  17.9  23.1   12:38  13.0   07:01   1.4   1.0   0.0   4.0  31.0   14:54   WSW
10  17.5  23.8   15:42  12.3   06:08   2.2   1.5   0.2   3.5  35.0   13:47    NW
11  18.9  25.9   14:15  11.2   05:42   2.2   2.8   0.0   7.1  43.0   15:19    SW
12  21.2  26.0   16:35  17.1   23:59   0.0   2.9   0.6   2.7  29.0   00:43    SW
13  17.8  23.4   14:10  12.6   06:51   1.7   1.3   0.8   2.8  27.0   14:40    NW
14  19.2  23.8   18:45  13.8   02:47   1.3   2.2   0.6   2.5  50.0   23:47     W
15  19.0  22.9   14:21  15.5   23:55   0.5   1.2   8.0   3.1  24.0   00:45     W
16  17.9  23.1   14:21  12.6   06:34   1.8   1.4   0.0   2.2  21.0   15:43     E
17  20.4  26.8   14:52  16.2   00:55   0.6   2.7   0.0   1.7  18.0   12:51   ESE
18  20.2  25.8   14:08  14.2   23:45   0.4   2.3   0.0   3.9  27.0   17:14    NE
19  16.5  21.7   15:12  11.8   07:20   2.6   0.8   0.0   1.9  18.0   14:08   NNE
20  18.7  23.4   11:52  12.9   02:38   1.7   2.1   0.0   2.7  26.0   14:03     E
21  21.5  23.8   11:28  19.2   23:59   0.0   3.2   4.4   3.2  24.0   11:57     S
22  18.6  20.3   15:29  15.1   23:00   0.6   0.9  30.2   2.8  21.0   07:14     S
23  17.1  20.6   12:43  14.7   19:53   1.3   0.1  10.8   6.5  39.0   23:29     S
24  14.4  17.9   13:44  10.4   23:47   3.9   0.0   1.2   6.4  35.0   00:01   SSW
25  14.7  21.3   12:05   9.4   01:28   4.2   0.6   1.8   4.8  43.0   16:28     S
26  14.2  21.3   13:15   6.8   07:17   4.5   0.4   0.0   3.5  29.0   13:44     S
----------------------------------------------------------------------------------
    18.4  27.6     5     6.8    26    40.9  42.8 102.6   3.8  50.0    14      SW

Max >=  27.0  1
Max <=   0.0  0
Min <=   0.0  0
Min <= -18.0  0
Max Rain: 30.2 on day 22
Days of Rain: 14 (>= 0.2 mm)  7 (>= 2.0 mm)  1 (>= 20.0 mm)
Heat Base: 18.3  Cool Base: 18.3  Method: Integration
This data is offered only as a general guide to local weather conditions. It should not be relied upon in lieu of officially disseminated weather information for determining possible risk to persons or property. This site, including all information contained therein, is made available as is without warranties of any kind, either express or implied. The Vicarage Weather Feed© includes links to other sites for user convenience only. The content of any linked third-party site is not controlled by The Vicarage Weather Feed©. Access to any third-party website through The Vicarage Weather Feed©, regardless of whether or not the third-party site is a linked site, is entirely at the users own risk. Externally sourced content or material is excluded from The Vicarage Weather Feed© copyright and is the copyright and property of the respective provider. Skywarn® and the Skywarn® logo are registered trademarks of the National Oceanic and Atmospheric Administration, used with permission.