North Facing Camera Click On Play Button To View Live Image |
Sky Facing Camera Click On Image To View Full Screen In New Window |
NOAA-Style Climate Reports
Select a Year or Month report
2024: Jan Feb Mar Apr May Jun Jul Aug Sep Oct Nov Dec
2023: Jan Feb Mar Apr May Jun Jul Aug Sep Oct Nov Dec
2022: Jan Feb Mar Apr May Jun Jul Aug Sep Oct Nov Dec
2021: Jan Feb Mar Apr May Jun Jul Aug Sep Oct Nov Dec
2020: Jan Feb Mar Apr May Jun Jul Aug Sep Oct Nov Dec
2019: Jan Feb Mar Apr May Jun Jul Aug Sep Oct Nov Dec
2018: Jan Feb Mar Apr May Jun Jul Aug Sep Oct Nov Dec
2017: Jan Feb Mar Apr May Jun Jul Aug Sep Oct Nov Dec
2016: Jan Feb Mar Apr May Jun Jul Aug Sep Oct Nov Dec
2015: Jan Feb Mar Apr May Jun Jul Aug Sep Oct Nov Dec
2014: Jan Feb Mar Apr May Jun Jul Aug Sep Oct Nov Dec
2013: Jan Feb Mar Apr May Jun Jul Aug Sep Oct Nov Dec
2024: Jan Feb Mar Apr May Jun Jul Aug Sep Oct Nov Dec
2023: Jan Feb Mar Apr May Jun Jul Aug Sep Oct Nov Dec
2022: Jan Feb Mar Apr May Jun Jul Aug Sep Oct Nov Dec
2021: Jan Feb Mar Apr May Jun Jul Aug Sep Oct Nov Dec
2020: Jan Feb Mar Apr May Jun Jul Aug Sep Oct Nov Dec
2019: Jan Feb Mar Apr May Jun Jul Aug Sep Oct Nov Dec
2018: Jan Feb Mar Apr May Jun Jul Aug Sep Oct Nov Dec
2017: Jan Feb Mar Apr May Jun Jul Aug Sep Oct Nov Dec
2016: Jan Feb Mar Apr May Jun Jul Aug Sep Oct Nov Dec
2015: Jan Feb Mar Apr May Jun Jul Aug Sep Oct Nov Dec
2014: Jan Feb Mar Apr May Jun Jul Aug Sep Oct Nov Dec
2013: Jan Feb Mar Apr May Jun Jul Aug Sep Oct Nov Dec
Report for 2017
Annual Climatological Summary for 2017 Name: DW7240 City: Oshawa State: Ontario, Canada Elevation: 358 ft Lat: N 43 53 48 Lon: W 078 52 26 Temperature (°C), Heat Base: 18.3 Cool Base: 18.3 Dep. Heat Cool Max Max Min Min Mean Mean From Deg Deg >= <= <= <= YR MO Max Min Mean Norm Days Days Hi Date Low Date 27.0 0.0 0.0 -18.0 ------------------------------------------------------------------------------------ 17 1 1.4 -4.2 -1.2 0.0 603 0 7.3 11 -15.0 7 0 11 22 0 17 2 3.7 -4.1 -0.1 0.0 513 0 18.3 23 -13.3 9 0 7 22 0 17 3 2.9 -4.3 -0.7 0.0 564 0 13.7 27 -14.7 11 0 11 21 0 17 4 13.8 4.8 9.0 0.0 280 3 25.5 27 -1.3 8 0 0 3 0 17 5 17.0 8.1 12.6 0.0 186 10 26.7 18 0.0 24 0 0 1 0 17 6 23.5 14.0 18.6 0.0 50 57 30.2 16 6.6 2 7 0 0 0 17 7 26.3 17.1 21.5 0.0 9 106 31.3 30 13.8 9 12 0 0 0 17 8 25.4 14.8 20.2 0.0 25 85 30.6 2 0.0 19 10 0 1 0 17 9 24.0 12.9 18.3 0.0 70 69 32.4 24 0.0 5 7 0 1 0 17 10 17.8 8.5 13.1 0.0 170 10 24.2 8 1.2 17 0 0 0 0 17 11 7.5 -0.2 4.0 0.0 421 0 14.6 6 -10.7 10 0 1 15 0 17 12 -1.6 -8.5 -4.8 0.0 700 0 10.3 5 -22.2 31 0 19 26 3 ------------------------------------------------------------------------------------ 13.5 4.9 9.2 0.0 3592 340 32.4 Sep -22.2 Dec 36 49 112 3 Precipitation (mm) Dep. Max Days of Rain From Obs. >= YR MO Total Norm Day Date 0.2 2.0 20.0 --------------------------------------------- 17 1 49.4 0.0 14.4 10 13 4 0 17 2 34.2 0.0 8.0 12 14 5 0 17 3 43.8 0.0 12.2 1 11 6 0 17 4 57.6 0.0 9.6 4 15 7 0 17 5 123.6 0.0 23.8 25 17 12 1 17 6 130.6 0.0 50.6 23 20 12 1 17 7 50.6 0.0 10.4 27 16 6 0 17 8 61.8 0.0 20.0 2 15 7 1 17 9 30.4 0.0 14.0 4 8 5 0 17 10 47.8 0.0 11.8 9 16 9 0 17 11 41.2 0.0 9.8 5 16 7 0 17 12 26.2 0.0 10.6 5 12 5 0 --------------------------------------------- 697.2 0.0 50.6 Jun 173 85 3 Wind Speed (km/h) Dom YR MO Avg. Hi Date Dir ------------------------------ 17 1 7.3 69.2 11 W 17 2 7.3 56.3 25 WNW 17 3 8.6 70.8 1 N 17 4 6.7 57.9 7 N 17 5 4.2 62.8 18 NNW 17 6 2.3 46.7 2 WSW 17 7 1.6 45.1 2 SW 17 8 1.9 41.8 4 WSW 17 9 1.5 46.7 4 WNW 17 10 2.2 62.8 15 WSW 17 11 1.2 43.5 28 WNW 17 12 5.1 62.5 5 WNW ------------------------------ 4.2 70.8 Mar N