North Facing Camera Click On Play Button To View Live Image |
Sky Facing Camera Click On Image To View Full Screen In New Window |
NOAA-Style Climate Reports
Select a Year or Month report
2024: Jan Feb Mar Apr May Jun Jul Aug Sep Oct Nov Dec
2023: Jan Feb Mar Apr May Jun Jul Aug Sep Oct Nov Dec
2022: Jan Feb Mar Apr May Jun Jul Aug Sep Oct Nov Dec
2021: Jan Feb Mar Apr May Jun Jul Aug Sep Oct Nov Dec
2020: Jan Feb Mar Apr May Jun Jul Aug Sep Oct Nov Dec
2019: Jan Feb Mar Apr May Jun Jul Aug Sep Oct Nov Dec
2018: Jan Feb Mar Apr May Jun Jul Aug Sep Oct Nov Dec
2017: Jan Feb Mar Apr May Jun Jul Aug Sep Oct Nov Dec
2016: Jan Feb Mar Apr May Jun Jul Aug Sep Oct Nov Dec
2015: Jan Feb Mar Apr May Jun Jul Aug Sep Oct Nov Dec
2014: Jan Feb Mar Apr May Jun Jul Aug Sep Oct Nov Dec
2013: Jan Feb Mar Apr May Jun Jul Aug Sep Oct Nov Dec
2024: Jan Feb Mar Apr May Jun Jul Aug Sep Oct Nov Dec
2023: Jan Feb Mar Apr May Jun Jul Aug Sep Oct Nov Dec
2022: Jan Feb Mar Apr May Jun Jul Aug Sep Oct Nov Dec
2021: Jan Feb Mar Apr May Jun Jul Aug Sep Oct Nov Dec
2020: Jan Feb Mar Apr May Jun Jul Aug Sep Oct Nov Dec
2019: Jan Feb Mar Apr May Jun Jul Aug Sep Oct Nov Dec
2018: Jan Feb Mar Apr May Jun Jul Aug Sep Oct Nov Dec
2017: Jan Feb Mar Apr May Jun Jul Aug Sep Oct Nov Dec
2016: Jan Feb Mar Apr May Jun Jul Aug Sep Oct Nov Dec
2015: Jan Feb Mar Apr May Jun Jul Aug Sep Oct Nov Dec
2014: Jan Feb Mar Apr May Jun Jul Aug Sep Oct Nov Dec
2013: Jan Feb Mar Apr May Jun Jul Aug Sep Oct Nov Dec
Report for 2019
Annual Climatological Summary for 2019 Name: DW7240 City: Oshawa State: Ontario, Canada Elevation: 390 ft Lat: N 43 53 48 Lon: W 078 52 26 Temperature (°C), Heat Base: 18.3 Cool Base: 18.3 Dep. Heat Cool Max Max Min Min Mean Mean From Deg Deg >= <= <= <= YR MO Max Min Mean Norm Days Days Hi Date Low Date 27.0 0.0 0.0 -18.0 ------------------------------------------------------------------------------------ 19 1 -3.2 -10.1 -6.3 0.0 656 0 7.0 8 -22.6 20 0 22 30 4 19 2 -0.4 -7.8 -4.0 0.0 564 0 9.3 4 -20.2 1 0 16 27 1 19 3 3.5 -4.6 -0.5 0.0 546 0 11.9 29 -14.3 8 0 6 27 0 19 4 10.6 2.6 6.5 0.0 353 0 17.8 18 -5.1 1 0 0 6 0 19 5 16.7 7.6 12.0 0.0 190 6 25.2 23 0.0 13 0 0 1 0 19 6 23.8 13.5 18.4 0.0 58 61 30.8 26 5.0 4 7 0 0 0 19 7 29.0 17.7 23.5 0.0 4 160 33.9 20 0.0 18 26 0 1 0 19 8 26.1 16.0 21.3 0.0 14 106 29.5 19 0.0 9 13 0 1 0 19 9 22.0 12.8 17.5 0.0 60 34 28.9 22 8.0 27 2 0 0 0 19 10 15.3 6.9 11.1 0.0 225 3 27.9 1 1.1 15 1 0 0 0 19 11 4.4 -2.0 1.4 0.0 512 0 11.3 26 -15.5 13 0 6 22 0 19 12 2.5 -4.0 -0.6 0.0 585 0 9.7 23 -17.2 19 0 7 23 0 ------------------------------------------------------------------------------------ 12.5 4.0 8.4 0.0 3766 369 33.9 Jul -22.6 Jan 49 57 138 5 Precipitation (mm) Dep. Max Days of Rain From Obs. >= YR MO Total Norm Day Date 0.2 2.0 20.0 --------------------------------------------- 19 1 37.6 0.0 21.2 19 15 3 1 19 2 25.2 0.0 5.2 13 17 4 0 19 3 41.0 0.0 16.2 30 11 4 0 19 4 73.0 0.0 16.8 14 13 6 0 19 5 77.6 0.0 16.6 25 16 9 0 19 6 60.6 0.0 15.0 10 15 7 0 19 7 45.2 0.0 17.2 17 10 6 0 19 8 42.4 0.0 11.4 6 11 7 0 19 9 29.8 0.0 5.2 11 19 6 0 19 10 78.4 0.0 19.4 27 14 8 0 19 11 23.0 0.0 4.2 7 12 5 0 19 12 40.0 0.0 12.2 14 13 7 0 --------------------------------------------- 573.8 0.0 21.2 Jan 166 72 1 Wind Speed (km/h) Dom YR MO Avg. Hi Date Dir ------------------------------ 19 1 6.7 51.5 10 NW 19 2 5.9 67.6 25 NNW 19 3 4.4 74.4 10 NW 19 4 4.7 66.0 3 N 19 5 2.9 51.5 1 NE 19 6 3.3 22.1 20 NNW 19 7 2.1 38.6 28 WSW 19 8 2.2 20.5 11 WNW 19 9 1.0 41.8 26 SW 19 10 0.2 29.0 3 NNE 19 11 1.7 25.7 19 NE 19 12 7.0 25.7 9 NW ------------------------------ 7.6 74.4 Mar NNW