North Facing Camera Click On Play Button To View Live Image |
Sky Facing Camera Click On Image To View Full Screen In New Window |
NOAA-Style Climate Reports
Select a Year or Month report
2024: Jan Feb Mar Apr May Jun Jul Aug Sep Oct Nov Dec
2023: Jan Feb Mar Apr May Jun Jul Aug Sep Oct Nov Dec
2022: Jan Feb Mar Apr May Jun Jul Aug Sep Oct Nov Dec
2021: Jan Feb Mar Apr May Jun Jul Aug Sep Oct Nov Dec
2020: Jan Feb Mar Apr May Jun Jul Aug Sep Oct Nov Dec
2019: Jan Feb Mar Apr May Jun Jul Aug Sep Oct Nov Dec
2018: Jan Feb Mar Apr May Jun Jul Aug Sep Oct Nov Dec
2017: Jan Feb Mar Apr May Jun Jul Aug Sep Oct Nov Dec
2016: Jan Feb Mar Apr May Jun Jul Aug Sep Oct Nov Dec
2015: Jan Feb Mar Apr May Jun Jul Aug Sep Oct Nov Dec
2014: Jan Feb Mar Apr May Jun Jul Aug Sep Oct Nov Dec
2013: Jan Feb Mar Apr May Jun Jul Aug Sep Oct Nov Dec
2024: Jan Feb Mar Apr May Jun Jul Aug Sep Oct Nov Dec
2023: Jan Feb Mar Apr May Jun Jul Aug Sep Oct Nov Dec
2022: Jan Feb Mar Apr May Jun Jul Aug Sep Oct Nov Dec
2021: Jan Feb Mar Apr May Jun Jul Aug Sep Oct Nov Dec
2020: Jan Feb Mar Apr May Jun Jul Aug Sep Oct Nov Dec
2019: Jan Feb Mar Apr May Jun Jul Aug Sep Oct Nov Dec
2018: Jan Feb Mar Apr May Jun Jul Aug Sep Oct Nov Dec
2017: Jan Feb Mar Apr May Jun Jul Aug Sep Oct Nov Dec
2016: Jan Feb Mar Apr May Jun Jul Aug Sep Oct Nov Dec
2015: Jan Feb Mar Apr May Jun Jul Aug Sep Oct Nov Dec
2014: Jan Feb Mar Apr May Jun Jul Aug Sep Oct Nov Dec
2013: Jan Feb Mar Apr May Jun Jul Aug Sep Oct Nov Dec
Report for 2020
Annual Climatological Summary for 2020 Name: DW7240 City: Oshawa State: Ontario, Canada Elevation: 390 ft Lat: N 43° 53' 48" Lon: W 078° 52' 26" Temperature (°C), Heat Base: 18.3 Cool Base: 18.3 Dep. Heat Cool Max Max Min Min Mean Mean From Deg Deg >= <= <= <= YR MO Max Min Mean Norm Days Days Hi Date Low Date 27.0 0.0 0.0 -18.0 ------------------------------------------------------------------------------------ 20 1 2.5 -4.6 -0.8 0.0 593 0 11.8 11 -15.3 17 0 5 22 0 20 2 1.6 -5.8 -1.7 0.0 562 0 9.2 24 -21.1 14 0 9 25 1 20 3 7.7 0.2 4.0 0.0 443 0 17.1 29 -11.4 1 0 0 11 0 20 4 11.1 2.7 7.0 0.0 340 0 16.9 7 -2.9 15 0 0 8 0 20 5 18.4 8.5 13.5 0.0 184 36 33.7 26 -2.2 9 4 0 3 0 20 6 27.3 15.7 21.4 0.0 28 121 32.9 20 8.2 1 18 0 0 0 20 7 31.3 21.0 25.9 0.0 0 229 36.7 2 16.9 21 30 0 0 0 20 8 28.1 18.0 22.9 0.0 8 140 33.6 10 12.3 20 19 0 0 0 20 9 21.8 12.5 17.3 0.0 74 43 28.4 1 2.9 19 3 0 0 0 20 10 13.7 5.4 9.4 0.0 278 1 22.2 10 -5.2 31 0 0 2 0 20 11 10.3 2.4 6.4 0.0 357 0 19.5 10 -5.9 18 0 0 7 0 20 12 2.5 -3.1 -0.3 0.0 575 0 8.4 24 -10.8 16 0 8 25 0 ------------------------------------------------------------------------------------ 14.7 6.1 10.4 0.0 3442 570 36.7 Jul -21.1 Feb 74 22 103 1 Precipitation (mm) Dep. Max Days of Rain From Obs. >= YR MO Total Norm Day Date 0.2 2.0 20.0 --------------------------------------------- 20 1 75.6 0.0 35.4 11 11 7 1 20 2 23.8 0.0 3.8 27 11 6 0 20 3 44.0 0.0 7.8 3 12 8 0 20 4 34.6 0.0 11.0 13 9 5 0 20 5 33.6 0.0 12.2 25 15 6 0 20 6 20.8 0.0 11.6 27 7 2 0 20 7 36.8 0.0 14.2 16 9 4 0 20 8 55.4 0.0 16.0 2 14 7 0 20 9 47.8 0.0 17.5 30 9 6 0 20 10 34.9 0.0 9.2 15 17 7 0 20 11 34.0 0.0 13.2 30 12 5 0 20 12 38.8 0.0 9.0 4 14 8 0 --------------------------------------------- 480.1 0.0 35.4 Jan 140 71 1 Wind Speed (km/h) Dom YR MO Avg. Hi Date Dir ------------------------------ 20 1 57.4 252.7 14 N 20 2 20.9 49.9 15 NW 20 3 63.4 66.0 13 NNE 20 4 16.4 49.9 10 N 20 5 3.3 48.3 3 N 20 6 0.2 33.8 27 W 20 7 0.0 12.9 21 WSW 20 8 0.1 167.4 18 E 20 9 2.6 43.5 16 SW 20 10 4.0 51.9 7 WNW 20 11 5.3 75.6 15 W 20 12 6.1 48.3 28 WNW ------------------------------ 15.1 252.7 Jan N