North Facing Camera Click On Play Button To View Live Image |
Sky Facing Camera Click On Image To View Full Screen In New Window |
NOAA-דיווחי אקלים בסגנון
בחר שנה או חודש לדיווח
2024: ינואר פברואר מרץ אפריל מאי יוני יולי אוגוסט ספטמבר אוקטובר נובמבר דצמבר
2023: ינואר פברואר מרץ אפריל מאי יוני יולי אוגוסט ספטמבר אוקטובר נובמבר דצמבר
2022: ינואר פברואר מרץ אפריל מאי יוני יולי אוגוסט ספטמבר אוקטובר נובמבר דצמבר
2021: ינואר פברואר מרץ אפריל מאי יוני יולי אוגוסט ספטמבר אוקטובר נובמבר דצמבר
2020: ינואר פברואר מרץ אפריל מאי יוני יולי אוגוסט ספטמבר אוקטובר נובמבר דצמבר
2019: ינואר פברואר מרץ אפריל מאי יוני יולי אוגוסט ספטמבר אוקטובר נובמבר דצמבר
2018: ינואר פברואר מרץ אפריל מאי יוני יולי אוגוסט ספטמבר אוקטובר נובמבר דצמבר
2017: ינואר פברואר מרץ אפריל מאי יוני יולי אוגוסט ספטמבר אוקטובר נובמבר דצמבר
2016: ינואר פברואר מרץ אפריל מאי יוני יולי אוגוסט ספטמבר אוקטובר נובמבר דצמבר
2015: ינואר פברואר מרץ אפריל מאי יוני יולי אוגוסט ספטמבר אוקטובר נובמבר דצמבר
2014: ינואר פברואר מרץ אפריל מאי יוני יולי אוגוסט ספטמבר אוקטובר נובמבר דצמבר
2013: ינואר פברואר מרץ אפריל מאי יוני יולי אוגוסט ספטמבר אוקטובר נובמבר דצמבר
2024: ינואר פברואר מרץ אפריל מאי יוני יולי אוגוסט ספטמבר אוקטובר נובמבר דצמבר
2023: ינואר פברואר מרץ אפריל מאי יוני יולי אוגוסט ספטמבר אוקטובר נובמבר דצמבר
2022: ינואר פברואר מרץ אפריל מאי יוני יולי אוגוסט ספטמבר אוקטובר נובמבר דצמבר
2021: ינואר פברואר מרץ אפריל מאי יוני יולי אוגוסט ספטמבר אוקטובר נובמבר דצמבר
2020: ינואר פברואר מרץ אפריל מאי יוני יולי אוגוסט ספטמבר אוקטובר נובמבר דצמבר
2019: ינואר פברואר מרץ אפריל מאי יוני יולי אוגוסט ספטמבר אוקטובר נובמבר דצמבר
2018: ינואר פברואר מרץ אפריל מאי יוני יולי אוגוסט ספטמבר אוקטובר נובמבר דצמבר
2017: ינואר פברואר מרץ אפריל מאי יוני יולי אוגוסט ספטמבר אוקטובר נובמבר דצמבר
2016: ינואר פברואר מרץ אפריל מאי יוני יולי אוגוסט ספטמבר אוקטובר נובמבר דצמבר
2015: ינואר פברואר מרץ אפריל מאי יוני יולי אוגוסט ספטמבר אוקטובר נובמבר דצמבר
2014: ינואר פברואר מרץ אפריל מאי יוני יולי אוגוסט ספטמבר אוקטובר נובמבר דצמבר
2013: ינואר פברואר מרץ אפריל מאי יוני יולי אוגוסט ספטמבר אוקטובר נובמבר דצמבר
דיווח ל 2024 אפריל
Monthly Climatological Summary for Apr 2024 Name: DW7240 City: Oshawa State: Ontario, Canada Elevation: 109 m Lat: N 43° 53' 48" Lon: W 078° 52' 23" Temperature (°C), Rain (mm), Wind Speed (km/h) Heat Cool Avg Mean Deg Deg Wind Dom Day Temp High Time Low Time Days Days Rain Speed High Time Dir ---------------------------------------------------------------------------------- 01 19.4 20.2 00:00 18.8 09:50 0.0 1.1 0.0 ---- 0.0 00:00 N 02 19.6 20.4 20:44 18.9 09:21 0.0 1.3 0.0 ---- 0.0 00:00 N 03 19.5 20.6 23:57 19.0 15:49 0.0 1.2 0.0 ---- 0.0 00:00 N 04 19.5 20.6 00:01 18.9 08:19 0.0 1.2 0.0 ---- 0.0 00:00 N 05 19.3 20.3 23:24 18.7 09:12 0.0 1.0 0.0 ---- 0.0 00:00 N 06 19.7 20.6 16:44 18.9 09:07 0.0 1.4 0.0 ---- 0.0 00:00 N 07 19.8 20.3 01:02 19.2 09:38 0.0 1.5 0.0 ---- 0.0 00:00 N 08 19.6 20.1 19:24 19.1 07:47 0.0 1.3 0.0 ---- 0.0 00:00 N 09 19.7 20.4 17:11 0.0 00:00 0.0 1.5 0.0 ---- 0.0 00:00 N 10 20.3 20.8 19:45 19.8 06:41 0.0 2.0 0.0 ---- 0.0 00:00 N 11 20.6 21.3 20:49 20.1 06:19 0.0 2.3 0.0 ---- 0.0 00:00 N 12 20.6 21.2 00:01 20.3 11:47 0.0 2.3 0.0 ---- 0.0 00:00 N 13 20.0 20.6 00:19 19.6 10:48 0.0 1.7 0.0 0.0 0.0 00:00 N 14 20.1 20.9 20:43 19.5 09:33 0.0 1.8 0.0 0.0 0.0 00:00 N 15 20.2 20.7 19:54 19.8 08:19 0.0 1.9 0.0 0.0 0.0 00:00 N 16 20.1 20.9 19:37 19.6 07:22 0.0 1.8 0.0 0.0 0.0 00:00 N 17 20.1 20.6 00:00 19.7 12:08 0.0 1.8 0.0 0.0 2.0 12:41 N 18 20.3 21.0 19:57 19.8 06:43 0.0 2.0 0.0 0.0 0.0 00:00 N 19 20.3 20.9 00:00 19.9 10:38 0.0 2.0 0.0 0.0 0.0 00:00 N 20 19.9 20.4 00:00 19.6 12:42 0.0 1.6 0.0 0.0 0.0 00:00 N 21 19.6 20.2 20:23 19.1 09:03 0.0 1.3 0.0 0.0 0.0 00:00 N 22 19.4 19.9 00:12 19.1 06:21 0.0 1.1 0.0 0.0 0.0 00:00 N 23 19.4 19.9 17:08 18.9 07:39 0.0 1.1 0.0 0.0 0.0 00:00 N 24 19.7 20.1 19:36 19.3 09:49 0.0 1.4 0.0 0.0 18.0 12:15 N 25 19.6 20.1 19:37 18.8 12:42 0.0 1.3 0.0 0.0 0.0 00:00 N ---------------------------------------------------------------------------------- 19.9 21.3 11 0.0 9 0.0 38.9 0.0 0.0 18.0 24 E Max >= 27.0 0 Max <= 0.0 0 Min <= 0.0 1 Min <= -18.0 0 Max Rain: 0.0 on day 0 Days of Rain: 0 (>= 0.2 mm) 0 (>= 2.0 mm) 0 (>= 20.0 mm) Heat Base: 18.3 Cool Base: 18.3 Method: Integration