North Facing Camera Click On Play Button To View Live Image |
Sky Facing Camera Click On Image To View Full Screen In New Window |
NOAA-Style Climate Reports
Select a Year or Month report
2024: Jan Feb Mar Apr May Jun Jul Aug Sep Oct Nov Dec
2023: Jan Feb Mar Apr May Jun Jul Aug Sep Oct Nov Dec
2022: Jan Feb Mar Apr May Jun Jul Aug Sep Oct Nov Dec
2021: Jan Feb Mar Apr May Jun Jul Aug Sep Oct Nov Dec
2020: Jan Feb Mar Apr May Jun Jul Aug Sep Oct Nov Dec
2019: Jan Feb Mar Apr May Jun Jul Aug Sep Oct Nov Dec
2018: Jan Feb Mar Apr May Jun Jul Aug Sep Oct Nov Dec
2017: Jan Feb Mar Apr May Jun Jul Aug Sep Oct Nov Dec
2016: Jan Feb Mar Apr May Jun Jul Aug Sep Oct Nov Dec
2015: Jan Feb Mar Apr May Jun Jul Aug Sep Oct Nov Dec
2014: Jan Feb Mar Apr May Jun Jul Aug Sep Oct Nov Dec
2013: Jan Feb Mar Apr May Jun Jul Aug Sep Oct Nov Dec
2024: Jan Feb Mar Apr May Jun Jul Aug Sep Oct Nov Dec
2023: Jan Feb Mar Apr May Jun Jul Aug Sep Oct Nov Dec
2022: Jan Feb Mar Apr May Jun Jul Aug Sep Oct Nov Dec
2021: Jan Feb Mar Apr May Jun Jul Aug Sep Oct Nov Dec
2020: Jan Feb Mar Apr May Jun Jul Aug Sep Oct Nov Dec
2019: Jan Feb Mar Apr May Jun Jul Aug Sep Oct Nov Dec
2018: Jan Feb Mar Apr May Jun Jul Aug Sep Oct Nov Dec
2017: Jan Feb Mar Apr May Jun Jul Aug Sep Oct Nov Dec
2016: Jan Feb Mar Apr May Jun Jul Aug Sep Oct Nov Dec
2015: Jan Feb Mar Apr May Jun Jul Aug Sep Oct Nov Dec
2014: Jan Feb Mar Apr May Jun Jul Aug Sep Oct Nov Dec
2013: Jan Feb Mar Apr May Jun Jul Aug Sep Oct Nov Dec
Report for 2023
Annual Climatological Summary for 2023 Name: DW7240 City: Oshawa State: Ontario, Canada Elevation: 109 m Lat: N 43° 53' 48" Lon: W 078° 52' 24" Temperature (°C), Heat Base: 18.3 Cool Base: 18.3 Dep. Heat Cool Max Max Min Min Mean Mean From Deg Deg >= <= <= <= YR MO Max Min Mean Norm Days Days Hi Date Low Date 27.0 0.0 0.0 -18.0 ------------------------------------------------------------------------------------ 23 1 0.0 0.0 0.0 0.0 548 0 0.0 1 0.0 1 0 30 30 0 23 2 0.0 0.0 0.0 0.0 511 0 0.0 1 0.0 1 0 28 28 0 23 3 0.0 0.0 0.0 0.0 563 0 0.0 1 0.0 1 0 31 31 0 23 4 0.0 0.0 0.0 0.0 547 0 0.0 1 0.0 1 0 30 30 0 23 5 0.0 0.0 0.0 0.0 563 0 0.0 1 0.0 1 0 31 31 0 23 6 0.0 0.0 0.0 0.0 547 0 0.0 1 0.0 1 0 30 30 0 23 7 0.0 0.0 0.0 0.0 558 0 0.0 1 0.0 1 0 31 31 0 23 8 0.0 0.0 0.0 0.0 536 0 0.0 1 0.0 1 0 30 30 0 23 9 0.0 0.0 0.0 0.0 545 0 0.0 1 0.0 1 0 30 30 0 23 10 0.0 0.0 0.0 0.0 567 0 0.0 1 0.0 1 0 31 31 0 23 11 8.4 7.1 8.0 0.0 335 19 21.1 23 0.0 1 0 18 19 0 23 12 20.9 19.2 19.9 0.0 0 50 22.1 6 18.3 5 0 0 0 0 ------------------------------------------------------------------------------------ 2.5 2.2 2.4 0.0 5820 69 22.1 Dec 0.0 Jan 0 320 321 0 Precipitation (mm) Dep. Max Days of Rain From Obs. >= YR MO Total Norm Day Date 0.2 2.0 20.0 --------------------------------------------- 23 1 0.0 0.0 0.0 0 0 0 0 23 2 0.0 0.0 0.0 0 0 0 0 23 3 0.0 0.0 0.0 0 0 0 0 23 4 0.0 0.0 0.0 0 0 0 0 23 5 0.0 0.0 0.0 0 0 0 0 23 6 0.0 0.0 0.0 0 0 0 0 23 7 0.0 0.0 0.0 0 0 0 0 23 8 0.0 0.0 0.0 0 0 0 0 23 9 0.0 0.0 0.0 0 0 0 0 23 10 0.0 0.0 0.0 0 0 0 0 23 11 0.0 0.0 0.0 0 0 0 0 23 12 0.0 0.0 0.0 0 0 0 0 --------------------------------------------- 0.0 0.0 0.0 --- 0 0 0 Wind Speed (km/h) Dom YR MO Avg. Hi Date Dir ------------------------------ 23 1 0.0 0.0 0 E 23 2 0.0 0.0 0 E 23 3 0.0 0.0 0 E 23 4 0.0 0.0 0 E 23 5 0.0 0.0 0 E 23 6 0.0 0.0 0 E 23 7 0.0 0.0 0 E 23 8 0.0 0.0 0 E 23 9 0.0 0.0 0 E 23 10 0.0 0.0 0 E 23 11 0.0 0.0 0 E 23 12 0.0 0.0 0 E ------------------------------ 0.0 0.0 --- E