North Facing Camera Click On Play Button To View Live Image |
Sky Facing Camera Click On Image To View Full Screen In New Window |
NOAA-Style Climate Reports
Select a Year or Month report
2024: Jan Feb Mar Apr May Jun Jul Aug Sep Oct Nov Dec
2023: Jan Feb Mar Apr May Jun Jul Aug Sep Oct Nov Dec
2022: Jan Feb Mar Apr May Jun Jul Aug Sep Oct Nov Dec
2021: Jan Feb Mar Apr May Jun Jul Aug Sep Oct Nov Dec
2020: Jan Feb Mar Apr May Jun Jul Aug Sep Oct Nov Dec
2019: Jan Feb Mar Apr May Jun Jul Aug Sep Oct Nov Dec
2018: Jan Feb Mar Apr May Jun Jul Aug Sep Oct Nov Dec
2017: Jan Feb Mar Apr May Jun Jul Aug Sep Oct Nov Dec
2016: Jan Feb Mar Apr May Jun Jul Aug Sep Oct Nov Dec
2015: Jan Feb Mar Apr May Jun Jul Aug Sep Oct Nov Dec
2014: Jan Feb Mar Apr May Jun Jul Aug Sep Oct Nov Dec
2013: Jan Feb Mar Apr May Jun Jul Aug Sep Oct Nov Dec
2024: Jan Feb Mar Apr May Jun Jul Aug Sep Oct Nov Dec
2023: Jan Feb Mar Apr May Jun Jul Aug Sep Oct Nov Dec
2022: Jan Feb Mar Apr May Jun Jul Aug Sep Oct Nov Dec
2021: Jan Feb Mar Apr May Jun Jul Aug Sep Oct Nov Dec
2020: Jan Feb Mar Apr May Jun Jul Aug Sep Oct Nov Dec
2019: Jan Feb Mar Apr May Jun Jul Aug Sep Oct Nov Dec
2018: Jan Feb Mar Apr May Jun Jul Aug Sep Oct Nov Dec
2017: Jan Feb Mar Apr May Jun Jul Aug Sep Oct Nov Dec
2016: Jan Feb Mar Apr May Jun Jul Aug Sep Oct Nov Dec
2015: Jan Feb Mar Apr May Jun Jul Aug Sep Oct Nov Dec
2014: Jan Feb Mar Apr May Jun Jul Aug Sep Oct Nov Dec
2013: Jan Feb Mar Apr May Jun Jul Aug Sep Oct Nov Dec
Report for 2016
Annual Climatological Summary for 2016 Name: DW7240 City: Oshawa State: Ontario, Canada Elevation: 358 ft Lat: N 43 53 48 Lon: W 078 52 26 Temperature (°C), Heat Base: 18.3 Cool Base: 18.3 Dep. Heat Cool Max Max Min Min Mean Mean From Deg Deg >= <= <= <= YR MO Max Min Mean Norm Days Days Hi Date Low Date 27.0 0.0 0.0 -18.0 ------------------------------------------------------------------------------------ 16 1 0.5 -7.2 -2.9 0.0 658 0 9.2 31 -16.4 5 0 13 29 0 16 2 1.9 -6.7 -2.1 0.0 591 0 12.2 20 -26.4 13 0 11 24 2 16 3 6.5 -1.7 2.3 0.0 491 0 15.8 9 -13.2 3 0 4 19 0 16 4 10.0 1.1 5.7 0.0 359 2 23.0 18 -8.5 5 0 1 12 0 16 5 20.7 9.3 14.9 0.0 146 41 30.8 29 1.4 16 7 0 0 0 16 6 25.8 13.8 19.8 0.0 39 85 33.7 27 0.0 9 12 0 1 0 16 7 28.9 18.2 23.4 0.0 7 162 35.7 22 11.9 2 25 0 0 0 16 8 29.3 18.8 23.9 0.0 4 176 33.7 11 12.6 22 28 0 0 0 16 9 24.3 14.1 19.2 0.0 46 72 32.2 7 6.9 25 9 0 0 0 16 10 15.7 7.7 11.8 0.0 189 6 23.8 18 -0.8 26 0 0 5 0 16 11 10.8 2.1 6.4 0.0 346 0 20.7 2 -4.9 23 0 1 9 0 16 12 1.4 -4.5 -1.3 0.0 551 0 9.7 1 -13.4 16 0 9 26 0 ------------------------------------------------------------------------------------ 14.6 5.4 10.1 0.0 3427 544 35.7 Jul -26.4 Feb 81 39 125 2 Precipitation (mm) Dep. Max Days of Rain From Obs. >= YR MO Total Norm Day Date 0.2 2.0 20.0 --------------------------------------------- 16 1 24.8 0.0 15.0 10 9 2 0 16 2 29.2 0.0 13.6 24 13 3 0 16 3 58.4 0.0 23.0 31 14 7 1 16 4 28.6 0.0 10.8 26 13 4 0 16 5 15.0 0.0 5.6 16 9 3 0 16 6 19.6 0.0 7.6 5 7 4 0 16 7 64.4 0.0 29.6 8 8 5 1 16 8 52.4 0.0 24.6 13 8 5 1 16 9 33.0 0.0 14.4 7 11 4 0 16 10 23.8 0.0 4.4 20 13 7 0 16 11 21.4 0.0 7.0 3 11 3 0 16 12 54.2 0.0 12.2 26 19 9 0 --------------------------------------------- 424.8 0.0 29.6 Jul 135 56 3 Wind Speed (km/h) Dom YR MO Avg. Hi Date Dir ------------------------------ 16 1 8.0 57.9 26 W 16 2 8.9 59.5 27 WNW 16 3 6.6 54.7 28 NE 16 4 6.8 54.7 3 N 16 5 4.6 51.5 14 W 16 6 5.2 51.5 7 W 16 7 4.5 54.7 14 W 16 8 4.0 49.9 16 WSW 16 9 4.1 45.1 10 E 16 10 4.5 48.3 13 NW 16 11 5.2 59.5 20 WNW 16 12 7.8 59.5 15 W ------------------------------ 5.8 59.5 Feb WNW