North Facing Camera Click On Play Button To View Live Image |
Sky Facing Camera Click On Image To View Full Screen In New Window |
NOAA-Style Climate Reports
Select a Year or Month report
2024: Ene Feb Mar Abr May Jun Jul Ago Sep Oct Nov Dic
2023: Ene Feb Mar Abr May Jun Jul Ago Sep Oct Nov Dic
2022: Ene Feb Mar Abr May Jun Jul Ago Sep Oct Nov Dic
2021: Ene Feb Mar Abr May Jun Jul Ago Sep Oct Nov Dic
2020: Ene Feb Mar Abr May Jun Jul Ago Sep Oct Nov Dic
2019: Ene Feb Mar Abr May Jun Jul Ago Sep Oct Nov Dic
2018: Ene Feb Mar Abr May Jun Jul Ago Sep Oct Nov Dic
2017: Ene Feb Mar Abr May Jun Jul Ago Sep Oct Nov Dic
2016: Ene Feb Mar Abr May Jun Jul Ago Sep Oct Nov Dic
2015: Ene Feb Mar Abr May Jun Jul Ago Sep Oct Nov Dic
2014: Ene Feb Mar Abr May Jun Jul Ago Sep Oct Nov Dic
2013: Ene Feb Mar Abr May Jun Jul Ago Sep Oct Nov Dic
2024: Ene Feb Mar Abr May Jun Jul Ago Sep Oct Nov Dic
2023: Ene Feb Mar Abr May Jun Jul Ago Sep Oct Nov Dic
2022: Ene Feb Mar Abr May Jun Jul Ago Sep Oct Nov Dic
2021: Ene Feb Mar Abr May Jun Jul Ago Sep Oct Nov Dic
2020: Ene Feb Mar Abr May Jun Jul Ago Sep Oct Nov Dic
2019: Ene Feb Mar Abr May Jun Jul Ago Sep Oct Nov Dic
2018: Ene Feb Mar Abr May Jun Jul Ago Sep Oct Nov Dic
2017: Ene Feb Mar Abr May Jun Jul Ago Sep Oct Nov Dic
2016: Ene Feb Mar Abr May Jun Jul Ago Sep Oct Nov Dic
2015: Ene Feb Mar Abr May Jun Jul Ago Sep Oct Nov Dic
2014: Ene Feb Mar Abr May Jun Jul Ago Sep Oct Nov Dic
2013: Ene Feb Mar Abr May Jun Jul Ago Sep Oct Nov Dic
Report for 2024 Marzo
Monthly Climatological Summary for Mar 2024 Name: DW7240 City: Oshawa State: Ontario, Canada Elevation: 109 m Lat: N 43° 53' 48" Lon: W 078° 52' 23" Temperature (°C), Rain (mm), Wind Speed (km/h) Heat Cool Avg Mean Deg Deg Wind Dom Day Temp High Time Low Time Days Days Rain Speed High Time Dir ---------------------------------------------------------------------------------- 01 19.1 20.4 19:19 17.8 08:14 0.1 0.8 0.0 0.0 0.0 00:00 N 02 19.3 20.6 21:22 18.6 08:02 0.0 1.0 0.0 0.0 0.0 00:00 N 03 19.5 20.6 00:30 18.9 09:57 0.0 1.2 0.0 0.0 0.0 00:00 N 04 19.6 20.4 19:54 18.9 08:17 0.0 1.3 0.0 0.0 0.0 00:00 N 05 20.1 20.8 19:44 19.4 06:46 0.0 1.8 0.0 0.0 6.0 17:48 N 06 20.0 20.5 00:00 19.6 08:35 0.0 1.7 0.0 0.0 0.0 00:00 N 07 19.9 20.7 18:06 19.2 08:15 0.0 1.6 0.0 0.0 0.0 00:00 N 08 19.6 20.2 16:01 19.1 08:34 0.0 1.3 0.0 0.0 0.0 00:00 N 09 19.6 20.1 01:23 19.2 08:57 0.0 1.3 0.0 0.0 0.0 00:00 N 10 19.5 20.0 18:56 18.9 09:38 0.0 1.2 0.0 0.0 0.0 00:00 N 11 19.2 20.3 01:11 18.6 10:04 0.0 0.9 0.0 0.0 0.0 00:00 N 12 18.9 19.7 17:18 18.3 09:38 0.0 0.6 0.0 0.0 0.0 00:00 N 13 19.3 19.8 19:15 18.7 08:50 0.0 1.0 0.0 0.0 0.0 00:00 N 14 19.6 20.4 19:12 18.9 08:19 0.0 1.3 0.0 0.0 0.0 00:00 N 15 19.7 20.2 18:59 19.3 08:08 0.0 1.4 0.0 0.0 0.0 00:00 N 16 19.1 19.6 00:00 18.8 09:35 0.0 0.8 0.0 0.0 0.0 00:00 N 17 19.2 19.9 21:49 18.8 08:09 0.0 0.9 0.0 0.0 0.0 00:00 N 18 19.1 19.8 00:00 18.5 08:06 0.0 0.8 0.0 0.0 0.0 00:00 N 19 18.7 19.6 23:29 18.2 19:16 0.0 0.4 0.0 0.0 0.0 00:00 N 20 18.8 20.1 23:58 17.9 12:15 0.1 0.5 0.0 0.0 0.0 00:00 N 21 18.6 20.1 00:09 17.8 08:22 0.1 0.4 0.0 0.0 10.0 13:40 N 22 18.4 19.7 23:49 17.4 10:32 0.3 0.4 0.0 0.0 0.0 00:00 N 23 18.3 19.8 00:00 17.7 07:18 0.2 0.2 0.0 0.0 0.0 00:00 N 24 18.9 20.1 21:59 18.0 08:11 0.0 0.7 0.0 0.0 3.0 20:57 N 25 18.8 20.3 21:10 17.9 08:37 0.1 0.6 0.0 0.0 0.0 00:00 N 26 19.1 20.5 22:45 18.1 13:25 0.0 0.8 0.0 0.0 3.0 19:39 N 27 19.6 20.6 22:26 18.9 07:40 0.0 1.3 0.0 0.0 0.0 00:00 N ---------------------------------------------------------------------------------- 19.2 20.8 5 17.4 22 0.9 26.2 0.0 0.0 10.0 21 E Max >= 27.0 0 Max <= 0.0 0 Min <= 0.0 0 Min <= -18.0 0 Max Rain: 0.0 on day 0 Days of Rain: 0 (>= 0.2 mm) 0 (>= 2.0 mm) 0 (>= 20.0 mm) Heat Base: 18.3 Cool Base: 18.3 Method: Integration