North Facing Camera Click On Play Button To View Live Image |
Sky Facing Camera Click On Image To View Full Screen In New Window |
NOAA-Style Climate Reports
Select a Year or Month report
2024: Jan Feb Mar Apr May Jun Jul Aug Sep Oct Nov Dec
2023: Jan Feb Mar Apr May Jun Jul Aug Sep Oct Nov Dec
2022: Jan Feb Mar Apr May Jun Jul Aug Sep Oct Nov Dec
2021: Jan Feb Mar Apr May Jun Jul Aug Sep Oct Nov Dec
2020: Jan Feb Mar Apr May Jun Jul Aug Sep Oct Nov Dec
2019: Jan Feb Mar Apr May Jun Jul Aug Sep Oct Nov Dec
2018: Jan Feb Mar Apr May Jun Jul Aug Sep Oct Nov Dec
2017: Jan Feb Mar Apr May Jun Jul Aug Sep Oct Nov Dec
2016: Jan Feb Mar Apr May Jun Jul Aug Sep Oct Nov Dec
2015: Jan Feb Mar Apr May Jun Jul Aug Sep Oct Nov Dec
2014: Jan Feb Mar Apr May Jun Jul Aug Sep Oct Nov Dec
2013: Jan Feb Mar Apr May Jun Jul Aug Sep Oct Nov Dec
2024: Jan Feb Mar Apr May Jun Jul Aug Sep Oct Nov Dec
2023: Jan Feb Mar Apr May Jun Jul Aug Sep Oct Nov Dec
2022: Jan Feb Mar Apr May Jun Jul Aug Sep Oct Nov Dec
2021: Jan Feb Mar Apr May Jun Jul Aug Sep Oct Nov Dec
2020: Jan Feb Mar Apr May Jun Jul Aug Sep Oct Nov Dec
2019: Jan Feb Mar Apr May Jun Jul Aug Sep Oct Nov Dec
2018: Jan Feb Mar Apr May Jun Jul Aug Sep Oct Nov Dec
2017: Jan Feb Mar Apr May Jun Jul Aug Sep Oct Nov Dec
2016: Jan Feb Mar Apr May Jun Jul Aug Sep Oct Nov Dec
2015: Jan Feb Mar Apr May Jun Jul Aug Sep Oct Nov Dec
2014: Jan Feb Mar Apr May Jun Jul Aug Sep Oct Nov Dec
2013: Jan Feb Mar Apr May Jun Jul Aug Sep Oct Nov Dec
Report for 2014 March
Monthly Climatological Summary for Mar 2014 Name: DW7240 City: Oshawa State: Ontario, Canada Elevation: 109 m Lat: N 43° 53' 49" Lon: W 078° 52' 26" Temperature (°C), Rain (mm), Wind Speed (km/h) Heat Cool Avg Mean Deg Deg Wind Dom Day Temp High Time Low Time Days Days Rain Speed High Time Dir ---------------------------------------------------------------------------------- 1 -5.2 -0.4 13:19 -10.2 23:24 23.5 0.0 0.8 6.6 35.4 20:01 W 2 -11.8 -8.3 15:02 -16.3 23:44 30.1 0.0 1.2 7.2 27.4 15:15 NW 3 -14.9 -11.1 14:49 -19.5 07:11 33.1 0.0 0.0 7.8 37.0 02:54 NW 4 -12.1 -7.1 13:51 -19.8 04:02 30.4 0.0 0.5 3.2 14.5 09:11 WNW 5 -8.7 -4.8 15:08 -13.8 07:16 27.1 0.0 0.0 4.7 24.1 12:02 N 6 -8.3 -5.1 11:13 -12.3 06:27 26.6 0.0 0.0 7.1 35.4 12:52 E 7 -2.9 2.2 14:18 -9.2 05:48 21.2 0.0 0.0 4.1 22.5 10:11 S 8 -0.9 1.8 16:17 -6.5 23:58 19.2 0.0 0.0 6.0 27.4 19:53 NNW 9 -4.2 0.5 15:59 -10.7 07:40 21.5 0.0 0.0 9.8 43.5 21:39 W 10 1.3 5.7 12:46 -4.5 07:24 17.0 0.0 0.3 4.7 24.1 16:42 SSW 11 5.1 9.9 11:56 1.3 05:01 13.2 0.0 0.0 4.6 22.5 23:22 W 12 -4.1 4.2 00:05 -12.1 23:44 22.4 0.0 1.0 9.4 46.7 19:12 NNE 13 -11.6 -6.9 17:58 -17.5 07:51 29.9 0.0 0.0 12.0 46.7 03:41 NW 14 1.7 8.0 18:11 -7.1 00:00 16.6 0.0 0.0 9.5 43.5 11:46 SW 15 1.2 6.2 00:29 -6.4 23:40 17.1 0.0 0.0 12.7 48.3 14:06 WNW 16 -10.3 -6.4 00:00 -13.7 23:56 28.6 0.0 0.0 8.3 37.0 09:12 NNW 17 -9.4 -4.4 15:28 -14.6 04:56 27.7 0.0 0.0 5.6 27.4 15:09 ENE 18 -2.3 2.7 16:55 -8.7 01:55 20.6 0.0 0.0 7.2 27.4 11:47 E 19 2.5 5.4 18:16 -0.2 02:43 15.8 0.0 6.1 6.9 41.8 23:02 ESE 20 2.0 4.2 00:19 -0.9 23:53 16.3 0.0 1.3 14.5 49.9 13:17 W 21 0.6 4.6 14:14 -1.8 05:23 17.7 0.0 0.0 8.1 37.0 15:41 W 22 0.9 4.2 15:46 -4.5 23:59 17.4 0.0 0.2 11.6 37.0 10:59 WNW 23 -7.1 -4.5 00:00 -9.8 23:53 24.4 0.0 0.0 9.9 35.4 17:50 NW 24 -7.2 -2.7 15:45 -11.8 03:53 25.5 0.0 0.0 7.5 35.4 11:03 WNW 25 -4.4 1.5 14:53 -10.2 06:34 22.7 0.0 0.0 8.2 40.2 14:03 W 26 -7.6 -3.7 14:01 -11.4 06:41 25.9 0.0 0.0 9.2 35.4 15:27 NW 27 -2.8 3.2 18:50 -11.1 03:18 21.1 0.0 2.6 5.8 27.4 12:28 SE 28 3.9 7.8 16:25 1.9 00:04 14.3 0.0 6.6 6.9 33.8 18:17 W 29 2.3 3.3 17:08 1.7 04:44 16.0 0.0 0.0 6.8 32.2 22:44 NE 30 3.1 8.1 15:34 -0.3 07:56 15.2 0.0 0.0 12.4 41.8 15:29 N 31 4.7 11.4 12:35 -1.2 06:30 13.6 0.0 0.0 6.0 25.7 00:32 WNW ---------------------------------------------------------------------------------- -3.4 11.4 31 -19.8 4 671.7 0.0 20.6 7.9 49.9 20 WNW Max >= 27.0: 0 Max <= 0.0: 12 Min <= 0.0: 28 Min <= -18.0: 2 Max Rain: 6.6 on day 28 Days of Rain: 10 (>= 0.2 mm) 3 (>= 2.0 mm) 0 (>= 20.0 mm) Heat Base: 18.3 Cool Base: 18.3 Method: Integration