North Facing Camera Click On Play Button To View Live Image |
Sky Facing Camera Click On Image To View Full Screen In New Window |
NOAA-Style Climate Reports
Select a Year or Month report
2024: Jan Feb Mar Apr May Jun Jul Aug Sep Oct Nov Dec
2023: Jan Feb Mar Apr May Jun Jul Aug Sep Oct Nov Dec
2022: Jan Feb Mar Apr May Jun Jul Aug Sep Oct Nov Dec
2021: Jan Feb Mar Apr May Jun Jul Aug Sep Oct Nov Dec
2020: Jan Feb Mar Apr May Jun Jul Aug Sep Oct Nov Dec
2019: Jan Feb Mar Apr May Jun Jul Aug Sep Oct Nov Dec
2018: Jan Feb Mar Apr May Jun Jul Aug Sep Oct Nov Dec
2017: Jan Feb Mar Apr May Jun Jul Aug Sep Oct Nov Dec
2016: Jan Feb Mar Apr May Jun Jul Aug Sep Oct Nov Dec
2015: Jan Feb Mar Apr May Jun Jul Aug Sep Oct Nov Dec
2014: Jan Feb Mar Apr May Jun Jul Aug Sep Oct Nov Dec
2013: Jan Feb Mar Apr May Jun Jul Aug Sep Oct Nov Dec
2024: Jan Feb Mar Apr May Jun Jul Aug Sep Oct Nov Dec
2023: Jan Feb Mar Apr May Jun Jul Aug Sep Oct Nov Dec
2022: Jan Feb Mar Apr May Jun Jul Aug Sep Oct Nov Dec
2021: Jan Feb Mar Apr May Jun Jul Aug Sep Oct Nov Dec
2020: Jan Feb Mar Apr May Jun Jul Aug Sep Oct Nov Dec
2019: Jan Feb Mar Apr May Jun Jul Aug Sep Oct Nov Dec
2018: Jan Feb Mar Apr May Jun Jul Aug Sep Oct Nov Dec
2017: Jan Feb Mar Apr May Jun Jul Aug Sep Oct Nov Dec
2016: Jan Feb Mar Apr May Jun Jul Aug Sep Oct Nov Dec
2015: Jan Feb Mar Apr May Jun Jul Aug Sep Oct Nov Dec
2014: Jan Feb Mar Apr May Jun Jul Aug Sep Oct Nov Dec
2013: Jan Feb Mar Apr May Jun Jul Aug Sep Oct Nov Dec
Report for 2014 October
Monthly Climatological Summary for Oct 2014 Name: DW7240 City: Oshawa State: Ontario, Canada Elevation: 109 m Lat: N 43° 53' 49" Lon: W 078° 52' 26" Temperature (°C), Rain (mm), Wind Speed (km/h) Heat Cool Avg Mean Deg Deg Wind Dom Day Temp High Time Low Time Days Days Rain Speed High Time Dir ---------------------------------------------------------------------------------- 1 15.2 16.8 14:07 13.2 22:59 3.0 0.0 0.0 1.3 17.7 13:33 SE 2 15.8 18.8 15:24 13.7 00:00 2.5 0.0 0.0 1.1 17.7 12:36 SE 3 17.3 22.4 13:24 14.1 06:14 1.6 0.6 7.6 5.3 37.0 13:53 SSE 4 12.6 17.1 00:00 6.8 23:51 5.6 0.0 6.1 6.4 33.8 18:01 WSW 5 9.1 13.3 16:48 4.5 04:25 9.1 0.0 0.0 6.7 35.4 21:49 WSW 6 13.3 17.1 14:47 10.9 01:56 5.0 0.0 2.1 8.1 35.4 00:15 S 7 13.4 17.3 14:05 11.0 23:08 4.8 0.0 16.7 5.8 35.4 00:09 SSW 8 11.1 15.1 12:29 7.5 23:58 7.1 0.0 0.5 6.9 49.9 12:12 W 9 8.9 14.6 15:14 2.8 07:03 9.4 0.0 0.0 6.9 40.2 12:26 W 10 8.4 14.0 14:19 3.7 06:18 9.8 0.0 0.0 3.5 22.5 10:09 W 11 7.8 13.8 15:42 3.0 06:27 10.5 0.0 0.0 3.6 27.4 15:14 NW 12 7.4 12.8 13:15 0.8 07:08 10.9 0.0 0.0 2.2 19.3 17:23 SE 13 11.8 15.8 23:16 7.2 00:00 6.5 0.0 0.3 0.7 20.9 12:00 ESE 14 18.7 23.8 13:07 13.9 06:40 1.4 1.8 0.3 2.9 24.1 19:18 SE 15 16.0 19.7 00:41 13.6 07:06 2.4 0.1 7.3 2.8 27.4 05:15 S 16 15.4 18.3 11:35 13.2 21:53 2.8 0.0 14.0 3.9 25.7 13:28 SW 17 13.1 16.6 13:11 11.3 07:11 5.2 0.0 0.0 6.7 37.0 15:59 SW 18 9.8 13.2 00:00 4.2 23:59 8.5 0.0 0.2 8.1 37.0 15:59 NW 19 5.0 9.0 15:26 2.2 07:58 13.3 0.0 0.0 4.7 30.6 00:23 NW 20 7.7 10.6 16:13 3.2 00:02 10.6 0.0 16.6 0.9 12.9 16:19 SSW 21 8.8 10.8 09:06 6.4 20:13 9.5 0.0 1.2 3.4 25.7 12:15 NNE 22 8.7 14.0 17:03 4.4 07:18 9.5 0.0 0.3 2.8 20.9 00:06 NNE 23 10.5 16.5 13:58 5.2 07:58 7.8 0.0 0.0 6.7 30.6 16:56 NNW 24 9.9 15.4 14:22 6.6 07:36 8.4 0.0 0.0 5.7 25.7 04:27 NW 25 12.0 16.2 17:41 8.3 00:00 6.3 0.0 0.0 6.3 38.6 11:03 W 26 9.8 12.1 15:33 6.3 23:49 8.3 0.0 0.0 8.6 37.0 05:00 WNW 27 7.5 12.1 11:29 1.8 07:46 10.8 0.0 0.0 3.6 22.5 21:42 SE 28 13.4 19.0 14:12 9.3 02:42 4.9 0.0 1.5 4.2 27.4 18:17 SSW 29 9.8 13.7 12:21 5.8 23:59 8.5 0.0 0.0 7.0 37.0 12:54 W 30 6.1 9.2 15:34 2.2 07:42 12.2 0.0 0.0 3.0 17.7 13:59 W 31 5.0 6.0 12:17 2.8 23:59 13.3 0.0 6.1 3.0 25.7 22:16 ENE ---------------------------------------------------------------------------------- 10.9 23.8 14 0.8 12 229.5 2.5 80.8 4.6 49.9 8 W Max >= 27.0: 0 Max <= 0.0: 0 Min <= 0.0: 0 Min <= -18.0: 0 Max Rain: 16.7 on day 7 Days of Rain: 15 (>= 0.2 mm) 8 (>= 2.0 mm) 0 (>= 20.0 mm) Heat Base: 18.3 Cool Base: 18.3 Method: Integration