North Facing Camera Click On Play Button To View Live Image |
Sky Facing Camera Click On Image To View Full Screen In New Window |
NOAA-Style Climate Reports
Select a Year or Month report
2024: Jan Feb Mar Apr May Jun Jul Aug Sep Oct Nov Dec
2023: Jan Feb Mar Apr May Jun Jul Aug Sep Oct Nov Dec
2022: Jan Feb Mar Apr May Jun Jul Aug Sep Oct Nov Dec
2021: Jan Feb Mar Apr May Jun Jul Aug Sep Oct Nov Dec
2020: Jan Feb Mar Apr May Jun Jul Aug Sep Oct Nov Dec
2019: Jan Feb Mar Apr May Jun Jul Aug Sep Oct Nov Dec
2018: Jan Feb Mar Apr May Jun Jul Aug Sep Oct Nov Dec
2017: Jan Feb Mar Apr May Jun Jul Aug Sep Oct Nov Dec
2016: Jan Feb Mar Apr May Jun Jul Aug Sep Oct Nov Dec
2015: Jan Feb Mar Apr May Jun Jul Aug Sep Oct Nov Dec
2014: Jan Feb Mar Apr May Jun Jul Aug Sep Oct Nov Dec
2013: Jan Feb Mar Apr May Jun Jul Aug Sep Oct Nov Dec
2024: Jan Feb Mar Apr May Jun Jul Aug Sep Oct Nov Dec
2023: Jan Feb Mar Apr May Jun Jul Aug Sep Oct Nov Dec
2022: Jan Feb Mar Apr May Jun Jul Aug Sep Oct Nov Dec
2021: Jan Feb Mar Apr May Jun Jul Aug Sep Oct Nov Dec
2020: Jan Feb Mar Apr May Jun Jul Aug Sep Oct Nov Dec
2019: Jan Feb Mar Apr May Jun Jul Aug Sep Oct Nov Dec
2018: Jan Feb Mar Apr May Jun Jul Aug Sep Oct Nov Dec
2017: Jan Feb Mar Apr May Jun Jul Aug Sep Oct Nov Dec
2016: Jan Feb Mar Apr May Jun Jul Aug Sep Oct Nov Dec
2015: Jan Feb Mar Apr May Jun Jul Aug Sep Oct Nov Dec
2014: Jan Feb Mar Apr May Jun Jul Aug Sep Oct Nov Dec
2013: Jan Feb Mar Apr May Jun Jul Aug Sep Oct Nov Dec
Report for 2015 February
Monthly Climatological Summary for Feb 2015 Name: DW7240 City: Oshawa State: Ontario, Canada Elevation: 109 m Lat: N 43° 53' 49" Lon: W 078° 52' 26" Temperature (°C), Rain (mm), Wind Speed (km/h) Heat Cool Avg Mean Deg Deg Wind Dom Day Temp High Time Low Time Days Days Rain Speed High Time Dir ---------------------------------------------------------------------------------- 1 -9.5 -2.8 00:22 -14.7 23:59 27.0 0.0 0.0 6.7 32.2 07:43 ENE 2 -14.2 -11.3 16:35 -15.9 23:08 32.4 0.0 0.0 9.2 40.2 12:02 NNE 3 -9.6 -4.2 13:58 -16.4 00:37 27.9 0.0 0.0 7.2 33.8 15:23 W 4 -4.7 -1.1 13:58 -8.4 23:58 23.0 0.0 0.0 4.5 25.7 18:03 NW 5 -12.2 -8.4 00:00 -15.8 21:53 30.5 0.0 0.0 6.1 35.4 15:38 NW 6 -6.7 -2.8 15:07 -11.9 00:00 24.8 0.0 0.0 13.8 40.2 14:39 W 7 -5.2 -3.3 14:50 -9.3 23:07 23.5 0.0 0.0 4.1 22.5 00:13 ENE 8 -11.0 -9.2 00:08 -12.8 23:00 29.3 0.0 0.0 5.5 19.3 20:46 ENE 9 -11.6 -10.2 21:54 -12.8 00:00 28.6 0.0 0.0 4.5 20.9 06:14 NNE 10 -8.0 -3.8 14:26 -10.8 02:02 26.3 0.0 0.0 2.1 20.9 08:52 N 11 -5.6 -1.7 18:34 -11.0 00:51 23.8 0.0 0.0 5.0 25.7 11:51 SSE 12 -10.9 -2.3 00:44 -18.3 23:37 26.9 0.0 0.0 10.6 41.8 11:00 NW 13 -16.0 0.0 00:06 -22.8 06:54 34.1 0.0 0.0 6.8 33.8 22:39 W 14 -9.8 -6.3 08:54 -18.8 23:56 28.1 0.0 0.0 13.0 51.5 23:45 NW 15 -21.8 -18.8 00:00 -25.6 08:07 39.9 0.0 0.0 4.1 54.7 00:19 N 16 -17.5 -11.8 16:27 -24.2 06:15 35.6 0.0 0.0 0.0 4.8 16:19 --- 17 -10.9 -6.5 11:59 -15.5 03:53 29.2 0.0 0.0 0.0 0.0 00:00 --- 18 -9.9 -5.4 14:09 -14.3 01:16 28.2 0.0 0.0 0.0 0.0 00:00 --- 19 -17.0 -12.7 00:00 -20.6 23:40 34.1 0.0 0.0 0.0 0.0 00:00 --- 20 -17.2 -11.8 16:13 -22.1 05:02 35.5 0.0 0.0 0.0 0.0 00:00 --- 21 -7.8 -4.1 14:45 -15.5 00:00 26.1 0.0 0.0 0.0 0.0 00:00 --- 22 -9.6 -2.9 15:07 -14.8 03:29 27.8 0.0 0.0 0.0 0.0 00:00 --- 23 -16.6 -13.6 15:55 -20.2 07:27 34.7 0.0 0.0 0.0 0.0 00:00 --- 24 -11.3 -7.3 17:09 -17.6 00:00 29.6 0.0 0.0 0.0 0.0 00:00 --- 25 -10.5 -7.1 01:50 -16.8 23:47 27.5 0.0 0.0 0.0 0.0 00:00 --- 26 -14.1 -9.9 13:08 -18.0 02:55 32.4 0.0 0.0 0.0 0.0 00:00 --- 27 -12.9 -7.3 16:42 -19.6 06:48 31.2 0.0 0.0 0.0 0.0 00:00 --- 28 -10.6 -4.4 15:00 -19.4 06:53 29.0 0.0 0.0 0.0 0.0 00:00 --- ---------------------------------------------------------------------------------- -11.5 0.0 13 -25.6 15 827.0 0.0 0.0 3.6 54.7 15 NW Max >= 27.0: 0 Max <= 0.0: 28 Min <= 0.0: 28 Min <= -18.0: 11 Max Rain: 0.0 on day 0 Days of Rain: 0 (>= 0.2 mm) 0 (>= 2.0 mm) 0 (>= 20.0 mm) Heat Base: 18.3 Cool Base: 18.3 Method: Integration