North Facing Camera Click On Play Button To View Live Image |
Sky Facing Camera Click On Image To View Full Screen In New Window |
NOAA-Style Climate Reports
Select a Year or Month report
2024: Jan Feb Mar Apr May Jun Jul Aug Sep Oct Nov Dec
2023: Jan Feb Mar Apr May Jun Jul Aug Sep Oct Nov Dec
2022: Jan Feb Mar Apr May Jun Jul Aug Sep Oct Nov Dec
2021: Jan Feb Mar Apr May Jun Jul Aug Sep Oct Nov Dec
2020: Jan Feb Mar Apr May Jun Jul Aug Sep Oct Nov Dec
2019: Jan Feb Mar Apr May Jun Jul Aug Sep Oct Nov Dec
2018: Jan Feb Mar Apr May Jun Jul Aug Sep Oct Nov Dec
2017: Jan Feb Mar Apr May Jun Jul Aug Sep Oct Nov Dec
2016: Jan Feb Mar Apr May Jun Jul Aug Sep Oct Nov Dec
2015: Jan Feb Mar Apr May Jun Jul Aug Sep Oct Nov Dec
2014: Jan Feb Mar Apr May Jun Jul Aug Sep Oct Nov Dec
2013: Jan Feb Mar Apr May Jun Jul Aug Sep Oct Nov Dec
2024: Jan Feb Mar Apr May Jun Jul Aug Sep Oct Nov Dec
2023: Jan Feb Mar Apr May Jun Jul Aug Sep Oct Nov Dec
2022: Jan Feb Mar Apr May Jun Jul Aug Sep Oct Nov Dec
2021: Jan Feb Mar Apr May Jun Jul Aug Sep Oct Nov Dec
2020: Jan Feb Mar Apr May Jun Jul Aug Sep Oct Nov Dec
2019: Jan Feb Mar Apr May Jun Jul Aug Sep Oct Nov Dec
2018: Jan Feb Mar Apr May Jun Jul Aug Sep Oct Nov Dec
2017: Jan Feb Mar Apr May Jun Jul Aug Sep Oct Nov Dec
2016: Jan Feb Mar Apr May Jun Jul Aug Sep Oct Nov Dec
2015: Jan Feb Mar Apr May Jun Jul Aug Sep Oct Nov Dec
2014: Jan Feb Mar Apr May Jun Jul Aug Sep Oct Nov Dec
2013: Jan Feb Mar Apr May Jun Jul Aug Sep Oct Nov Dec
Report for 2015 March
Monthly Climatological Summary for Mar 2015 Name: DW7240 City: Oshawa State: Ontario, Canada Elevation: 109 m Lat: N 43° 53' 49" Lon: W 078° 52' 26" Temperature (°C), Rain (mm), Wind Speed (km/h) Heat Cool Avg Mean Deg Deg Wind Dom Day Temp High Time Low Time Days Days Rain Speed High Time Dir ---------------------------------------------------------------------------------- 1 -6.3 -2.4 12:37 -13.7 01:04 24.6 0.0 0.0 0.0 0.0 00:00 --- 2 -5.0 -1.6 11:40 -10.4 23:37 23.3 0.0 0.0 0.0 0.0 00:00 --- 3 -6.4 -0.3 23:20 -12.7 01:29 24.6 0.0 0.0 0.0 0.0 00:00 --- 4 -1.8 1.0 12:03 -9.6 23:51 19.7 0.0 0.0 0.0 1.6 08:30 --- 5 -12.2 -8.8 14:55 -15.4 07:29 30.1 0.0 0.0 0.0 1.6 12:40 --- 6 -10.2 -5.1 14:47 -18.8 04:19 28.3 0.0 0.0 0.0 1.6 00:47 --- 7 -3.1 -0.4 11:20 -6.2 23:55 21.4 0.0 0.5 0.0 1.6 23:18 --- 8 -1.4 2.7 16:54 -7.1 01:06 18.9 0.0 0.0 0.0 0.0 00:00 --- 9 1.8 8.0 14:16 -1.8 07:52 16.1 0.0 10.4 0.0 1.6 17:31 --- 10 1.4 4.7 16:23 -2.8 07:45 16.9 0.0 0.0 0.0 0.0 00:00 --- 11 4.7 9.1 15:20 0.7 03:09 13.6 0.0 0.0 0.0 0.0 00:00 --- 12 0.4 3.6 16:54 -2.2 07:46 17.9 0.0 0.0 0.0 0.0 00:00 --- 13 1.2 4.3 12:04 -1.9 02:20 17.1 0.0 0.0 0.0 0.0 00:00 --- 14 3.1 4.4 16:08 2.0 00:00 15.0 0.0 0.0 0.0 0.0 00:00 --- 15 2.1 6.5 14:00 -0.7 23:58 14.3 0.0 8.1 1.1 29.0 15:17 NW 16 2.8 7.6 17:45 -1.7 02:43 14.5 0.0 1.6 0.9 16.1 15:30 SSW 17 1.7 4.7 04:42 -2.9 23:43 16.6 0.0 1.0 9.0 41.8 12:40 NNW 18 -2.2 1.5 15:20 -5.6 07:44 20.5 0.0 0.0 7.3 45.1 15:40 NW 19 -2.5 3.6 13:25 -8.1 04:54 20.8 0.0 0.0 2.1 19.3 15:19 NW 20 1.7 6.8 16:28 -1.6 00:51 16.2 0.0 0.0 3.1 19.3 12:00 N 21 1.8 5.7 13:47 -3.7 23:58 16.3 0.0 5.6 6.8 48.3 16:08 WNW 22 -6.1 -2.1 16:55 -10.5 07:31 24.3 0.0 0.0 7.5 37.0 15:38 NW 23 -7.7 -3.1 15:56 -12.0 07:27 20.7 0.0 0.0 5.1 24.1 11:31 N 24 -3.7 1.9 12:47 -9.7 05:09 21.4 0.0 0.0 2.3 16.1 00:39 ESE 25 0.7 4.3 18:45 -4.3 02:32 17.5 0.0 2.5 3.8 29.0 10:17 ESE 26 3.0 4.4 00:58 1.3 12:26 15.3 0.0 1.3 2.4 19.3 11:43 W 27 -1.6 1.9 00:00 -5.2 23:49 19.9 0.0 0.0 6.5 27.4 06:25 NNW 28 -5.5 -0.7 16:18 -10.8 07:09 23.4 0.0 0.0 7.4 29.0 13:27 N 29 -1.2 4.0 21:47 -8.5 07:00 19.5 0.0 0.0 5.7 41.8 14:40 WSW 30 3.9 7.4 13:38 0.6 23:57 14.1 0.0 0.5 10.1 45.1 14:23 W 31 1.5 5.4 16:26 -2.7 05:41 16.8 0.0 0.0 3.1 19.3 18:21 W ---------------------------------------------------------------------------------- -1.5 9.1 11 -18.8 6 599.6 0.0 31.5 2.7 48.3 21 NW Max >= 27.0: 0 Max <= 0.0: 9 Min <= 0.0: 27 Min <= -18.0: 1 Max Rain: 10.4 on day 9 Days of Rain: 9 (>= 0.2 mm) 4 (>= 2.0 mm) 0 (>= 20.0 mm) Heat Base: 18.3 Cool Base: 18.3 Method: Integration