North Facing Camera Click On Play Button To View Live Image |
Sky Facing Camera Click On Image To View Full Screen In New Window |
NOAA-Style Climate Reports
Select a Year or Month report
2024: Jan Feb Mar Apr May Jun Jul Aug Sep Oct Nov Dec
2023: Jan Feb Mar Apr May Jun Jul Aug Sep Oct Nov Dec
2022: Jan Feb Mar Apr May Jun Jul Aug Sep Oct Nov Dec
2021: Jan Feb Mar Apr May Jun Jul Aug Sep Oct Nov Dec
2020: Jan Feb Mar Apr May Jun Jul Aug Sep Oct Nov Dec
2019: Jan Feb Mar Apr May Jun Jul Aug Sep Oct Nov Dec
2018: Jan Feb Mar Apr May Jun Jul Aug Sep Oct Nov Dec
2017: Jan Feb Mar Apr May Jun Jul Aug Sep Oct Nov Dec
2016: Jan Feb Mar Apr May Jun Jul Aug Sep Oct Nov Dec
2015: Jan Feb Mar Apr May Jun Jul Aug Sep Oct Nov Dec
2014: Jan Feb Mar Apr May Jun Jul Aug Sep Oct Nov Dec
2013: Jan Feb Mar Apr May Jun Jul Aug Sep Oct Nov Dec
2024: Jan Feb Mar Apr May Jun Jul Aug Sep Oct Nov Dec
2023: Jan Feb Mar Apr May Jun Jul Aug Sep Oct Nov Dec
2022: Jan Feb Mar Apr May Jun Jul Aug Sep Oct Nov Dec
2021: Jan Feb Mar Apr May Jun Jul Aug Sep Oct Nov Dec
2020: Jan Feb Mar Apr May Jun Jul Aug Sep Oct Nov Dec
2019: Jan Feb Mar Apr May Jun Jul Aug Sep Oct Nov Dec
2018: Jan Feb Mar Apr May Jun Jul Aug Sep Oct Nov Dec
2017: Jan Feb Mar Apr May Jun Jul Aug Sep Oct Nov Dec
2016: Jan Feb Mar Apr May Jun Jul Aug Sep Oct Nov Dec
2015: Jan Feb Mar Apr May Jun Jul Aug Sep Oct Nov Dec
2014: Jan Feb Mar Apr May Jun Jul Aug Sep Oct Nov Dec
2013: Jan Feb Mar Apr May Jun Jul Aug Sep Oct Nov Dec
Report for 2015 July
Monthly Climatological Summary for Jul 2015 Name: DW7240 City: Oshawa State: Ontario, Canada Elevation: 109 m Lat: N 43° 53' 49" Lon: W 078° 52' 26" Temperature (°C), Rain (mm), Wind Speed (km/h) Heat Cool Avg Mean Deg Deg Wind Dom Day Temp High Time Low Time Days Days Rain Speed High Time Dir ---------------------------------------------------------------------------------- 1 18.7 23.7 14:48 15.1 05:45 0.9 1.4 0.2 6.7 35.4 16:36 NW 2 18.0 23.5 14:45 12.6 06:32 1.7 1.4 0.0 4.5 29.0 16:59 W 3 18.9 25.3 14:50 13.2 06:02 1.7 2.3 0.0 3.4 20.9 02:58 S 4 19.6 26.4 12:58 12.2 05:43 1.5 2.8 0.0 4.4 22.5 13:58 SSW 5 21.7 27.7 16:24 15.3 05:01 0.6 4.0 0.0 3.2 19.3 14:45 SSW 6 22.8 27.3 12:46 16.9 06:10 0.2 4.6 0.0 1.8 27.4 15:53 SE 7 22.3 27.9 12:29 17.4 23:54 0.1 4.1 6.9 5.7 30.6 23:17 SW 8 18.3 24.3 12:39 13.3 06:12 1.3 1.4 0.0 4.2 25.7 00:06 W 9 18.3 22.4 15:08 14.7 02:02 1.2 1.2 0.0 2.8 19.3 15:21 S 10 21.6 27.7 11:41 15.1 05:56 0.7 4.1 0.0 6.0 27.4 14:19 W 11 22.7 28.4 15:19 15.7 06:10 0.5 4.9 0.0 4.7 27.4 15:31 SW 12 23.5 29.1 16:29 17.2 05:34 0.1 5.3 0.0 3.2 17.7 16:35 SW 13 23.6 28.8 16:11 16.9 05:52 0.1 5.4 0.0 3.2 22.5 12:38 SE 14 22.9 26.1 16:28 18.9 23:55 0.0 4.6 4.5 4.3 35.4 21:59 S 15 18.2 23.3 14:17 12.3 06:05 1.8 1.6 0.0 5.5 32.2 00:29 NNE 16 19.2 23.8 15:36 13.8 05:22 1.2 2.1 0.0 3.7 22.5 13:19 SE 17 17.3 19.1 11:33 14.8 02:09 1.1 0.1 3.4 3.6 17.7 04:32 E 18 23.9 29.5 15:21 17.9 03:20 0.0 5.6 0.2 4.4 22.5 15:39 SW 19 25.6 30.6 14:34 21.2 05:11 0.0 7.1 0.3 7.7 41.8 16:56 SW 20 23.4 28.9 14:50 15.9 06:01 0.2 5.2 0.0 7.3 33.8 15:01 SW 21 22.7 26.4 15:42 18.7 23:59 0.0 4.4 0.5 7.5 38.6 13:41 NW 22 20.7 26.7 15:32 14.8 05:53 0.6 3.0 0.0 7.8 35.4 13:29 NW 23 21.1 27.8 15:49 12.3 05:38 1.0 3.9 0.0 4.1 25.7 10:00 NW 24 22.8 29.0 15:23 14.7 05:51 0.6 5.0 0.0 6.3 30.6 13:13 SW 25 22.6 28.9 14:16 19.7 04:48 0.0 4.2 8.9 3.3 20.9 11:16 SSW 26 24.3 30.8 12:20 17.8 06:05 0.0 6.0 0.0 2.9 20.9 13:13 SW 27 25.9 31.9 11:58 18.3 06:00 0.0 7.2 0.0 4.4 24.1 14:41 SW 28 26.7 32.5 15:15 19.2 06:06 0.0 8.4 0.0 3.3 19.3 13:19 SW 29 26.2 32.6 14:50 20.1 06:18 0.0 7.9 0.0 2.8 20.9 15:01 S 30 27.0 31.8 13:09 22.9 06:41 0.0 8.6 0.0 8.0 38.6 18:43 W 31 24.7 28.4 14:30 21.7 07:52 0.0 4.1 1.7 4.5 40.2 17:32 SSW ---------------------------------------------------------------------------------- 22.1 32.6 29 12.2 04 17.1 131.9 26.6 4.7 41.8 19 WSW Max >= 27.0: 19 Max <= 0.0: 0 Min <= 0.0: 0 Min <= -18.0: 0 Max Rain: 8.9 on day 25 Days of Rain: 9 (>= 0.2 mm) 4 (>= 2.0 mm) 0 (>= 20.0 mm) Heat Base: 18.3 Cool Base: 18.3 Method: Integration