North Facing Camera Click On Play Button To View Live Image |
Sky Facing Camera Click On Image To View Full Screen In New Window |
NOAA-Style Climate Reports
Select a Year or Month report
2024: Jan Feb Mar Apr May Jun Jul Aug Sep Oct Nov Dec
2023: Jan Feb Mar Apr May Jun Jul Aug Sep Oct Nov Dec
2022: Jan Feb Mar Apr May Jun Jul Aug Sep Oct Nov Dec
2021: Jan Feb Mar Apr May Jun Jul Aug Sep Oct Nov Dec
2020: Jan Feb Mar Apr May Jun Jul Aug Sep Oct Nov Dec
2019: Jan Feb Mar Apr May Jun Jul Aug Sep Oct Nov Dec
2018: Jan Feb Mar Apr May Jun Jul Aug Sep Oct Nov Dec
2017: Jan Feb Mar Apr May Jun Jul Aug Sep Oct Nov Dec
2016: Jan Feb Mar Apr May Jun Jul Aug Sep Oct Nov Dec
2015: Jan Feb Mar Apr May Jun Jul Aug Sep Oct Nov Dec
2014: Jan Feb Mar Apr May Jun Jul Aug Sep Oct Nov Dec
2013: Jan Feb Mar Apr May Jun Jul Aug Sep Oct Nov Dec
2024: Jan Feb Mar Apr May Jun Jul Aug Sep Oct Nov Dec
2023: Jan Feb Mar Apr May Jun Jul Aug Sep Oct Nov Dec
2022: Jan Feb Mar Apr May Jun Jul Aug Sep Oct Nov Dec
2021: Jan Feb Mar Apr May Jun Jul Aug Sep Oct Nov Dec
2020: Jan Feb Mar Apr May Jun Jul Aug Sep Oct Nov Dec
2019: Jan Feb Mar Apr May Jun Jul Aug Sep Oct Nov Dec
2018: Jan Feb Mar Apr May Jun Jul Aug Sep Oct Nov Dec
2017: Jan Feb Mar Apr May Jun Jul Aug Sep Oct Nov Dec
2016: Jan Feb Mar Apr May Jun Jul Aug Sep Oct Nov Dec
2015: Jan Feb Mar Apr May Jun Jul Aug Sep Oct Nov Dec
2014: Jan Feb Mar Apr May Jun Jul Aug Sep Oct Nov Dec
2013: Jan Feb Mar Apr May Jun Jul Aug Sep Oct Nov Dec
Report for 2016 January
Monthly Climatological Summary for Jan 2016 Name: DW7240 City: Oshawa State: Ontario, Canada Elevation: 109 m Lat: N 43 53 48 Lon: W 078 52 26 Temperature (°C), Rain (mm), Wind Speed (km/h) Heat Cool Avg Mean Deg Deg Wind Dom Day Temp High Time Low Time Days Days Rain Speed High Time Dir ---------------------------------------------------------------------------------- 01 -1.0 0.3 03:38 -2.8 22:27 19.2 0.0 0.2 12.4 41.8 04:04 W 02 -1.0 1.3 22:39 -4.1 04:38 19.2 0.0 0.0 10.4 35.4 20:10 WSW 03 -2.2 2.6 11:18 -12.6 23:56 20.5 0.0 0.0 11.8 38.6 13:50 WNW 04 -13.4 -11.3 14:09 -15.2 08:22 31.7 0.0 0.0 6.8 30.6 08:59 N 05 -8.9 -2.0 19:42 -16.4 04:10 27.2 0.0 0.0 5.8 32.2 12:29 W 06 -1.8 2.8 13:50 -6.8 07:31 20.0 0.0 0.0 5.6 32.2 13:38 NW 07 -1.1 4.0 12:05 -5.9 05:16 19.4 0.0 0.0 1.4 12.9 12:23 SW 08 1.2 3.9 21:14 -1.9 00:09 17.1 0.0 1.4 6.9 30.6 14:14 E 09 5.6 7.4 17:03 2.7 00:25 12.6 0.0 5.4 4.4 24.1 12:04 S 10 3.5 7.2 14:30 -4.5 23:59 14.8 0.0 15.0 14.6 56.3 15:56 WSW 11 -6.7 -4.2 13:31 -9.9 22:22 25.0 0.0 0.0 15.3 54.7 10:32 W 12 -5.1 -0.9 11:26 -8.7 00:00 23.3 0.0 1.8 10.9 46.7 10:00 SW 13 -8.1 -5.3 12:04 -11.2 06:50 26.4 0.0 0.2 9.4 33.8 11:49 W 14 -4.6 -0.7 13:41 -8.3 05:50 22.9 0.0 0.4 6.4 27.4 10:28 W 15 -0.8 1.3 23:55 -3.7 00:00 19.0 0.0 0.2 9.5 30.6 11:53 ENE 16 0.3 3.6 04:24 -4.1 22:58 18.0 0.0 0.2 10.7 49.9 12:45 W 17 -3.4 0.1 12:48 -9.3 22:20 21.7 0.0 0.0 8.9 30.6 17:02 W 18 -10.1 -7.4 11:52 -12.9 23:46 28.3 0.0 0.0 7.9 38.6 14:15 WNW 19 -8.4 -2.8 23:42 -15.4 06:55 26.7 0.0 0.0 10.8 53.1 12:09 WNW 20 -3.9 -2.1 15:05 -5.4 23:55 22.2 0.0 0.0 3.8 17.7 01:40 NW 21 -5.7 -2.7 14:01 -9.4 23:59 24.0 0.0 0.0 4.3 20.9 11:30 N 22 -6.1 -1.4 12:34 -10.4 05:08 24.4 0.0 0.0 3.4 17.7 21:23 NNE 23 -8.1 -4.8 12:58 -11.6 08:19 26.4 0.0 0.0 6.3 25.7 03:15 NNE 24 -4.9 -0.6 22:38 -11.0 05:25 23.3 0.0 0.0 2.8 22.5 14:12 WSW 25 1.0 3.3 15:34 -1.6 03:50 17.3 0.0 0.0 4.8 29.0 10:51 SSE 26 4.0 6.3 12:12 1.5 22:16 14.3 0.0 0.0 11.6 57.9 14:31 WSW 27 -0.2 1.5 00:00 -3.2 08:47 18.5 0.0 0.0 9.1 49.9 22:30 W 28 0.7 2.0 15:44 -0.9 07:04 17.6 0.0 0.0 14.3 56.3 01:40 SW 29 -5.7 1.1 00:00 -9.3 10:01 23.9 0.0 0.0 10.0 41.8 07:41 NW 30 -0.2 4.9 18:50 -8.0 02:02 18.5 0.0 0.0 6.9 37.0 09:28 SSW 31 3.7 9.2 13:58 -1.7 03:52 14.6 0.0 0.0 2.7 38.6 23:57 S ---------------------------------------------------------------------------------- -2.9 9.2 31 -16.4 5 658.0 0.0 24.8 8.0 57.9 26 W Max >= 27.0 0 Max <= 0.0 13 Min <= 0.0 29 Min <= -18.0 0 Max Rain: 15.0 on day 10 Days of Rain: 9 (>= 0.2 mm) 2 (>= 2.0 mm) 0 (>= 20.0 mm) Heat Base: 18.3 Cool Base: 18.3 Method: Integration