North Facing Camera Click On Play Button To View Live Image |
Sky Facing Camera Click On Image To View Full Screen In New Window |
NOAA-Style Climate Reports
Select a Year or Month report
2024: Jan Feb Mar Apr May Jun Jul Aug Sep Oct Nov Dec
2023: Jan Feb Mar Apr May Jun Jul Aug Sep Oct Nov Dec
2022: Jan Feb Mar Apr May Jun Jul Aug Sep Oct Nov Dec
2021: Jan Feb Mar Apr May Jun Jul Aug Sep Oct Nov Dec
2020: Jan Feb Mar Apr May Jun Jul Aug Sep Oct Nov Dec
2019: Jan Feb Mar Apr May Jun Jul Aug Sep Oct Nov Dec
2018: Jan Feb Mar Apr May Jun Jul Aug Sep Oct Nov Dec
2017: Jan Feb Mar Apr May Jun Jul Aug Sep Oct Nov Dec
2016: Jan Feb Mar Apr May Jun Jul Aug Sep Oct Nov Dec
2015: Jan Feb Mar Apr May Jun Jul Aug Sep Oct Nov Dec
2014: Jan Feb Mar Apr May Jun Jul Aug Sep Oct Nov Dec
2013: Jan Feb Mar Apr May Jun Jul Aug Sep Oct Nov Dec
2024: Jan Feb Mar Apr May Jun Jul Aug Sep Oct Nov Dec
2023: Jan Feb Mar Apr May Jun Jul Aug Sep Oct Nov Dec
2022: Jan Feb Mar Apr May Jun Jul Aug Sep Oct Nov Dec
2021: Jan Feb Mar Apr May Jun Jul Aug Sep Oct Nov Dec
2020: Jan Feb Mar Apr May Jun Jul Aug Sep Oct Nov Dec
2019: Jan Feb Mar Apr May Jun Jul Aug Sep Oct Nov Dec
2018: Jan Feb Mar Apr May Jun Jul Aug Sep Oct Nov Dec
2017: Jan Feb Mar Apr May Jun Jul Aug Sep Oct Nov Dec
2016: Jan Feb Mar Apr May Jun Jul Aug Sep Oct Nov Dec
2015: Jan Feb Mar Apr May Jun Jul Aug Sep Oct Nov Dec
2014: Jan Feb Mar Apr May Jun Jul Aug Sep Oct Nov Dec
2013: Jan Feb Mar Apr May Jun Jul Aug Sep Oct Nov Dec
Report for 2016 June
Monthly Climatological Summary for Jun 2016 Name: DW7240 City: Oshawa State: Ontario, Canada Elevation: 109 m Lat: N 43 53 48 Lon: W 078 52 26 Temperature (°C), Rain (mm), Wind Speed (km/h) Heat Cool Avg Mean Deg Deg Wind Dom Day Temp High Time Low Time Days Days Rain Speed High Time Dir ---------------------------------------------------------------------------------- 01 16.7 20.5 16:14 12.1 05:24 1.9 0.4 0.0 4.8 24.1 10:39 E 02 20.9 26.7 17:23 16.4 00:56 0.4 3.1 0.0 3.7 24.1 17:33 SSW 03 21.4 27.6 17:44 13.5 05:54 0.8 3.9 0.0 3.8 20.9 19:31 WSW 04 21.1 26.3 11:17 14.7 06:15 0.5 3.1 0.0 2.8 19.3 13:15 ESE 05 18.7 21.4 14:45 16.6 05:56 0.4 0.8 7.6 8.1 33.8 15:37 SSW 06 18.9 26.3 15:56 14.2 23:13 1.2 1.8 3.8 7.5 41.8 15:23 WSW 07 16.5 20.9 16:40 12.2 23:52 2.1 0.3 0.2 7.5 51.5 17:01 WNW 08 12.1 14.7 11:33 9.6 23:49 6.0 0.0 0.0 9.3 46.7 12:30 WNW 09 13.9 20.1 16:07 0.0 00:00 4.5 0.2 0.0 8.0 51.5 13:43 NW 10 16.1 22.6 16:57 9.1 02:11 3.1 0.9 0.0 4.3 24.1 13:28 SW 11 21.1 31.3 18:05 11.6 05:12 1.9 4.7 4.6 5.3 37.0 16:32 W 12 17.4 23.3 00:00 14.4 06:09 1.3 0.4 0.0 12.2 48.3 17:00 NW 13 15.0 19.7 13:18 10.8 05:17 3.3 0.0 0.0 8.2 37.0 15:21 NNW 14 15.5 21.1 18:10 9.1 05:53 3.2 0.4 0.0 3.5 22.5 15:11 SW 15 18.7 26.4 13:48 10.1 05:31 2.1 2.5 0.0 1.9 22.5 13:04 E 16 22.4 27.6 17:49 18.1 00:14 0.0 4.0 0.0 4.2 33.8 15:21 ENE 17 23.3 29.6 11:20 14.9 03:51 0.4 5.4 0.0 3.4 22.5 11:59 SW 18 24.1 31.6 13:39 16.5 06:01 0.2 5.9 0.0 2.4 19.3 00:43 SW 19 24.0 31.4 17:31 15.9 04:50 0.2 5.8 0.0 4.4 29.0 13:51 SSW 20 23.9 30.6 20:15 18.7 05:00 0.0 5.5 0.2 10.4 48.3 16:16 SW 21 20.7 25.3 12:12 14.4 06:04 0.4 2.8 0.0 6.9 46.7 01:30 WNW 22 19.6 25.4 15:27 15.3 05:52 0.7 2.0 0.6 5.2 40.2 11:36 WNW 23 18.9 24.7 17:08 11.8 05:40 1.6 2.2 0.0 2.8 22.5 07:45 SSW 24 21.0 26.6 16:30 15.4 05:41 0.7 3.3 0.0 2.1 19.3 11:35 ESE 25 22.0 29.3 17:30 15.0 05:14 0.5 4.3 0.0 1.9 16.1 11:23 ESE 26 23.9 30.1 17:48 17.5 04:57 0.1 5.6 2.6 4.3 29.0 16:16 SSW 27 25.3 33.7 16:28 19.8 05:24 0.0 7.0 0.0 5.3 35.4 16:51 WSW 28 20.4 24.2 13:34 16.8 23:47 0.1 2.3 0.0 5.9 27.4 02:08 NNW 29 20.8 27.2 15:24 16.4 05:29 0.5 2.9 0.0 4.8 29.0 16:24 NW 30 21.1 27.3 17:23 12.9 06:16 1.0 3.8 0.0 3.9 29.0 16:28 SSW ---------------------------------------------------------------------------------- 19.8 33.7 27 0.0 9 39.1 85.3 19.6 5.2 51.5 7 W Max >= 27.0 12 Max <= 0.0 0 Min <= 0.0 1 Min <= -18.0 0 Max Rain: 7.6 on day 5 Days of Rain: 7 (>= 0.2 mm) 4 (>= 2.0 mm) 0 (>= 20.0 mm) Heat Base: 18.3 Cool Base: 18.3 Method: Integration