North Facing Camera Click On Play Button To View Live Image |
Sky Facing Camera Click On Image To View Full Screen In New Window |
NOAA-Style Climate Reports
Select a Year or Month report
2024: Jan Feb Mar Apr May Jun Jul Aug Sep Oct Nov Dec
2023: Jan Feb Mar Apr May Jun Jul Aug Sep Oct Nov Dec
2022: Jan Feb Mar Apr May Jun Jul Aug Sep Oct Nov Dec
2021: Jan Feb Mar Apr May Jun Jul Aug Sep Oct Nov Dec
2020: Jan Feb Mar Apr May Jun Jul Aug Sep Oct Nov Dec
2019: Jan Feb Mar Apr May Jun Jul Aug Sep Oct Nov Dec
2018: Jan Feb Mar Apr May Jun Jul Aug Sep Oct Nov Dec
2017: Jan Feb Mar Apr May Jun Jul Aug Sep Oct Nov Dec
2016: Jan Feb Mar Apr May Jun Jul Aug Sep Oct Nov Dec
2015: Jan Feb Mar Apr May Jun Jul Aug Sep Oct Nov Dec
2014: Jan Feb Mar Apr May Jun Jul Aug Sep Oct Nov Dec
2013: Jan Feb Mar Apr May Jun Jul Aug Sep Oct Nov Dec
2024: Jan Feb Mar Apr May Jun Jul Aug Sep Oct Nov Dec
2023: Jan Feb Mar Apr May Jun Jul Aug Sep Oct Nov Dec
2022: Jan Feb Mar Apr May Jun Jul Aug Sep Oct Nov Dec
2021: Jan Feb Mar Apr May Jun Jul Aug Sep Oct Nov Dec
2020: Jan Feb Mar Apr May Jun Jul Aug Sep Oct Nov Dec
2019: Jan Feb Mar Apr May Jun Jul Aug Sep Oct Nov Dec
2018: Jan Feb Mar Apr May Jun Jul Aug Sep Oct Nov Dec
2017: Jan Feb Mar Apr May Jun Jul Aug Sep Oct Nov Dec
2016: Jan Feb Mar Apr May Jun Jul Aug Sep Oct Nov Dec
2015: Jan Feb Mar Apr May Jun Jul Aug Sep Oct Nov Dec
2014: Jan Feb Mar Apr May Jun Jul Aug Sep Oct Nov Dec
2013: Jan Feb Mar Apr May Jun Jul Aug Sep Oct Nov Dec
Report for 2016 September
Monthly Climatological Summary for Sep 2016 Name: DW7240 City: Oshawa State: Ontario, Canada Elevation: 109 m Lat: N 43 53 48 Lon: W 078 52 26 Temperature (°C), Rain (mm), Wind Speed (km/h) Heat Cool Avg Mean Deg Deg Wind Dom Day Temp High Time Low Time Days Days Rain Speed High Time Dir ---------------------------------------------------------------------------------- 01 18.6 22.9 12:30 13.9 06:46 1.0 1.3 0.0 4.6 32.2 12:20 N 02 18.5 24.4 15:31 13.5 06:43 1.5 1.8 0.0 4.3 24.1 04:35 N 03 18.8 24.6 11:51 14.1 06:57 1.4 1.9 0.0 3.1 22.5 14:52 E 04 19.0 25.2 13:26 12.2 06:57 1.8 2.5 0.0 1.7 19.3 14:27 SE 05 21.3 28.4 16:36 14.3 06:42 1.2 4.2 0.0 1.4 17.7 13:42 S 06 23.6 29.8 16:26 17.8 05:58 0.0 5.4 0.0 1.7 16.1 13:37 SSE 07 26.1 32.2 15:08 22.1 03:54 0.0 7.8 14.4 2.4 24.1 15:50 S 08 25.7 31.0 13:28 22.5 04:07 0.0 7.4 0.4 4.6 30.6 12:24 W 09 23.8 29.4 13:35 19.2 06:44 0.0 5.4 0.0 2.6 22.5 09:20 WSW 10 22.8 29.2 15:24 18.2 04:05 0.0 4.5 3.6 6.2 45.1 16:16 SSW 11 18.9 23.4 15:25 13.3 23:58 0.7 1.3 0.2 7.5 37.0 05:16 NW 12 17.4 23.8 15:34 10.2 05:04 2.6 1.7 0.0 2.6 25.7 12:23 SSW 13 20.9 27.3 15:32 13.6 06:37 1.3 3.9 0.0 5.2 33.8 18:48 SW 14 19.2 22.5 00:00 14.2 23:52 0.6 1.5 0.2 5.7 29.0 04:25 NNW 15 14.6 19.8 14:24 9.8 07:08 3.8 0.1 0.0 3.2 22.5 14:48 E 16 17.7 22.9 13:09 11.7 00:00 2.1 1.5 0.0 3.8 24.1 10:26 E 17 20.2 22.2 12:30 18.0 05:22 0.0 1.9 5.4 3.3 29.0 13:16 SSW 18 20.9 25.4 16:39 17.2 07:40 0.1 2.7 0.2 2.6 22.5 15:50 SW 19 20.9 26.4 13:29 15.4 07:11 0.5 3.1 0.0 2.6 22.5 14:17 SSW 20 21.4 28.3 12:55 16.3 22:46 0.4 3.5 0.0 3.1 30.6 18:07 WNW 21 20.2 26.8 16:11 12.8 05:45 1.2 3.1 0.0 4.3 30.6 12:37 SW 22 20.9 27.0 14:44 15.1 06:13 0.7 3.3 0.6 1.3 20.9 14:25 SSW 23 17.1 21.2 01:13 11.9 23:51 2.0 0.7 0.6 3.3 30.6 10:17 ENE 24 13.5 19.6 16:39 7.9 07:17 4.7 0.1 0.0 3.2 22.5 15:39 NNE 25 12.6 17.1 14:29 6.9 06:46 5.7 0.0 0.0 3.1 24.1 12:52 E 26 15.4 17.7 18:37 11.6 23:30 2.9 0.0 6.2 2.8 29.0 05:17 SE 27 15.6 21.3 16:16 7.8 05:14 3.4 0.7 0.0 5.2 45.1 13:11 SSW 28 18.1 22.4 16:17 13.3 07:10 1.2 1.0 0.0 5.1 33.8 22:28 ENE 29 15.5 17.2 00:00 13.2 10:10 2.8 0.0 1.2 11.9 41.8 16:53 ENE 30 16.3 18.4 15:00 14.9 07:59 2.0 0.0 0.0 11.1 37.0 13:22 ENE ---------------------------------------------------------------------------------- 19.2 32.2 7 6.9 25 45.6 72.3 33.0 4.1 45.1 10 ESE Max >= 27.0 9 Max <= 0.0 0 Min <= 0.0 0 Min <= -18.0 0 Max Rain: 14.4 on day 7 Days of Rain: 11 (>= 0.2 mm) 4 (>= 2.0 mm) 0 (>= 20.0 mm) Heat Base: 18.3 Cool Base: 18.3 Method: Integration