North Facing Camera Click On Play Button To View Live Image |
Sky Facing Camera Click On Image To View Full Screen In New Window |
NOAA-Style Climate Reports
Select a Year or Month report
2024: Jan Feb Mar Apr May Jun Jul Aug Sep Oct Nov Dec
2023: Jan Feb Mar Apr May Jun Jul Aug Sep Oct Nov Dec
2022: Jan Feb Mar Apr May Jun Jul Aug Sep Oct Nov Dec
2021: Jan Feb Mar Apr May Jun Jul Aug Sep Oct Nov Dec
2020: Jan Feb Mar Apr May Jun Jul Aug Sep Oct Nov Dec
2019: Jan Feb Mar Apr May Jun Jul Aug Sep Oct Nov Dec
2018: Jan Feb Mar Apr May Jun Jul Aug Sep Oct Nov Dec
2017: Jan Feb Mar Apr May Jun Jul Aug Sep Oct Nov Dec
2016: Jan Feb Mar Apr May Jun Jul Aug Sep Oct Nov Dec
2015: Jan Feb Mar Apr May Jun Jul Aug Sep Oct Nov Dec
2014: Jan Feb Mar Apr May Jun Jul Aug Sep Oct Nov Dec
2013: Jan Feb Mar Apr May Jun Jul Aug Sep Oct Nov Dec
2024: Jan Feb Mar Apr May Jun Jul Aug Sep Oct Nov Dec
2023: Jan Feb Mar Apr May Jun Jul Aug Sep Oct Nov Dec
2022: Jan Feb Mar Apr May Jun Jul Aug Sep Oct Nov Dec
2021: Jan Feb Mar Apr May Jun Jul Aug Sep Oct Nov Dec
2020: Jan Feb Mar Apr May Jun Jul Aug Sep Oct Nov Dec
2019: Jan Feb Mar Apr May Jun Jul Aug Sep Oct Nov Dec
2018: Jan Feb Mar Apr May Jun Jul Aug Sep Oct Nov Dec
2017: Jan Feb Mar Apr May Jun Jul Aug Sep Oct Nov Dec
2016: Jan Feb Mar Apr May Jun Jul Aug Sep Oct Nov Dec
2015: Jan Feb Mar Apr May Jun Jul Aug Sep Oct Nov Dec
2014: Jan Feb Mar Apr May Jun Jul Aug Sep Oct Nov Dec
2013: Jan Feb Mar Apr May Jun Jul Aug Sep Oct Nov Dec
Report for 2016 October
Monthly Climatological Summary for Oct 2016 Name: DW7240 City: Oshawa State: Ontario, Canada Elevation: 109 m Lat: N 43 53 48 Lon: W 078 52 26 Temperature (°C), Rain (mm), Wind Speed (km/h) Heat Cool Avg Mean Deg Deg Wind Dom Day Temp High Time Low Time Days Days Rain Speed High Time Dir ---------------------------------------------------------------------------------- 01 15.1 15.8 12:24 14.6 09:48 3.2 0.0 0.8 7.0 30.6 20:45 E 02 17.0 20.5 11:18 14.8 00:00 1.6 0.3 1.4 1.9 17.7 00:08 SSE 03 16.6 20.7 11:53 12.9 04:09 1.9 0.2 0.0 1.6 20.9 23:15 SE 04 16.6 21.0 13:18 13.5 07:23 2.0 0.3 0.0 3.8 24.1 13:50 E 05 16.4 19.8 15:41 12.4 07:18 2.2 0.2 0.2 2.4 24.1 13:50 ESE 06 18.0 22.6 15:06 13.0 01:40 1.2 0.9 0.0 1.8 17.7 15:12 S 07 18.0 22.6 14:39 14.9 07:16 1.2 0.9 0.0 2.5 22.5 16:28 SE 08 15.6 19.8 14:47 8.8 23:52 2.6 0.1 3.4 6.3 33.8 15:20 WNW 09 9.4 13.2 14:41 5.2 23:54 8.9 0.0 0.0 4.4 33.8 13:08 NNW 10 7.0 13.1 16:18 1.4 07:36 11.3 0.0 0.0 2.5 19.3 14:32 WNW 11 10.7 17.4 12:12 3.8 02:39 7.5 0.0 0.0 1.0 17.7 10:38 SE 12 18.6 19.7 21:20 17.7 20:03 0.0 0.1 0.0 3.3 27.4 23:20 S 13 12.7 19.4 00:00 4.3 23:56 5.7 0.1 0.0 ---- 48.3 04:25 WNW 14 9.1 14.4 14:27 2.1 04:08 9.2 0.0 0.0 ---- 25.7 23:13 SSE 15 13.4 18.2 15:21 7.2 07:33 4.9 0.0 0.0 ---- 27.4 10:18 S 16 18.4 20.7 15:32 14.9 00:00 0.4 0.5 3.0 ---- 25.7 08:45 WSW 17 15.4 17.4 00:00 14.1 22:38 2.9 0.0 0.2 ---- 27.4 17:20 E 18 19.2 23.8 13:17 14.2 00:00 0.8 1.7 2.2 ---- 45.1 12:13 SW 19 15.1 20.1 13:41 11.0 07:05 3.4 0.2 0.2 ---- 24.1 14:04 WSW 20 12.9 14.9 08:11 11.2 21:13 4.9 0.0 4.4 ---- 20.9 12:30 ENE 21 9.0 11.9 01:01 6.0 23:52 9.3 0.0 2.4 ---- 37.0 10:23 N 22 6.1 8.9 14:49 3.7 08:01 12.2 0.0 0.0 ---- 46.7 06:41 NNW 23 8.1 13.6 15:55 2.9 04:56 10.2 0.0 0.0 ---- 29.0 14:43 WNW 24 6.8 8.4 13:22 5.4 19:55 9.6 0.0 0.4 ---- 29.0 14:51 WNW 25 5.8 8.4 15:06 0.0 00:15 9.1 0.0 0.0 ---- 35.4 11:54 NW 26 3.2 6.4 13:23 -0.8 06:25 14.4 0.0 0.0 ---- 25.7 22:50 ENE 27 2.0 4.9 12:38 0.0 09:16 8.6 0.0 3.2 ---- 43.5 12:11 NE 28 4.9 9.6 23:09 -0.2 07:40 12.6 0.0 0.0 ---- 25.7 10:47 W 29 13.7 19.6 14:21 9.2 01:00 4.7 0.1 0.0 ---- 35.4 13:57 WSW 30 8.0 11.8 00:00 2.3 23:47 10.0 0.0 2.0 ---- 27.4 15:57 NNW 31 3.4 8.8 15:55 -0.6 07:54 12.8 0.0 0.0 ---- 19.3 11:41 NNW ---------------------------------------------------------------------------------- 11.8 23.8 18 -0.8 26 189.3 5.6 23.8 3.2 48.3 13 ESE Max >= 27.0 0 Max <= 0.0 0 Min <= 0.0 5 Min <= -18.0 0 Max Rain: 4.4 on day 20 Days of Rain: 13 (>= 0.2 mm) 7 (>= 2.0 mm) 0 (>= 20.0 mm) Heat Base: 18.3 Cool Base: 18.3 Method: Integration