North Facing Camera Click On Play Button To View Live Image |
Sky Facing Camera Click On Image To View Full Screen In New Window |
NOAA-Style Climate Reports
Select a Year or Month report
2024: Jan Feb Mar Apr May Jun Jul Aug Sep Oct Nov Dec
2023: Jan Feb Mar Apr May Jun Jul Aug Sep Oct Nov Dec
2022: Jan Feb Mar Apr May Jun Jul Aug Sep Oct Nov Dec
2021: Jan Feb Mar Apr May Jun Jul Aug Sep Oct Nov Dec
2020: Jan Feb Mar Apr May Jun Jul Aug Sep Oct Nov Dec
2019: Jan Feb Mar Apr May Jun Jul Aug Sep Oct Nov Dec
2018: Jan Feb Mar Apr May Jun Jul Aug Sep Oct Nov Dec
2017: Jan Feb Mar Apr May Jun Jul Aug Sep Oct Nov Dec
2016: Jan Feb Mar Apr May Jun Jul Aug Sep Oct Nov Dec
2015: Jan Feb Mar Apr May Jun Jul Aug Sep Oct Nov Dec
2014: Jan Feb Mar Apr May Jun Jul Aug Sep Oct Nov Dec
2013: Jan Feb Mar Apr May Jun Jul Aug Sep Oct Nov Dec
2024: Jan Feb Mar Apr May Jun Jul Aug Sep Oct Nov Dec
2023: Jan Feb Mar Apr May Jun Jul Aug Sep Oct Nov Dec
2022: Jan Feb Mar Apr May Jun Jul Aug Sep Oct Nov Dec
2021: Jan Feb Mar Apr May Jun Jul Aug Sep Oct Nov Dec
2020: Jan Feb Mar Apr May Jun Jul Aug Sep Oct Nov Dec
2019: Jan Feb Mar Apr May Jun Jul Aug Sep Oct Nov Dec
2018: Jan Feb Mar Apr May Jun Jul Aug Sep Oct Nov Dec
2017: Jan Feb Mar Apr May Jun Jul Aug Sep Oct Nov Dec
2016: Jan Feb Mar Apr May Jun Jul Aug Sep Oct Nov Dec
2015: Jan Feb Mar Apr May Jun Jul Aug Sep Oct Nov Dec
2014: Jan Feb Mar Apr May Jun Jul Aug Sep Oct Nov Dec
2013: Jan Feb Mar Apr May Jun Jul Aug Sep Oct Nov Dec
Report for 2016 December
Monthly Climatological Summary for Dec 2016 Name: DW7240 City: Oshawa State: Ontario, Canada Elevation: 358 ft Lat: N 43 53 48 Lon: W 078 52 26 Temperature (°C), Rain (mm), Wind Speed (km/h) Heat Cool Avg Mean Deg Deg Wind Dom Day Temp High Time Low Time Days Days Rain Speed High Time Dir ---------------------------------------------------------------------------------- 01 6.1 9.7 00:00 4.4 06:53 12.2 0.0 0.4 12.5 51.5 13:53 W 02 2.4 4.7 14:49 1.4 22:14 5.9 0.0 1.0 13.1 33.8 14:56 WNW 03 2.4 4.5 11:52 0.1 06:09 15.8 0.0 0.0 4.8 30.6 15:46 NW 04 -0.4 2.1 13:07 -3.7 07:19 18.7 0.0 0.4 4.6 25.7 22:03 E 05 2.8 6.5 14:31 -0.8 00:00 15.6 0.0 4.0 6.9 32.2 14:25 W 06 2.8 5.1 17:46 -0.3 06:25 15.5 0.0 4.4 7.2 40.2 19:22 E 07 2.7 4.1 03:25 0.2 23:00 15.2 0.0 0.6 8.0 29.0 11:38 WSW 08 -0.2 0.9 13:11 -3.1 23:59 18.4 0.0 0.2 12.2 48.3 13:02 W 09 -4.7 -1.5 13:51 -8.0 23:17 22.9 0.0 0.0 4.8 27.4 14:14 WNW 10 -5.4 -2.6 13:12 -8.3 02:12 23.0 0.0 0.2 1.2 14.5 17:55 WNW 11 -4.4 -0.4 23:11 -9.3 04:55 22.7 0.0 2.8 4.5 30.6 17:28 SSE 12 1.0 3.2 13:02 -0.9 22:01 9.4 0.0 6.2 8.9 45.1 14:39 W 13 -1.2 0.4 11:40 -4.7 23:58 19.2 0.0 0.0 9.8 54.7 11:17 WSW 14 -5.5 -3.6 13:52 -8.7 23:57 10.4 0.0 0.0 11.1 48.3 11:37 WSW 15 -10.0 -8.0 11:43 -12.6 23:55 27.8 0.0 1.8 ---- 59.5 11:48 W 16 -8.6 -4.3 16:29 -13.4 01:02 26.9 0.0 0.8 ---- 30.6 11:40 W 17 -2.0 0.5 23:29 -5.6 02:05 20.3 0.0 6.0 ---- 27.4 00:44 SE 18 -10.7 -9.1 17:21 -11.8 23:55 8.0 0.0 0.0 ---- 22.5 18:32 NW 19 -8.9 -6.0 15:20 -13.0 07:42 27.2 0.0 0.0 ---- 27.4 20:11 W 20 -2.9 1.4 16:47 -9.4 06:15 21.2 0.0 0.0 ---- 54.7 17:07 WSW 21 -1.5 0.6 13:42 -4.9 08:01 19.8 0.0 0.8 ---- 30.6 11:06 WSW 22 1.4 3.6 14:46 -0.7 00:37 16.9 0.0 0.6 ---- 22.5 10:50 W 23 1.4 3.5 12:41 -1.7 07:38 16.2 0.0 0.0 ---- 40.2 13:34 WSW 24 2.7 4.3 13:46 1.2 00:43 15.6 0.0 3.2 ---- 22.5 11:28 W 25 -0.5 3.1 04:30 -6.7 23:33 18.6 0.0 0.0 ---- 29.0 21:14 ENE 26 1.4 8.5 21:34 -6.7 00:00 16.9 0.0 12.2 ---- 38.6 02:36 E 27 1.4 6.5 01:28 -1.4 23:53 16.7 0.0 0.0 ---- 51.5 01:54 W 28 -1.2 0.9 23:55 -3.1 05:46 19.5 0.0 0.0 ---- 30.6 11:02 W 29 1.1 2.2 13:12 -0.6 23:57 17.2 0.0 6.2 ---- 29.0 04:13 SW 30 -2.3 -0.6 00:00 -3.8 17:55 20.5 0.0 0.0 ---- 37.0 06:28 WNW 31 1.0 4.1 15:54 -2.3 00:12 17.2 0.0 2.4 ---- 49.9 12:10 SW ---------------------------------------------------------------------------------- -1.3 9.7 1 -13.4 16 551.4 0.0 54.2 7.7 59.5 15 W Max >= 27.0 0 Max <= 0.0 9 Min <= 0.0 26 Min <= -18.0 0 Max Rain: 12.2 on day 26 Days of Rain: 19 (>= 0.2 mm) 9 (>= 2.0 mm) 0 (>= 20.0 mm) Heat Base: 18.3 Cool Base: 18.3 Method: Integration