North Facing Camera Click On Play Button To View Live Image |
Sky Facing Camera Click On Image To View Full Screen In New Window |
NOAA-Style Climate Reports
Select a Year or Month report
2024: Jan Feb Mar Apr May Jun Jul Aug Sep Oct Nov Dec
2023: Jan Feb Mar Apr May Jun Jul Aug Sep Oct Nov Dec
2022: Jan Feb Mar Apr May Jun Jul Aug Sep Oct Nov Dec
2021: Jan Feb Mar Apr May Jun Jul Aug Sep Oct Nov Dec
2020: Jan Feb Mar Apr May Jun Jul Aug Sep Oct Nov Dec
2019: Jan Feb Mar Apr May Jun Jul Aug Sep Oct Nov Dec
2018: Jan Feb Mar Apr May Jun Jul Aug Sep Oct Nov Dec
2017: Jan Feb Mar Apr May Jun Jul Aug Sep Oct Nov Dec
2016: Jan Feb Mar Apr May Jun Jul Aug Sep Oct Nov Dec
2015: Jan Feb Mar Apr May Jun Jul Aug Sep Oct Nov Dec
2014: Jan Feb Mar Apr May Jun Jul Aug Sep Oct Nov Dec
2013: Jan Feb Mar Apr May Jun Jul Aug Sep Oct Nov Dec
2024: Jan Feb Mar Apr May Jun Jul Aug Sep Oct Nov Dec
2023: Jan Feb Mar Apr May Jun Jul Aug Sep Oct Nov Dec
2022: Jan Feb Mar Apr May Jun Jul Aug Sep Oct Nov Dec
2021: Jan Feb Mar Apr May Jun Jul Aug Sep Oct Nov Dec
2020: Jan Feb Mar Apr May Jun Jul Aug Sep Oct Nov Dec
2019: Jan Feb Mar Apr May Jun Jul Aug Sep Oct Nov Dec
2018: Jan Feb Mar Apr May Jun Jul Aug Sep Oct Nov Dec
2017: Jan Feb Mar Apr May Jun Jul Aug Sep Oct Nov Dec
2016: Jan Feb Mar Apr May Jun Jul Aug Sep Oct Nov Dec
2015: Jan Feb Mar Apr May Jun Jul Aug Sep Oct Nov Dec
2014: Jan Feb Mar Apr May Jun Jul Aug Sep Oct Nov Dec
2013: Jan Feb Mar Apr May Jun Jul Aug Sep Oct Nov Dec
Report for 2017 May
Monthly Climatological Summary for May 2017 Name: DW7240 City: Oshawa State: Ontario, Canada Elevation: 358 ft Lat: N 43 53 48 Lon: W 078 52 26 Temperature (°C), Rain (mm), Wind Speed (km/h) Heat Cool Avg Mean Deg Deg Wind Dom Day Temp High Time Low Time Days Days Rain Speed High Time Dir ---------------------------------------------------------------------------------- 01 10.1 15.9 15:37 5.4 00:25 8.2 0.0 18.8 3.1 45.1 04:04 ESE 02 9.0 10.9 00:00 7.2 16:17 9.3 0.0 2.0 9.1 40.2 20:47 WSW 03 9.2 15.2 16:13 4.1 05:26 9.1 0.0 0.2 7.4 37.0 13:58 NW 04 7.4 11.7 12:53 4.4 01:38 10.9 0.0 9.0 4.0 30.6 23:00 E 05 8.6 9.9 15:08 7.1 00:00 9.7 0.0 15.4 7.0 30.6 09:47 ENE 06 7.6 9.8 14:21 5.4 23:05 10.7 0.0 7.4 8.7 41.8 23:38 N 07 6.5 9.8 15:51 3.8 06:25 11.8 0.0 0.0 8.9 41.8 20:27 NW 08 7.0 12.1 13:43 1.2 06:16 11.3 0.0 0.0 6.1 46.7 15:04 NW 09 6.6 10.0 14:29 4.1 06:22 11.7 0.0 0.0 1.5 20.9 00:11 SSE 10 7.3 11.1 14:24 3.1 06:06 11.0 0.0 0.0 2.6 22.5 15:09 SE 11 10.5 14.4 18:11 6.5 00:42 7.8 0.0 0.0 2.8 25.7 10:25 E 12 11.5 16.0 16:11 5.8 06:09 6.8 0.0 0.0 1.3 17.7 12:23 SE 13 11.4 16.0 13:00 8.9 04:28 6.8 0.0 0.2 1.1 19.3 17:30 SE 14 11.7 17.4 13:34 6.5 05:40 6.6 0.0 0.2 5.5 46.7 16:24 NW 15 14.2 20.4 16:03 8.3 04:31 4.3 0.3 0.0 4.7 30.6 00:56 NNW 16 13.7 17.7 15:55 8.3 05:57 4.6 0.0 0.0 1.6 20.9 13:38 SSW 17 19.2 26.1 17:53 10.8 05:57 1.9 2.8 0.0 5.0 45.1 14:40 W 18 21.2 26.7 13:41 17.4 01:29 0.1 3.0 10.0 6.3 62.8 18:59 WNW 19 13.9 17.9 00:00 9.8 07:34 4.4 0.0 0.0 3.5 35.4 07:52 NNW 20 12.3 16.3 15:38 7.2 06:04 5.9 0.0 0.0 4.6 30.6 07:59 ENE 21 13.1 15.0 00:43 11.7 23:58 5.2 0.0 9.8 5.1 33.8 09:11 NE 22 13.2 17.7 14:43 10.0 23:47 5.1 0.0 0.8 2.4 30.6 14:18 W 23 14.5 21.5 13:44 7.2 04:18 4.2 0.4 0.0 0.9 20.9 13:52 SW 24 19.7 20.5 00:00 0.0 00:00 0.0 0.0 0.0 3.7 35.4 00:00 E 25 13.4 20.5 00:00 12.0 12:59 4.8 0.0 23.8 7.9 43.5 12:34 ENE 26 14.9 19.0 13:16 13.1 05:15 2.1 0.0 3.2 0.9 20.9 14:13 NNW 27 15.2 17.6 14:48 12.6 05:18 2.9 0.0 0.8 0.3 16.1 12:26 SE 28 17.4 20.9 13:30 12.2 05:30 1.9 1.0 0.0 1.7 25.7 14:30 NNE 29 18.0 23.5 17:53 14.7 06:47 1.4 1.1 13.4 3.3 37.0 19:37 SW 30 16.5 23.9 14:42 12.1 05:41 2.4 0.6 5.2 2.1 43.5 15:04 WSW 31 16.1 22.4 18:19 10.4 05:42 2.8 0.6 3.4 3.0 35.4 13:38 WSW ---------------------------------------------------------------------------------- 12.6 26.7 18 0.0 24 185.7 9.8 117.4 4.2 62.8 18 NNW Max >= 27.0 0 Max <= 0.0 0 Min <= 0.0 1 Min <= -18.0 0 Max Rain: 23.8 on day 25 Days of Rain: 17 (>= 0.2 mm) 11 (>= 2.0 mm) 1 (>= 20.0 mm) Heat Base: 18.3 Cool Base: 18.3 Method: Integration