North Facing Camera Click On Play Button To View Live Image |
Sky Facing Camera Click On Image To View Full Screen In New Window |
NOAA-Style Climate Reports
Select a Year or Month report
2024: Jan Feb Mar Apr May Jun Jul Aug Sep Oct Nov Dec
2023: Jan Feb Mar Apr May Jun Jul Aug Sep Oct Nov Dec
2022: Jan Feb Mar Apr May Jun Jul Aug Sep Oct Nov Dec
2021: Jan Feb Mar Apr May Jun Jul Aug Sep Oct Nov Dec
2020: Jan Feb Mar Apr May Jun Jul Aug Sep Oct Nov Dec
2019: Jan Feb Mar Apr May Jun Jul Aug Sep Oct Nov Dec
2018: Jan Feb Mar Apr May Jun Jul Aug Sep Oct Nov Dec
2017: Jan Feb Mar Apr May Jun Jul Aug Sep Oct Nov Dec
2016: Jan Feb Mar Apr May Jun Jul Aug Sep Oct Nov Dec
2015: Jan Feb Mar Apr May Jun Jul Aug Sep Oct Nov Dec
2014: Jan Feb Mar Apr May Jun Jul Aug Sep Oct Nov Dec
2013: Jan Feb Mar Apr May Jun Jul Aug Sep Oct Nov Dec
2024: Jan Feb Mar Apr May Jun Jul Aug Sep Oct Nov Dec
2023: Jan Feb Mar Apr May Jun Jul Aug Sep Oct Nov Dec
2022: Jan Feb Mar Apr May Jun Jul Aug Sep Oct Nov Dec
2021: Jan Feb Mar Apr May Jun Jul Aug Sep Oct Nov Dec
2020: Jan Feb Mar Apr May Jun Jul Aug Sep Oct Nov Dec
2019: Jan Feb Mar Apr May Jun Jul Aug Sep Oct Nov Dec
2018: Jan Feb Mar Apr May Jun Jul Aug Sep Oct Nov Dec
2017: Jan Feb Mar Apr May Jun Jul Aug Sep Oct Nov Dec
2016: Jan Feb Mar Apr May Jun Jul Aug Sep Oct Nov Dec
2015: Jan Feb Mar Apr May Jun Jul Aug Sep Oct Nov Dec
2014: Jan Feb Mar Apr May Jun Jul Aug Sep Oct Nov Dec
2013: Jan Feb Mar Apr May Jun Jul Aug Sep Oct Nov Dec
Report for 2017 September
Monthly Climatological Summary for Sep 2017 Name: DW7240 City: Oshawa State: Ontario, Canada Elevation: 358 ft Lat: N 43 53 48 Lon: W 078 52 26 Temperature (°C), Rain (mm), Wind Speed (km/h) Heat Cool Avg Mean Deg Deg Wind Dom Day Temp High Time Low Time Days Days Rain Speed High Time Dir ---------------------------------------------------------------------------------- 01 13.1 19.4 15:57 6.6 06:35 5.2 0.1 0.0 1.4 22.5 13:04 N 02 18.3 19.4 12:38 17.7 18:35 0.1 0.1 0.0 0.7 37.0 14:05 ENE 03 17.4 21.8 15:08 14.7 04:41 1.4 0.5 0.4 ---- 27.4 12:22 W 04 19.2 25.2 13:09 12.4 04:39 1.5 2.4 14.0 ---- 46.7 12:03 WSW 05 16.5 21.8 12:50 11.0 00:01 2.2 0.4 5.8 ---- 37.0 14:34 SW 06 16.6 22.1 12:01 10.8 07:00 2.5 0.8 0.0 ---- 19.3 13:38 SSW 07 14.9 20.2 12:18 11.3 07:03 3.5 0.0 2.4 ---- 38.6 13:52 WSW 08 13.8 18.5 14:44 10.4 07:04 4.5 0.0 0.2 ---- 30.6 16:01 NNW 09 13.3 20.7 12:00 7.7 07:00 4.9 0.1 2.6 ---- 20.9 10:00 N 10 13.8 24.8 11:49 8.1 05:18 4.6 0.2 0.0 ---- 17.7 11:34 S 11 15.7 23.2 15:55 8.2 06:40 3.8 1.1 0.0 ---- 14.5 12:39 SW 12 17.2 25.1 12:07 10.0 03:47 2.8 1.8 -2.6 ---- 19.3 14:28 SW 13 18.5 24.7 14:42 11.8 06:42 2.0 2.2 0.0 ---- 17.7 12:24 ESE 14 20.8 26.3 16:02 15.1 06:59 0.8 3.3 0.0 ---- 19.3 16:22 SSW 15 21.2 26.7 12:04 16.6 07:00 0.1 3.0 0.0 ---- 19.3 12:34 SW 16 20.6 27.3 14:53 15.3 06:51 0.7 3.0 0.0 ---- 17.7 12:28 SSW 17 20.2 25.2 13:30 15.1 05:44 0.8 2.7 0.0 ---- 17.7 10:27 SE 18 21.3 25.9 14:29 16.7 07:11 0.2 3.2 0.0 ---- 17.7 11:36 SSE 19 21.9 26.6 13:34 18.7 01:04 0.0 3.6 0.0 ---- 17.7 16:35 ESE 20 21.6 26.3 11:13 17.3 05:58 0.1 3.4 0.0 ---- 17.7 13:11 SSE 21 21.9 26.6 11:04 17.0 06:32 0.1 3.7 0.0 ---- 20.9 12:23 SE 22 21.8 27.4 11:33 16.8 06:09 0.2 3.6 0.0 ---- 19.3 13:02 NW 23 23.6 30.5 16:35 16.5 03:50 0.2 5.5 0.0 ---- 22.5 15:03 SW 24 25.5 32.4 12:14 18.8 07:11 0.0 7.2 0.0 ---- 20.9 14:20 NNW 25 25.5 31.6 13:39 19.3 06:23 0.0 7.2 0.0 ---- 12.9 12:24 N 26 24.8 30.5 16:20 20.4 07:44 0.0 6.3 0.0 ---- 16.1 16:20 S 27 22.1 31.1 13:38 16.6 23:58 0.1 4.0 0.0 ---- 32.2 16:23 NW 28 14.4 17.7 15:25 8.9 23:58 4.0 0.0 0.0 ---- 33.8 16:54 NNW 29 10.1 14.7 16:41 5.6 05:08 8.1 0.0 7.4 ---- 41.8 23:22 NE 30 10.3 15.5 15:21 5.4 07:13 8.0 0.0 0.0 ---- 24.1 00:59 N ---------------------------------------------------------------------------------- 18.5 32.4 24 5.4 5 62.4 69.4 30.2 1.2 46.7 4 NNE Max >= 27.0 7 Max <= 0.0 0 Min <= 0.0 1 Min <= -18.0 0 Max Rain: 14.0 on day 4 Days of Rain: 7 (>= 0.2 mm) 5 (>= 2.0 mm) 0 (>= 20.0 mm) Heat Base: 18.3 Cool Base: 18.3 Method: Integration