North Facing Camera Click On Play Button To View Live Image |
Sky Facing Camera Click On Image To View Full Screen In New Window |
NOAA-Style Climate Reports
Select a Year or Month report
2024: Jan Feb Mar Apr May Jun Jul Aug Sep Oct Nov Dec
2023: Jan Feb Mar Apr May Jun Jul Aug Sep Oct Nov Dec
2022: Jan Feb Mar Apr May Jun Jul Aug Sep Oct Nov Dec
2021: Jan Feb Mar Apr May Jun Jul Aug Sep Oct Nov Dec
2020: Jan Feb Mar Apr May Jun Jul Aug Sep Oct Nov Dec
2019: Jan Feb Mar Apr May Jun Jul Aug Sep Oct Nov Dec
2018: Jan Feb Mar Apr May Jun Jul Aug Sep Oct Nov Dec
2017: Jan Feb Mar Apr May Jun Jul Aug Sep Oct Nov Dec
2016: Jan Feb Mar Apr May Jun Jul Aug Sep Oct Nov Dec
2015: Jan Feb Mar Apr May Jun Jul Aug Sep Oct Nov Dec
2014: Jan Feb Mar Apr May Jun Jul Aug Sep Oct Nov Dec
2013: Jan Feb Mar Apr May Jun Jul Aug Sep Oct Nov Dec
2024: Jan Feb Mar Apr May Jun Jul Aug Sep Oct Nov Dec
2023: Jan Feb Mar Apr May Jun Jul Aug Sep Oct Nov Dec
2022: Jan Feb Mar Apr May Jun Jul Aug Sep Oct Nov Dec
2021: Jan Feb Mar Apr May Jun Jul Aug Sep Oct Nov Dec
2020: Jan Feb Mar Apr May Jun Jul Aug Sep Oct Nov Dec
2019: Jan Feb Mar Apr May Jun Jul Aug Sep Oct Nov Dec
2018: Jan Feb Mar Apr May Jun Jul Aug Sep Oct Nov Dec
2017: Jan Feb Mar Apr May Jun Jul Aug Sep Oct Nov Dec
2016: Jan Feb Mar Apr May Jun Jul Aug Sep Oct Nov Dec
2015: Jan Feb Mar Apr May Jun Jul Aug Sep Oct Nov Dec
2014: Jan Feb Mar Apr May Jun Jul Aug Sep Oct Nov Dec
2013: Jan Feb Mar Apr May Jun Jul Aug Sep Oct Nov Dec
Report for 2018 February
Monthly Climatological Summary for Feb 2018 Name: DW7240 City: Oshawa State: Ontario, Canada Elevation: 358 ft Lat: N 43 53 48 Lon: W 078 52 26 Temperature (°C), Rain (mm), Wind Speed (km/h) Heat Cool Avg Mean Deg Deg Wind Dom Day Temp High Time Low Time Days Days Rain Speed High Time Dir ---------------------------------------------------------------------------------- 01 -0.8 5.3 13:09 -8.7 23:43 19.1 0.0 0.0 7.4 48.3 13:33 WNW 02 -11.8 -8.7 00:00 -16.2 09:43 30.1 0.0 0.0 7.1 43.5 22:54 NW 03 -5.8 -0.9 23:56 -9.4 04:21 23.5 0.0 0.8 10.6 46.7 22:40 WSW 04 -1.1 1.6 15:14 -9.6 23:58 19.1 0.0 4.4 3.9 41.8 23:30 W 05 -9.3 -5.8 13:52 -14.8 06:54 27.5 0.0 0.0 6.8 45.1 01:43 WNW 06 -6.5 -2.4 13:49 -10.2 23:58 24.8 0.0 0.2 3.2 29.0 14:36 W 07 -7.2 -4.7 14:08 -10.5 00:35 25.5 0.0 3.8 2.8 25.7 14:26 N 08 -9.2 -5.1 13:09 -14.8 05:25 27.5 0.0 0.0 3.2 45.1 14:28 W 09 -7.3 -3.9 23:31 -12.5 01:25 25.6 0.0 1.8 0.7 17.7 13:16 ESE 10 -4.5 -3.1 11:38 -5.6 03:53 22.3 0.0 2.4 0.2 16.1 16:06 N 11 -3.8 -1.1 16:44 -5.7 01:35 21.7 0.0 1.8 4.1 29.0 23:13 ENE 12 -5.0 -2.3 02:29 -12.5 23:54 23.3 0.0 0.0 4.5 38.6 14:31 WNW 13 -6.9 -1.4 23:11 -13.5 00:53 25.3 0.0 0.0 0.8 25.7 12:19 ESE 14 1.1 4.0 14:33 -4.5 00:22 17.2 0.0 0.0 3.7 33.8 12:02 SW 15 4.3 7.3 15:10 2.3 00:00 13.9 0.0 0.0 2.0 35.4 10:06 SW 16 -1.0 4.1 00:30 -6.9 23:32 19.0 0.0 0.0 3.8 48.3 16:30 NW 17 -3.5 0.1 11:34 -9.7 06:31 21.9 0.0 0.0 2.7 32.2 11:22 SW 18 0.8 4.9 14:27 -2.5 04:11 17.4 0.0 0.0 3.1 33.8 15:45 WSW 19 2.8 5.7 11:35 -0.3 06:43 15.5 0.0 5.8 1.1 23.7 21:30 NE 20 7.6 10.2 16:44 5.2 02:30 10.5 0.0 8.6 1.0 25.3 03:30 ENE 21 3.5 10.6 06:41 -1.5 23:45 14.8 0.0 3.8 0.8 21.9 23:46 NNW 22 -0.7 1.8 14:56 -2.6 04:04 18.9 0.0 0.0 0.5 21.9 02:05 N 23 1.3 4.9 23:57 -2.8 02:38 17.0 0.0 2.6 0.3 22.1 23:14 E 24 2.9 5.1 00:44 1.1 21:49 15.4 0.0 0.0 -0.3 22.1 03:00 SE 25 4.2 9.7 11:19 0.6 04:12 14.1 0.0 3.0 0.4 22.1 10:37 WSW 26 3.6 8.5 15:29 -1.4 23:29 14.7 0.0 0.0 0.2 40.2 05:48 W 27 4.2 11.7 14:58 -3.3 07:18 14.1 0.0 0.0 0.0 6.4 23:15 N 28 6.3 12.2 14:38 1.8 07:15 12.0 0.0 0.0 0.2 32.2 20:31 NNW ---------------------------------------------------------------------------------- -1.5 12.2 28 -16.2 2 551.7 0.0 39.0 2.7 48.3 16 SW Max >= 27.0 0 Max <= 0.0 11 Min <= 0.0 23 Min <= -18.0 0 Max Rain: 8.6 on day 20 Days of Rain: 12 (>= 0.2 mm) 8 (>= 2.0 mm) 0 (>= 20.0 mm) Heat Base: 18.3 Cool Base: 18.3 Method: Integration